{"id":53,"date":"2018-02-13T17:17:54","date_gmt":"2018-02-13T15:17:54","guid":{"rendered":"https:\/\/blogi.eoppimispalvelut.fi\/ohjaustestaus\/?page_id=53"},"modified":"2018-06-14T09:03:24","modified_gmt":"2018-06-14T06:03:24","slug":"testausta-2","status":"publish","type":"page","link":"https:\/\/blogi.eoppimispalvelut.fi\/ohjaustestaus\/","title":{"rendered":"Testausta"},"content":{"rendered":"<p>[et_pb_section bb_built=&#8221;1&#8243; fullwidth=&#8221;on&#8221; specialty=&#8221;off&#8221; next_background_color=&#8221;#000000&#8243;][et_pb_fullwidth_image _builder_version=&#8221;3.0.101&#8243; src=&#8221;https:\/\/blogi.eoppimispalvelut.fi\/ohjaustestaus\/files\/2018\/05\/Etusivu-logoilla-banneri.jpg&#8221; show_in_lightbox=&#8221;off&#8221; url_new_window=&#8221;off&#8221; use_overlay=&#8221;off&#8221; max_width=&#8221;56%&#8221; module_alignment=&#8221;center&#8221; \/][\/et_pb_section][et_pb_section bb_built=&#8221;1&#8243; _builder_version=&#8221;3.0.101&#8243; custom_padding=&#8221;63px|0px|50px|0px&#8221; animation_style=&#8221;fade&#8221; prev_background_color=&#8221;#000000&#8243; next_background_color=&#8221;#000000&#8243;][et_pb_row][et_pb_column type=&#8221;4_4&#8243;][et_pb_text admin_label=&#8221;Ajankohtaista&#8221; _builder_version=&#8221;3.0.101&#8243; background_layout=&#8221;light&#8221; text_font=&#8221;Arial||on||||||&#8221; text_font_size=&#8221;16px&#8221; text_orientation=&#8221;center&#8221;]<\/p>\n<p style=\"text-align: center\"><strong>Aurinkoinen kes\u00e4lomatiedote:<\/strong><\/p>\n<p style=\"text-align: center\">Raito uraohjaus hiljenee hein\u00e4kuun ajaksi, vastaamme yhteydenottoihin hein\u00e4kuussa 16. -18.7. v\u00e4lisen\u00e4 aikana.<\/p>\n<p style=\"text-align: center\">Uusi eUraohjauksen ohjaussarja alkaa elokuussa. Katso tarkemmat tiedot Ajankohtaista-v\u00e4lilehdest\u00e4.<\/p>\n<p>[\/et_pb_text][\/et_pb_column][\/et_pb_row][et_pb_row _builder_version=&#8221;3.0.101&#8243; use_background_color_gradient=&#8221;on&#8221; background_color_gradient_start=&#8221;#ffffff&#8221; background_color_gradient_end=&#8221;#f4f4f4&#8243; background_color_gradient_direction=&#8221;120deg&#8221; background_size=&#8221;initial&#8221; background_position=&#8221;top_left&#8221; background_repeat=&#8221;repeat&#8221;][et_pb_column type=&#8221;1_3&#8243;][et_pb_blurb admin_label=&#8221;eUraohjaus&#8221; title=&#8221;eUraohjaus&#8221; url=&#8221;https:\/\/blogi.eoppimispalvelut.fi\/ohjaustestaus\/euraohjaus\/&#8221; icon_color=&#8221;#a8a8a8&#8243; use_circle=&#8221;on&#8221; circle_color=&#8221;#ffffff&#8221; use_circle_border=&#8221;on&#8221; circle_border_color=&#8221;#e0e0e0&#8243; image=&#8221;https:\/\/blogi.eoppimispalvelut.fi\/ohjaustestaus\/files\/2018\/05\/eUraohjaus-pikkukuvaan-etusivulle.jpg&#8221; _builder_version=&#8221;3.0.101&#8243; header_level=&#8221;h2&#8243; header_font=&#8221;Arial|600|||||||&#8221; header_text_align=&#8221;center&#8221; header_font_size=&#8221;17&#8243; body_font=&#8221;Arial||||||||&#8221; body_text_align=&#8221;left&#8221; body_font_size=&#8221;15&#8243;]<\/p>\n<p>Korkeakoulutettu ty\u00f6nhakija, mietitk\u00f6 mihin hakeutua t\u00f6ihin?<\/p>\n<p>Onko ty\u00f6hakemuksen teko hankalaa ja tuntuuko oman osaamisen esilletuominen vaikealta?<\/p>\n<p>Mietitk\u00f6 alan vaihtoa?<\/p>\n<p>Jos yksikin asia n\u00e4ist\u00e4 mietitytt\u00e4\u00e4, kannattaa olla meihin yhteydess\u00e4!<\/p>\n<p>Lue lis\u00e4\u00e4 <a href=\"https:\/\/blogi.eoppimispalvelut.fi\/ohjaustestaus\/euraohjaus\/\">eUraohjauksesta.<\/a><\/p>\n<p>[\/et_pb_blurb][\/et_pb_column][et_pb_column type=&#8221;1_3&#8243;][et_pb_blurb admin_label=&#8221;LUC-diplomiopinnot&#8221; title=&#8221;LUC-diplomiopinnot&#8221; url=&#8221;https:\/\/blogi.eoppimispalvelut.fi\/ohjaustestaus\/luc-diplomiopinnot\/&#8221; icon_color=&#8221;#a8a8a8&#8243; use_circle=&#8221;on&#8221; circle_color=&#8221;#ffffff&#8221; use_circle_border=&#8221;on&#8221; circle_border_color=&#8221;#e0e0e0&#8243; image=&#8221;https:\/\/blogi.eoppimispalvelut.fi\/ohjaustestaus\/files\/2018\/05\/LUC-opinnot-pikkukuvaan-etusivulle.jpg&#8221; _builder_version=&#8221;3.0.101&#8243; header_level=&#8221;h2&#8243; header_font=&#8221;Arial|600|||||||&#8221; header_text_align=&#8221;center&#8221; header_font_size=&#8221;17&#8243; body_font=&#8221;Arial||||||||&#8221; body_text_align=&#8221;left&#8221; body_font_size=&#8221;15&#8243; background_size=&#8221;initial&#8221; background_position=&#8221;top_left&#8221; background_repeat=&#8221;repeat&#8221; max_width_tablet=&#8221;50px&#8221;]<\/p>\n<p>Hei ty\u00f6nhakija!<\/p>\n<p>RAITO-uraohjauksen aikana sinulla on mahdollista kehitt\u00e4\u00e4 osaamistasi Lapin yliopiston ja Lapin ammattikorkeakoulun avoimilla opinnoilla 15 opintopisteen\u00a0verran ilmaiseksi.<\/p>\n<p>Lue lis\u00e4\u00e4 <a href=\"https:\/\/blogi.eoppimispalvelut.fi\/ohjaustestaus\/luc-diplomiopinnot\/\">LUC-diplomiopinnoista.<\/a><\/p>\n<p>[\/et_pb_blurb][\/et_pb_column][et_pb_column type=&#8221;1_3&#8243;][et_pb_code admin_label=&#8221;FB-sivut&#8221; _builder_version=&#8221;3.0.101&#8243;][custom-facebook-feed][\/et_pb_code][\/et_pb_column][\/et_pb_row][et_pb_row custom_padding=&#8221;27px|0px|0px|0px&#8221; _builder_version=&#8221;3.0.101&#8243; use_background_color_gradient=&#8221;on&#8221; background_color_gradient_start=&#8221;#ffffff&#8221; background_color_gradient_end=&#8221;#f4f4f4&#8243; background_color_gradient_direction=&#8221;120deg&#8221; background_size=&#8221;initial&#8221; background_position=&#8221;top_left&#8221; background_repeat=&#8221;repeat&#8221;][et_pb_column type=&#8221;4_4&#8243;][et_pb_text _builder_version=&#8221;3.0.101&#8243; text_font=&#8221;Arial||||||||&#8221; text_font_size=&#8221;15px&#8221; text_orientation=&#8221;center&#8221;]<\/p>\n<p>Voit tutustua palveluumme:<\/p>\n<p>[\/et_pb_text][et_pb_text _builder_version=&#8221;3.0.101&#8243; max_width=&#8221;60%&#8221; module_alignment=&#8221;center&#8221;]<\/p>\n<p><iframe loading=\"lazy\" width=\"1080\" height=\"608\" src=\"https:\/\/www.youtube.com\/embed\/eCoyoZPp7V8?feature=oembed\" frameborder=\"0\" allow=\"autoplay; encrypted-media\" allowfullscreen><\/iframe><\/p>\n<p>[\/et_pb_text][\/et_pb_column][\/et_pb_row][\/et_pb_section][et_pb_section bb_built=&#8221;1&#8243; _builder_version=&#8221;3.0.101&#8243; background_color_gradient_direction=&#8221;120deg&#8221; custom_padding=&#8221;51px|0px|54px|0px&#8221; prev_background_color=&#8221;#000000&#8243;][et_pb_row custom_padding=&#8221;0px|0px|0px|0px&#8221; _builder_version=&#8221;3.0.101&#8243; background_size=&#8221;initial&#8221; background_position=&#8221;top_left&#8221; background_repeat=&#8221;repeat&#8221;][et_pb_column type=&#8221;4_4&#8243;][et_pb_cta admin_label=&#8221;Ole yhteydess\u00e4&#8221; title=&#8221;P\u00e4ivit\u00e4 osaamisesi!&#8221; button_url=&#8221;https:\/\/www.webropolsurveys.com\/Answer\/SurveyParticipation.aspx?SDID=Fin1111270&amp;SID=ca845a1b-75bd-43a4-99ad-016502d67d92&amp;dy=408614623&#8243; url_new_window=&#8221;on&#8221; button_text=&#8221;Yhteydenottolomake!&#8221; background_layout=&#8221;light&#8221; _builder_version=&#8221;3.0.101&#8243; header_font=&#8221;Arial|600|||||||&#8221; header_text_align=&#8221;left&#8221; header_font_size=&#8221;17&#8243; header_text_color=&#8221;#000000&#8243; body_font=&#8221;Arial|500|||||||&#8221; body_text_align=&#8221;left&#8221; body_font_size=&#8221;15&#8243; body_text_color=&#8221;#000000&#8243; background_image=&#8221;https:\/\/blogi.eoppimispalvelut.fi\/ohjaustestaus\/files\/2018\/04\/tietokone-k\u00e4det.jpg&#8221; parallax=&#8221;on&#8221; text_orientation=&#8221;left&#8221; custom_button=&#8221;on&#8221; button_text_size=&#8221;17&#8243; button_text_color=&#8221;#000000&#8243; button_bg_color=&#8221;#afff30&#8243; button_bg_size=&#8221;contain&#8221; button_border_width=&#8221;1&#8243; button_border_color=&#8221;#000000&#8243; button_border_radius=&#8221;2&#8243; button_font=&#8221;Arial||||||||&#8221; button_use_icon=&#8221;off&#8221; use_background_color=&#8221;on&#8221; button_icon_placement=&#8221;right&#8221;]<\/p>\n<p>Korkeakoulutettu ty\u00f6nhakija hae mukaan maksuttomaan ohjaukseen!<\/p>\n<p>Keskustellaan ja pohditaan yhdess\u00e4, millaisella sis\u00e4ll\u00f6ll\u00e4 ja kestolla l\u00e4hdet\u00e4\u00e4n liikkeelle.<\/p>\n<p>Tuemme sinua urasuunnittelussa, oman osaamisen tunnistamisessa, ty\u00f6nhaussa,<\/p>\n<p>jatko- tai lis\u00e4koulutustarpeen kartoittamisessa sek\u00e4 ty\u00f6kokeilupaikkojen etsinn\u00e4ss\u00e4.<\/p>\n<p>[\/et_pb_cta][\/et_pb_column][\/et_pb_row][\/et_pb_section]<\/p>\n","protected":false},"excerpt":{"rendered":"<p><div class=\"et_pb_row et_pb_row_0 et_pb_row_empty\">\n\t\t\t\t\n\t\t\t\t\n\t\t\t\t\n\t\t\t\t\n\t\t\t\t\n\t\t\t<\/div> Aurinkoinen kes\u00e4lomatiedote: Raito uraohjaus hiljenee hein\u00e4kuun ajaksi, vastaamme yhteydenottoihin hein\u00e4kuussa 16. -18.7. v\u00e4lisen\u00e4 aikana. Uusi eUraohjauksen ohjaussarja alkaa elokuussa. Katso tarkemmat tiedot Ajankohtaista-v\u00e4lilehdest\u00e4. Korkeakoulutettu ty\u00f6nhakija, mietitk\u00f6 mihin hakeutua t\u00f6ihin? Onko ty\u00f6hakemuksen teko hankalaa ja tuntuuko oman osaamisen esilletuominen vaikealta? Mietitk\u00f6 alan vaihtoa? Jos yksikin asia n\u00e4ist\u00e4 mietitytt\u00e4\u00e4, kannattaa olla meihin yhteydess\u00e4! Lue lis\u00e4\u00e4 eUraohjauksesta. [&hellip;]<\/p>\n","protected":false},"author":2866,"featured_media":0,"parent":0,"menu_order":1,"comment_status":"closed","ping_status":"closed","template":"","meta":{"_et_pb_use_builder":"on","_et_pb_old_content":"","_et_gb_content_width":"","footnotes":""},"class_list":["post-53","page","type-page","status-publish","hentry"],"_links":{"self":[{"href":"https:\/\/blogi.eoppimispalvelut.fi\/ohjaustestaus\/wp-json\/wp\/v2\/pages\/53","targetHints":{"allow":["GET"]}}],"collection":[{"href":"https:\/\/blogi.eoppimispalvelut.fi\/ohjaustestaus\/wp-json\/wp\/v2\/pages"}],"about":[{"href":"https:\/\/blogi.eoppimispalvelut.fi\/ohjaustestaus\/wp-json\/wp\/v2\/types\/page"}],"author":[{"embeddable":true,"href":"https:\/\/blogi.eoppimispalvelut.fi\/ohjaustestaus\/wp-json\/wp\/v2\/users\/2866"}],"replies":[{"embeddable":true,"href":"https:\/\/blogi.eoppimispalvelut.fi\/ohjaustestaus\/wp-json\/wp\/v2\/comments?post=53"}],"version-history":[{"count":168,"href":"https:\/\/blogi.eoppimispalvelut.fi\/ohjaustestaus\/wp-json\/wp\/v2\/pages\/53\/revisions"}],"predecessor-version":[{"id":635,"href":"https:\/\/blogi.eoppimispalvelut.fi\/ohjaustestaus\/wp-json\/wp\/v2\/pages\/53\/revisions\/635"}],"wp:attachment":[{"href":"https:\/\/blogi.eoppimispalvelut.fi\/ohjaustestaus\/wp-json\/wp\/v2\/media?parent=53"}],"curies":[{"name":"wp","href":"https:\/\/api.w.org\/{rel}","templated":true}]}}