{"id":49,"date":"2023-05-25T19:33:11","date_gmt":"2023-05-25T16:33:11","guid":{"rendered":"https:\/\/blogi.eoppimispalvelut.fi\/testingminttutesting\/?page_id=49"},"modified":"2023-05-25T19:33:11","modified_gmt":"2023-05-25T16:33:11","slug":"opinnaytetyon-suunnittelu","status":"publish","type":"page","link":"https:\/\/blogi.eoppimispalvelut.fi\/ont-ohjaajan-opas\/suunnitteluvaihe\/opinnaytetyon-suunnittelu\/","title":{"rendered":"Opinn\u00e4ytety\u00f6n suunnittelu"},"content":{"rendered":"\n<p>Opinn\u00e4ytety\u00f6n suunnittelussa on keskeist\u00e4 ohjata opiskelijaa tekem\u00e4\u00e4n opinn\u00e4ytety\u00f6suunnitelma ja aikataulu opinn\u00e4ytety\u00f6lle.<\/p>\n\n\n\n<p>Opinn\u00e4ytety\u00f6n suunnittelussa on hyv\u00e4 ohjata opiskelijaa<\/p>\n\n\n\n<ul class=\"wp-block-list\">\n<li>k\u00e4ynnist\u00e4m\u00e4\u00e4n opinn\u00e4ytety\u00f6n suunnittelu ja hankkimaan ohjausta koulutuksen k\u00e4yt\u00e4nteiden mukaisesti.<\/li>\n\n\n\n<li>perehtym\u00e4\u00e4n <a href=\"https:\/\/www.lapinamk.fi\/fi\/Opiskelijalle\/Oppaat-ja-ohjeet\/Opinnaytetyo\/Opinnaytetyon-suunnitteluvaihe\" target=\"_blank\" rel=\"noreferrer noopener\">opinn\u00e4ytety\u00f6suunnitelman mallirakenteeseen ja sis\u00e4lt\u00f6\u00f6n<\/a> \u00a0ja laatimaan opinn\u00e4ytety\u00f6suunnitelma Lapin AMKin opinn\u00e4ytety\u00f6n raportointiohjeen ulkoasun mukaisesti.<\/li>\n<\/ul>\n\n\n\n<p>Opinn\u00e4ytety\u00f6n ohjaajan teht\u00e4v\u00e4n\u00e4 on ohjata opinn\u00e4ytety\u00f6n suunnittelua ja antaa palautetta opinn\u00e4ytety\u00f6suunnitelmasta koulutuksen k\u00e4yt\u00e4nteiden mukaisesti, mutta opiskelija on itse vastuussa suunnitelman laatimisesta.<\/p>\n","protected":false},"excerpt":{"rendered":"<p>Opinn\u00e4ytety\u00f6n suunnittelussa on keskeist\u00e4 ohjata opiskelijaa tekem\u00e4\u00e4n opinn\u00e4ytety\u00f6suunnitelma ja aikataulu opinn\u00e4ytety\u00f6lle. Opinn\u00e4ytety\u00f6n suunnittelussa on hyv\u00e4 ohjata opiskelijaa Opinn\u00e4ytety\u00f6n ohjaajan teht\u00e4v\u00e4n\u00e4 on ohjata opinn\u00e4ytety\u00f6n suunnittelua ja antaa palautetta opinn\u00e4ytety\u00f6suunnitelmasta koulutuksen k\u00e4yt\u00e4nteiden mukaisesti, mutta opiskelija on itse vastuussa suunnitelman laatimisesta.<\/p>\n","protected":false},"author":36,"featured_media":0,"parent":9,"menu_order":1,"comment_status":"closed","ping_status":"closed","template":"","meta":{"footnotes":""},"class_list":["post-49","page","type-page","status-publish","hentry"],"_links":{"self":[{"href":"https:\/\/blogi.eoppimispalvelut.fi\/ont-ohjaajan-opas\/wp-json\/wp\/v2\/pages\/49","targetHints":{"allow":["GET"]}}],"collection":[{"href":"https:\/\/blogi.eoppimispalvelut.fi\/ont-ohjaajan-opas\/wp-json\/wp\/v2\/pages"}],"about":[{"href":"https:\/\/blogi.eoppimispalvelut.fi\/ont-ohjaajan-opas\/wp-json\/wp\/v2\/types\/page"}],"author":[{"embeddable":true,"href":"https:\/\/blogi.eoppimispalvelut.fi\/ont-ohjaajan-opas\/wp-json\/wp\/v2\/users\/36"}],"replies":[{"embeddable":true,"href":"https:\/\/blogi.eoppimispalvelut.fi\/ont-ohjaajan-opas\/wp-json\/wp\/v2\/comments?post=49"}],"version-history":[{"count":0,"href":"https:\/\/blogi.eoppimispalvelut.fi\/ont-ohjaajan-opas\/wp-json\/wp\/v2\/pages\/49\/revisions"}],"up":[{"embeddable":true,"href":"https:\/\/blogi.eoppimispalvelut.fi\/ont-ohjaajan-opas\/wp-json\/wp\/v2\/pages\/9"}],"wp:attachment":[{"href":"https:\/\/blogi.eoppimispalvelut.fi\/ont-ohjaajan-opas\/wp-json\/wp\/v2\/media?parent=49"}],"curies":[{"name":"wp","href":"https:\/\/api.w.org\/{rel}","templated":true}]}}