{"id":70,"date":"2023-05-25T19:45:23","date_gmt":"2023-05-25T16:45:23","guid":{"rendered":"https:\/\/blogi.eoppimispalvelut.fi\/testingminttutesting\/?page_id=70"},"modified":"2023-05-25T19:45:23","modified_gmt":"2023-05-25T16:45:23","slug":"tietoperustan-rakentaminen","status":"publish","type":"page","link":"https:\/\/blogi.eoppimispalvelut.fi\/ont-ohjaajan-opas\/toteutusvaihe\/tietoperustan-rakentaminen\/","title":{"rendered":"Tietoperustan rakentaminen"},"content":{"rendered":"\n<p>Tietoperustan rakentamisen ohjauksessa on keskeist\u00e4 ohjata opiskelijaa m\u00e4\u00e4rittelem\u00e4\u00e4n ty\u00f6ns\u00e4 keskeiset k\u00e4sitteet ja rakentamaan niiden pohjalta aiheeseen liittyv\u00e4n tietoperustan.<\/p>\n\n\n\n<p>Tietoperustan rakentamisessa on hyv\u00e4 ohjata opiskelijaa<\/p>\n\n\n\n<ul class=\"wp-block-list\">\n<li>perehtym\u00e4\u00e4n aiheeseen liittyv\u00e4\u00e4n tietoon.<\/li>\n\n\n\n<li>hahmottamaan ja m\u00e4\u00e4rittelem\u00e4\u00e4n ty\u00f6n keskeiset k\u00e4sitteet l\u00e4hdemateriaalia hy\u00f6dynt\u00e4en.<\/li>\n\n\n\n<li>j\u00e4sent\u00e4m\u00e4\u00e4n tietoperustaa suhteessa ty\u00f6n tavoitteisiin.<\/li>\n<\/ul>\n\n\n\n<p>Opinn\u00e4ytety\u00f6n ohjaajan teht\u00e4v\u00e4n\u00e4 on ohjata ja antaa palautetta tietoperustan j\u00e4sennyksest\u00e4 sek\u00e4 k\u00e4sitteiden m\u00e4\u00e4rittelyst\u00e4, mutta opiskelija on itse vastuussa aiheeseen liittyvien k\u00e4sitteiden valinnasta, m\u00e4\u00e4rittelyst\u00e4 ja tietoperustan rakentamisesta.<\/p>\n","protected":false},"excerpt":{"rendered":"<p>Tietoperustan rakentamisen ohjauksessa on keskeist\u00e4 ohjata opiskelijaa m\u00e4\u00e4rittelem\u00e4\u00e4n ty\u00f6ns\u00e4 keskeiset k\u00e4sitteet ja rakentamaan niiden pohjalta aiheeseen liittyv\u00e4n tietoperustan. Tietoperustan rakentamisessa on hyv\u00e4 ohjata opiskelijaa Opinn\u00e4ytety\u00f6n ohjaajan teht\u00e4v\u00e4n\u00e4 on ohjata ja antaa palautetta tietoperustan j\u00e4sennyksest\u00e4 sek\u00e4 k\u00e4sitteiden m\u00e4\u00e4rittelyst\u00e4, mutta opiskelija on itse vastuussa aiheeseen liittyvien k\u00e4sitteiden valinnasta, m\u00e4\u00e4rittelyst\u00e4 ja tietoperustan rakentamisesta.<\/p>\n","protected":false},"author":36,"featured_media":0,"parent":11,"menu_order":2,"comment_status":"closed","ping_status":"closed","template":"","meta":{"footnotes":""},"class_list":["post-70","page","type-page","status-publish","hentry"],"_links":{"self":[{"href":"https:\/\/blogi.eoppimispalvelut.fi\/ont-ohjaajan-opas\/wp-json\/wp\/v2\/pages\/70","targetHints":{"allow":["GET"]}}],"collection":[{"href":"https:\/\/blogi.eoppimispalvelut.fi\/ont-ohjaajan-opas\/wp-json\/wp\/v2\/pages"}],"about":[{"href":"https:\/\/blogi.eoppimispalvelut.fi\/ont-ohjaajan-opas\/wp-json\/wp\/v2\/types\/page"}],"author":[{"embeddable":true,"href":"https:\/\/blogi.eoppimispalvelut.fi\/ont-ohjaajan-opas\/wp-json\/wp\/v2\/users\/36"}],"replies":[{"embeddable":true,"href":"https:\/\/blogi.eoppimispalvelut.fi\/ont-ohjaajan-opas\/wp-json\/wp\/v2\/comments?post=70"}],"version-history":[{"count":0,"href":"https:\/\/blogi.eoppimispalvelut.fi\/ont-ohjaajan-opas\/wp-json\/wp\/v2\/pages\/70\/revisions"}],"up":[{"embeddable":true,"href":"https:\/\/blogi.eoppimispalvelut.fi\/ont-ohjaajan-opas\/wp-json\/wp\/v2\/pages\/11"}],"wp:attachment":[{"href":"https:\/\/blogi.eoppimispalvelut.fi\/ont-ohjaajan-opas\/wp-json\/wp\/v2\/media?parent=70"}],"curies":[{"name":"wp","href":"https:\/\/api.w.org\/{rel}","templated":true}]}}