{"id":72,"date":"2023-05-25T19:46:02","date_gmt":"2023-05-25T16:46:02","guid":{"rendered":"https:\/\/blogi.eoppimispalvelut.fi\/testingminttutesting\/?page_id=72"},"modified":"2023-05-25T19:46:02","modified_gmt":"2023-05-25T16:46:02","slug":"menetelmien-valinta-ja-kaytto","status":"publish","type":"page","link":"https:\/\/blogi.eoppimispalvelut.fi\/ont-ohjaajan-opas\/toteutusvaihe\/menetelmien-valinta-ja-kaytto\/","title":{"rendered":"Menetelmien valinta ja k\u00e4ytt\u00f6"},"content":{"rendered":"\n<p>Menetelmien valinnan ja k\u00e4yt\u00f6n ohjauksessa on keskeist\u00e4 ohjata opiskelijaa valitsemaan ja k\u00e4ytt\u00e4m\u00e4\u00e4n aiheeseen ja ty\u00f6h\u00f6n soveltuvia menetelmi\u00e4 ja ty\u00f6v\u00e4lineit\u00e4.<\/p>\n\n\n\n<p>Menetelmien valinnassa ja k\u00e4yt\u00f6ss\u00e4 on hyv\u00e4 ohjata opiskelijaa<\/p>\n\n\n\n<ul class=\"wp-block-list\">\n<li>perehtym\u00e4\u00e4n menetelmiin liittyv\u00e4\u00e4n tietoon l\u00e4hdekirjallisuuden kautta.<\/li>\n\n\n\n<li>valitsemaan, k\u00e4ytt\u00e4m\u00e4\u00e4n ja hy\u00f6dynt\u00e4m\u00e4\u00e4n oman opinn\u00e4ytety\u00f6n tavoitteita tukevia menetelmi\u00e4, ty\u00f6tapoja ja -v\u00e4lineit\u00e4 sek\u00e4 ratkaisumalleja tarkoituksenmukaisesti ja perustellusti.<\/li>\n\n\n\n<li>kuvaamaan valittuja menetelmi\u00e4 ja ty\u00f6tapoja sek\u00e4 niiden k\u00e4ytt\u00f6\u00e4.<\/li>\n<\/ul>\n\n\n\n<p>Opinn\u00e4ytety\u00f6n ohjaajan teht\u00e4v\u00e4n\u00e4 on ohjata ja antaa palautetta menetelmien ja ty\u00f6v\u00e4lineiden valinnasta ja k\u00e4yt\u00f6st\u00e4, mutta opiskelija on itse vastuussa menetelmien valinnasta, kuvaamisesta ja k\u00e4yt\u00f6st\u00e4.<\/p>\n","protected":false},"excerpt":{"rendered":"<p>Menetelmien valinnan ja k\u00e4yt\u00f6n ohjauksessa on keskeist\u00e4 ohjata opiskelijaa valitsemaan ja k\u00e4ytt\u00e4m\u00e4\u00e4n aiheeseen ja ty\u00f6h\u00f6n soveltuvia menetelmi\u00e4 ja ty\u00f6v\u00e4lineit\u00e4. Menetelmien valinnassa ja k\u00e4yt\u00f6ss\u00e4 on hyv\u00e4 ohjata opiskelijaa Opinn\u00e4ytety\u00f6n ohjaajan teht\u00e4v\u00e4n\u00e4 on ohjata ja antaa palautetta menetelmien ja ty\u00f6v\u00e4lineiden valinnasta ja k\u00e4yt\u00f6st\u00e4, mutta opiskelija on itse vastuussa menetelmien valinnasta, kuvaamisesta ja k\u00e4yt\u00f6st\u00e4.<\/p>\n","protected":false},"author":36,"featured_media":0,"parent":11,"menu_order":3,"comment_status":"closed","ping_status":"closed","template":"","meta":{"footnotes":""},"class_list":["post-72","page","type-page","status-publish","hentry"],"_links":{"self":[{"href":"https:\/\/blogi.eoppimispalvelut.fi\/ont-ohjaajan-opas\/wp-json\/wp\/v2\/pages\/72","targetHints":{"allow":["GET"]}}],"collection":[{"href":"https:\/\/blogi.eoppimispalvelut.fi\/ont-ohjaajan-opas\/wp-json\/wp\/v2\/pages"}],"about":[{"href":"https:\/\/blogi.eoppimispalvelut.fi\/ont-ohjaajan-opas\/wp-json\/wp\/v2\/types\/page"}],"author":[{"embeddable":true,"href":"https:\/\/blogi.eoppimispalvelut.fi\/ont-ohjaajan-opas\/wp-json\/wp\/v2\/users\/36"}],"replies":[{"embeddable":true,"href":"https:\/\/blogi.eoppimispalvelut.fi\/ont-ohjaajan-opas\/wp-json\/wp\/v2\/comments?post=72"}],"version-history":[{"count":0,"href":"https:\/\/blogi.eoppimispalvelut.fi\/ont-ohjaajan-opas\/wp-json\/wp\/v2\/pages\/72\/revisions"}],"up":[{"embeddable":true,"href":"https:\/\/blogi.eoppimispalvelut.fi\/ont-ohjaajan-opas\/wp-json\/wp\/v2\/pages\/11"}],"wp:attachment":[{"href":"https:\/\/blogi.eoppimispalvelut.fi\/ont-ohjaajan-opas\/wp-json\/wp\/v2\/media?parent=72"}],"curies":[{"name":"wp","href":"https:\/\/api.w.org\/{rel}","templated":true}]}}