{"id":74,"date":"2023-05-25T19:47:17","date_gmt":"2023-05-25T16:47:17","guid":{"rendered":"https:\/\/blogi.eoppimispalvelut.fi\/testingminttutesting\/?page_id=74"},"modified":"2023-05-25T19:47:17","modified_gmt":"2023-05-25T16:47:17","slug":"kirjoittaminen-ja-raportointi","status":"publish","type":"page","link":"https:\/\/blogi.eoppimispalvelut.fi\/ont-ohjaajan-opas\/toteutusvaihe\/kirjoittaminen-ja-raportointi\/","title":{"rendered":"Kirjallinen raportointi"},"content":{"rendered":"\n<p>Kirjallisen raportoinnin ohjauksessa on keskeist\u00e4 ohjata opiskelijaa opiskelemaan Lapin AMKin l\u00e4hdeviittausk\u00e4yt\u00e4nteet ja raportoimaan opinn\u00e4ytety\u00f6ns\u00e4 Lapin AMKin opinn\u00e4ytety\u00f6n raportointiohjetta noudattaen. Varsinaisesta ohjauksesta vastaa kielenohjaaja.<\/p>\n\n\n\n<p>Kirjallisen raportoinnin osalta on hyv\u00e4 ohjata opiskelijaa<\/p>\n\n\n\n<ul class=\"wp-block-list\">\n<li>perehtym\u00e4\u00e4n asiatyylisen tutkimusraportin tekstilajin edellytt\u00e4m\u00e4\u00e4n kirjoitustyyliin.<\/li>\n\n\n\n<li>noudattamaan Lapin AMKin opinn\u00e4ytety\u00f6n raportointiohjeen ulkoasumallia ja sis\u00e4lt\u00f6\u00f6n liittyvi\u00e4 ohjeistuksia.<\/li>\n\n\n\n<li>osallistumaan kielenohjaajan j\u00e4rjest\u00e4miin kirjallisen raportoinnin yhteisiin ohjauksiin tai hankkimaan kirjallisesta raportoinnista yksil\u00f6llist\u00e4 palautetta koulutuksen k\u00e4yt\u00e4nt\u00f6jen mukaisesti.<\/li>\n\n\n\n<li>kysym\u00e4\u00e4n tarvittaessa neuvoa oman koulutuksen opinn\u00e4ytet\u00f6iden kielenohjaajalta.<\/li>\n\n\n\n<li>k\u00e4ytt\u00e4m\u00e4\u00e4n Avoin plagioinnin tarkastus LUC-opiskelijoille -Moodle-ty\u00f6tilaa kirjoittamisprosessin aikana mahdollisten plagiointihaasteiden selvitt\u00e4miseksi.<\/li>\n<\/ul>\n\n\n\n<p>Opinn\u00e4ytety\u00f6n ohjaajan teht\u00e4v\u00e4n\u00e4 on ohjata opiskelijaa noudattamaan oman koulutuksensa kielenohjausk\u00e4yt\u00e4nt\u00f6j\u00e4 opinn\u00e4ytety\u00f6prosessissa. Kielenohjaaja vastaa kirjallisen raportoinnin ohjauksesta, mutta opiskelija on itse vastuussa kirjallisen raporttinsa viimeistelyst\u00e4 niin kielen, ulkoasun kuin l\u00e4hdeviitetekniikankin osalta.<\/p>\n\n\n\n<p><\/p>\n","protected":false},"excerpt":{"rendered":"<p>Kirjallisen raportoinnin ohjauksessa on keskeist\u00e4 ohjata opiskelijaa opiskelemaan Lapin AMKin l\u00e4hdeviittausk\u00e4yt\u00e4nteet ja raportoimaan opinn\u00e4ytety\u00f6ns\u00e4 Lapin AMKin opinn\u00e4ytety\u00f6n raportointiohjetta noudattaen. Varsinaisesta ohjauksesta vastaa kielenohjaaja. Kirjallisen raportoinnin osalta on hyv\u00e4 ohjata opiskelijaa Opinn\u00e4ytety\u00f6n ohjaajan teht\u00e4v\u00e4n\u00e4 on ohjata opiskelijaa noudattamaan oman koulutuksensa kielenohjausk\u00e4yt\u00e4nt\u00f6j\u00e4 opinn\u00e4ytety\u00f6prosessissa. Kielenohjaaja vastaa kirjallisen raportoinnin ohjauksesta, mutta opiskelija on itse vastuussa kirjallisen raporttinsa viimeistelyst\u00e4 niin [&hellip;]<\/p>\n","protected":false},"author":36,"featured_media":0,"parent":11,"menu_order":4,"comment_status":"closed","ping_status":"closed","template":"","meta":{"footnotes":""},"class_list":["post-74","page","type-page","status-publish","hentry"],"_links":{"self":[{"href":"https:\/\/blogi.eoppimispalvelut.fi\/ont-ohjaajan-opas\/wp-json\/wp\/v2\/pages\/74","targetHints":{"allow":["GET"]}}],"collection":[{"href":"https:\/\/blogi.eoppimispalvelut.fi\/ont-ohjaajan-opas\/wp-json\/wp\/v2\/pages"}],"about":[{"href":"https:\/\/blogi.eoppimispalvelut.fi\/ont-ohjaajan-opas\/wp-json\/wp\/v2\/types\/page"}],"author":[{"embeddable":true,"href":"https:\/\/blogi.eoppimispalvelut.fi\/ont-ohjaajan-opas\/wp-json\/wp\/v2\/users\/36"}],"replies":[{"embeddable":true,"href":"https:\/\/blogi.eoppimispalvelut.fi\/ont-ohjaajan-opas\/wp-json\/wp\/v2\/comments?post=74"}],"version-history":[{"count":0,"href":"https:\/\/blogi.eoppimispalvelut.fi\/ont-ohjaajan-opas\/wp-json\/wp\/v2\/pages\/74\/revisions"}],"up":[{"embeddable":true,"href":"https:\/\/blogi.eoppimispalvelut.fi\/ont-ohjaajan-opas\/wp-json\/wp\/v2\/pages\/11"}],"wp:attachment":[{"href":"https:\/\/blogi.eoppimispalvelut.fi\/ont-ohjaajan-opas\/wp-json\/wp\/v2\/media?parent=74"}],"curies":[{"name":"wp","href":"https:\/\/api.w.org\/{rel}","templated":true}]}}