{"id":80,"date":"2023-05-25T19:48:37","date_gmt":"2023-05-25T16:48:37","guid":{"rendered":"https:\/\/blogi.eoppimispalvelut.fi\/testingminttutesting\/?page_id=80"},"modified":"2023-05-25T19:48:37","modified_gmt":"2023-05-25T16:48:37","slug":"eettisyys-ja-luotettavuus","status":"publish","type":"page","link":"https:\/\/blogi.eoppimispalvelut.fi\/ont-ohjaajan-opas\/toteutusvaihe\/eettisyys-ja-luotettavuus\/","title":{"rendered":"Eettisyys ja luotettavuus"},"content":{"rendered":"\n<p>Eettisyyden ja luotettavuuden ohjauksessa on keskeist\u00e4 ohjata opiskelijaa huomioimaan opinn\u00e4ytety\u00f6n eettisyytt\u00e4 ja luotettavuutta prosessin eri vaiheissa ja kokonaisuutena.<\/p>\n\n\n\n<p>Eettisyydess\u00e4 ja luotettavuudessa on hyv\u00e4 ohjata opiskelijaa<\/p>\n\n\n\n<ul class=\"wp-block-list\">\n<li>ty\u00f6skentelem\u00e4\u00e4n j\u00e4rjestelm\u00e4llisesti ja johdonmukaisesti<\/li>\n\n\n\n<li>pohtimaan valintojaan ja ratkaisujaan sek\u00e4 perustelemaan ne<\/li>\n\n\n\n<li>raportoimaan opinn\u00e4ytety\u00f6ss\u00e4\u00e4n suunnitelma luotettavuusn\u00e4k\u00f6kulmien varmistamisesta sek\u00e4 ty\u00f6n valmistuttua my\u00f6s analyysi luotettavuuden onnistumisesta<\/li>\n\n\n\n<li>kiinnitt\u00e4m\u00e4\u00e4n huomiota l\u00e4hteiden k\u00e4ytt\u00f6\u00f6n ja laatuun<\/li>\n\n\n\n<li>kertomaan, miten on noudattanut eettisi\u00e4 periaatteita<\/li>\n\n\n\n<li>tekem\u00e4\u00e4n tuloksia\/tuotoksia, jotka perustuvat toteutuneeseen opinn\u00e4ytety\u00f6prosessiin<\/li>\n\n\n\n<li>arvioimaan omaa ty\u00f6skentely\u00e4.<\/li>\n<\/ul>\n\n\n\n<p>Opinn\u00e4ytety\u00f6n ohjaajan teht\u00e4v\u00e4n\u00e4 on ohjata ja antaa palautetta eettisyydest\u00e4 ja luotettavuudesta, mutta opiskelija on itse vastuussa opinn\u00e4ytety\u00f6ns\u00e4 eettisyyden ja luotettavuuden varmistamisesta sek\u00e4 niiden raportoinnista.<\/p>\n","protected":false},"excerpt":{"rendered":"<p>Eettisyyden ja luotettavuuden ohjauksessa on keskeist\u00e4 ohjata opiskelijaa huomioimaan opinn\u00e4ytety\u00f6n eettisyytt\u00e4 ja luotettavuutta prosessin eri vaiheissa ja kokonaisuutena. Eettisyydess\u00e4 ja luotettavuudessa on hyv\u00e4 ohjata opiskelijaa Opinn\u00e4ytety\u00f6n ohjaajan teht\u00e4v\u00e4n\u00e4 on ohjata ja antaa palautetta eettisyydest\u00e4 ja luotettavuudesta, mutta opiskelija on itse vastuussa opinn\u00e4ytety\u00f6ns\u00e4 eettisyyden ja luotettavuuden varmistamisesta sek\u00e4 niiden raportoinnista.<\/p>\n","protected":false},"author":36,"featured_media":0,"parent":11,"menu_order":7,"comment_status":"closed","ping_status":"closed","template":"","meta":{"footnotes":""},"class_list":["post-80","page","type-page","status-publish","hentry"],"_links":{"self":[{"href":"https:\/\/blogi.eoppimispalvelut.fi\/ont-ohjaajan-opas\/wp-json\/wp\/v2\/pages\/80","targetHints":{"allow":["GET"]}}],"collection":[{"href":"https:\/\/blogi.eoppimispalvelut.fi\/ont-ohjaajan-opas\/wp-json\/wp\/v2\/pages"}],"about":[{"href":"https:\/\/blogi.eoppimispalvelut.fi\/ont-ohjaajan-opas\/wp-json\/wp\/v2\/types\/page"}],"author":[{"embeddable":true,"href":"https:\/\/blogi.eoppimispalvelut.fi\/ont-ohjaajan-opas\/wp-json\/wp\/v2\/users\/36"}],"replies":[{"embeddable":true,"href":"https:\/\/blogi.eoppimispalvelut.fi\/ont-ohjaajan-opas\/wp-json\/wp\/v2\/comments?post=80"}],"version-history":[{"count":0,"href":"https:\/\/blogi.eoppimispalvelut.fi\/ont-ohjaajan-opas\/wp-json\/wp\/v2\/pages\/80\/revisions"}],"up":[{"embeddable":true,"href":"https:\/\/blogi.eoppimispalvelut.fi\/ont-ohjaajan-opas\/wp-json\/wp\/v2\/pages\/11"}],"wp:attachment":[{"href":"https:\/\/blogi.eoppimispalvelut.fi\/ont-ohjaajan-opas\/wp-json\/wp\/v2\/media?parent=80"}],"curies":[{"name":"wp","href":"https:\/\/api.w.org\/{rel}","templated":true}]}}