{"id":98,"date":"2023-05-25T19:54:00","date_gmt":"2023-05-25T16:54:00","guid":{"rendered":"https:\/\/blogi.eoppimispalvelut.fi\/testingminttutesting\/?page_id=98"},"modified":"2023-05-25T19:54:00","modified_gmt":"2023-05-25T16:54:00","slug":"opinnaytetyon-julkaiseminen","status":"publish","type":"page","link":"https:\/\/blogi.eoppimispalvelut.fi\/ont-ohjaajan-opas\/viimeistelyvaihe\/opinnaytetyon-julkaiseminen\/","title":{"rendered":"Opinn\u00e4ytety\u00f6n julkaiseminen"},"content":{"rendered":"\n<p>Opinn\u00e4ytety\u00f6n julkaisemisen ohjauksessa on keskeist\u00e4 ohjata opiskelijaa julkaisemaan opinn\u00e4ytety\u00f6ns\u00e4 <a href=\"https:\/\/www.theseus.fi\/\" target=\"_blank\" rel=\"noreferrer noopener\">Theseus-verkkojulkaisupalvelussa<\/a>.<\/p>\n\n\n\n<p>Opinn\u00e4ytety\u00f6n julkaisemisessa on hyv\u00e4 huomioida seuraavat:<\/p>\n\n\n\n<ul class=\"wp-block-list\">\n<li>Kaikki opinn\u00e4ytety\u00f6t ovat l\u00e4ht\u00f6kohtaisesti julkisia asiakirjoja. Ammattikorkeakoululla on velvollisuus antaa opinn\u00e4ytety\u00f6t n\u00e4ht\u00e4ville kaikille sit\u00e4 pyyt\u00e4vill\u00e4.<\/li>\n\n\n\n<li>Julkaiseminen ei ole sama asia kuin arkistointi.<\/li>\n\n\n\n<li>Opinn\u00e4ytet\u00f6iden ensisijainen julkaisukanava on Theseus, jossa opinn\u00e4ytety\u00f6 voidaan julkaista joko avoimessa tai k\u00e4ytt\u00f6rajatussa kokoelmassa.<\/li>\n\n\n\n<li>Yhteisty\u00f6taholta varmistetaan lupa avoimeen julkaisemiseen jo opinn\u00e4ytety\u00f6sopimuksessa.<\/li>\n\n\n\n<li>Ennen tallentamista opiskelijan tulee varmistaa, ett\u00e4 <a href=\"https:\/\/submissions.theseus.fi\/saavutettavuusohjeet.htm\" target=\"_blank\" rel=\"noreferrer noopener\">opinn\u00e4ytety\u00f6 noudattaa saavutettavuusohjeita (ks. esim. ohje Theseuksessa)<\/a>.<\/li>\n\n\n\n<li><a href=\"https:\/\/submissions.theseus.fi\/\" target=\"_blank\" rel=\"noreferrer noopener\">Ohjeet tallentamiseen l\u00f6ytyv\u00e4t Theseuksesta<\/a>, ja tallentamisesta vastaa opiskelija.<\/li>\n\n\n\n<li>Yhteisty\u00f6taho ei voi est\u00e4\u00e4 ty\u00f6n julkaisemista (esim. tuloksien perusteella), mutta mahdollisesti salassa pidett\u00e4vist\u00e4 asioista sovitaan erikseen opinn\u00e4ytety\u00f6sopimuksessa.<\/li>\n<\/ul>\n\n\n\n<p>Opinn\u00e4ytety\u00f6n ohjaajan teht\u00e4v\u00e4n\u00e4 on ohjata opiskelijaa julkaisemaan opinn\u00e4ytety\u00f6ns\u00e4 sek\u00e4 hyv\u00e4ksy\u00e4 julkaisulinkki Wihiss\u00e4. &nbsp;<\/p>\n","protected":false},"excerpt":{"rendered":"<p>Opinn\u00e4ytety\u00f6n julkaisemisen ohjauksessa on keskeist\u00e4 ohjata opiskelijaa julkaisemaan opinn\u00e4ytety\u00f6ns\u00e4 Theseus-verkkojulkaisupalvelussa. Opinn\u00e4ytety\u00f6n julkaisemisessa on hyv\u00e4 huomioida seuraavat: Opinn\u00e4ytety\u00f6n ohjaajan teht\u00e4v\u00e4n\u00e4 on ohjata opiskelijaa julkaisemaan opinn\u00e4ytety\u00f6ns\u00e4 sek\u00e4 hyv\u00e4ksy\u00e4 julkaisulinkki Wihiss\u00e4. &nbsp;<\/p>\n","protected":false},"author":36,"featured_media":0,"parent":13,"menu_order":7,"comment_status":"closed","ping_status":"closed","template":"","meta":{"footnotes":""},"class_list":["post-98","page","type-page","status-publish","hentry"],"_links":{"self":[{"href":"https:\/\/blogi.eoppimispalvelut.fi\/ont-ohjaajan-opas\/wp-json\/wp\/v2\/pages\/98","targetHints":{"allow":["GET"]}}],"collection":[{"href":"https:\/\/blogi.eoppimispalvelut.fi\/ont-ohjaajan-opas\/wp-json\/wp\/v2\/pages"}],"about":[{"href":"https:\/\/blogi.eoppimispalvelut.fi\/ont-ohjaajan-opas\/wp-json\/wp\/v2\/types\/page"}],"author":[{"embeddable":true,"href":"https:\/\/blogi.eoppimispalvelut.fi\/ont-ohjaajan-opas\/wp-json\/wp\/v2\/users\/36"}],"replies":[{"embeddable":true,"href":"https:\/\/blogi.eoppimispalvelut.fi\/ont-ohjaajan-opas\/wp-json\/wp\/v2\/comments?post=98"}],"version-history":[{"count":0,"href":"https:\/\/blogi.eoppimispalvelut.fi\/ont-ohjaajan-opas\/wp-json\/wp\/v2\/pages\/98\/revisions"}],"up":[{"embeddable":true,"href":"https:\/\/blogi.eoppimispalvelut.fi\/ont-ohjaajan-opas\/wp-json\/wp\/v2\/pages\/13"}],"wp:attachment":[{"href":"https:\/\/blogi.eoppimispalvelut.fi\/ont-ohjaajan-opas\/wp-json\/wp\/v2\/media?parent=98"}],"curies":[{"name":"wp","href":"https:\/\/api.w.org\/{rel}","templated":true}]}}