{"id":1068,"date":"2023-11-10T09:30:33","date_gmt":"2023-11-10T07:30:33","guid":{"rendered":"https:\/\/blogi.eoppimispalvelut.fi\/opopaivat2024\/?page_id=1068"},"modified":"2024-01-23T19:42:09","modified_gmt":"2024-01-23T17:42:09","slug":"hanke-esittelyt","status":"publish","type":"page","link":"https:\/\/blogi.eoppimispalvelut.fi\/opopaivat2024\/hanke-esittelyt\/","title":{"rendered":"Hanke-esittelyt"},"content":{"rendered":"\t\t<div data-elementor-type=\"wp-page\" data-elementor-id=\"1068\" class=\"elementor elementor-1068\">\n\t\t\t\t\t\t<section class=\"elementor-section elementor-top-section elementor-element elementor-element-0636bab elementor-section-boxed elementor-section-height-default elementor-section-height-default\" data-id=\"0636bab\" data-element_type=\"section\" data-e-type=\"section\">\n\t\t\t\t\t\t<div class=\"elementor-container elementor-column-gap-default\">\n\t\t\t\t\t<div class=\"elementor-column elementor-col-100 elementor-top-column elementor-element elementor-element-0d9f2f0\" data-id=\"0d9f2f0\" data-element_type=\"column\" data-e-type=\"column\">\n\t\t\t<div class=\"elementor-widget-wrap elementor-element-populated\">\n\t\t\t\t\t\t<div class=\"elementor-element elementor-element-d770ba5 elementor-widget elementor-widget-text-editor\" data-id=\"d770ba5\" data-element_type=\"widget\" data-e-type=\"widget\" data-widget_type=\"text-editor.default\">\n\t\t\t\t<div class=\"elementor-widget-container\">\n\t\t\t\t\t\t\t\t\t<p><strong><span style=\"color: #ffffff\">Tervetuloa tutustumaan erilaisiin ohjaukseen ja koulutuksiin liittyviin hankkeisiin!<\/span><\/strong><\/p>\t\t\t\t\t\t\t\t<\/div>\n\t\t\t\t<\/div>\n\t\t\t\t<div class=\"elementor-element elementor-element-92b97f7 elementor-widget elementor-widget-text-editor\" data-id=\"92b97f7\" data-element_type=\"widget\" data-e-type=\"widget\" data-widget_type=\"text-editor.default\">\n\t\t\t\t<div class=\"elementor-widget-container\">\n\t\t\t\t\t\t\t\t\t<p><a href=\"https:\/\/blogi.eoppimispalvelut.fi\/opopaivat2024\/files\/2024\/01\/Hanke-esittely-Metsakeskus.pdf\"><span style=\"color: #ffffff\">Tulevaisuuden osaajaksi mets\u00e4alalle-hanke &#8211; Mets\u00e4keskus<\/span><\/a><\/p><p><span style=\"color: #ffffff\"><a style=\"color: #ffffff\" href=\"https:\/\/blogi.eoppimispalvelut.fi\/opopaivat2024\/files\/2024\/01\/Hanke-esittely-Sinni.pdf\">SINNI &#8211; Monitoimijainen l\u00e4hiymp\u00e4rist\u00f6 nuoren omien valintojen lujittajana koulutuksen nivelvaiheissa<\/a><\/span><\/p><p><a href=\"https:\/\/blogi.eoppimispalvelut.fi\/opopaivat2024\/files\/2024\/01\/Hanke-esittely-Luovi.pdf\"><span style=\"color: #ffffff\">Paikasta palveluksi \u2013 ammatillisen erityisopetuksen satelliittiopiskelumalli &#8211; Luovi<\/span><\/a><\/p><p><a href=\"https:\/\/blogi.eoppimispalvelut.fi\/opopaivat2024\/files\/2024\/01\/Hanke-esittely-Hyria.pdf\"><span style=\"color: #ffffff\">Valtakunnallinen urasuunnittelutaitojen kehitt\u00e4miskokonaisuus &#8211; Hyria<\/span><\/a><\/p>\t\t\t\t\t\t\t\t<\/div>\n\t\t\t\t<\/div>\n\t\t\t\t<div class=\"elementor-element elementor-element-28e5ca2 elementor-widget elementor-widget-heading\" data-id=\"28e5ca2\" data-element_type=\"widget\" data-e-type=\"widget\" data-widget_type=\"heading.default\">\n\t\t\t\t<div class=\"elementor-widget-container\">\n\t\t\t\t\t<h3 class=\"elementor-heading-title elementor-size-default\">Hanke-esittely<\/h3>\t\t\t\t<\/div>\n\t\t\t\t<\/div>\n\t\t\t\t<div class=\"elementor-element elementor-element-8b30723 elementor-widget elementor-widget-text-editor\" data-id=\"8b30723\" data-element_type=\"widget\" data-e-type=\"widget\" data-widget_type=\"text-editor.default\">\n\t\t\t\t<div class=\"elementor-widget-container\">\n\t\t\t\t\t\t\t\t\t<p><span style=\"color: #ffffff\">Jos haluatte opintojen ohjaukseen, koulutukseen, ty\u00f6llistymiseen tai oppimiseen liittyv\u00e4n hankkeenne tiedot sivuillemme, t\u00e4yt\u00e4 lomake Lyytiss\u00e4: <a style=\"color: #ffffff\" href=\"https:\/\/www.lyyti.fi\/reg\/opopaivat2024naytteilleasettajat\">https:\/\/www.lyyti.fi\/reg\/opopaivat2024naytteilleasettajat<\/a>, valitse muut yhteisty\u00f6kumppanit ja maksa 150 \u20ac hanke-esittelymaksu. Toimita hanke-esittelyn teksti osoitteeseen <a style=\"color: #ffffff\" href=\"mailto:opoesittelijat24@gmail.com\">opoesittelijat24@gmail.com<\/a>. Siirr\u00e4mme Lyytill\u00e4 ilmoitettuja ja maksettuja hanke-esittelyj\u00e4 kotisivuillemme. Ilmoittautuminen alkaa 23.10. ja p\u00e4\u00e4ttyy 17.1.2024.<\/span><\/p><p><span style=\"color: #ffffff\"><strong>Hanke-esittelyn teksti:<\/strong><\/span><\/p><ul><li style=\"list-style-type: none\"><ul><li><span style=\"color: #ffffff\">Hankkeen ilmoittajan tiedot: nimi, puhelin sek\u00e4 s\u00e4hk\u00f6posti<\/span><\/li><li><span style=\"color: #ffffff\">Hankkeen nimi (tulee otsikoksi) sek\u00e4 mahdollinen verkko-osoite<\/span><\/li><li><span style=\"color: #ffffff\">Hankkeen yhteystiedot<\/span><\/li><li><span style=\"color: #ffffff\">Hankkeen kuvaus (Tekstin pituus voi olla maksimissaan 2500 merkki\u00e4, mukaan lukien v\u00e4lily\u00f6nnit. Liit\u00e4 hanke-esittelyteksti Word-tiedostona s\u00e4hk\u00f6postiin.)<\/span><\/li><\/ul><\/li><\/ul>\t\t\t\t\t\t\t\t<\/div>\n\t\t\t\t<\/div>\n\t\t\t\t\t<\/div>\n\t\t<\/div>\n\t\t\t\t\t<\/div>\n\t\t<\/section>\n\t\t\t\t<\/div>\n\t\t","protected":false},"excerpt":{"rendered":"<p>Tervetuloa tutustumaan erilaisiin ohjaukseen ja koulutuksiin liittyviin hankkeisiin! Tulevaisuuden osaajaksi mets\u00e4alalle-hanke &#8211; Mets\u00e4keskus SINNI &#8211; Monitoimijainen l\u00e4hiymp\u00e4rist\u00f6 nuoren omien valintojen lujittajana koulutuksen nivelvaiheissa Paikasta palveluksi \u2013 ammatillisen erityisopetuksen satelliittiopiskelumalli &#8211; Luovi Valtakunnallinen urasuunnittelutaitojen kehitt\u00e4miskokonaisuus &#8211; Hyria \/*! elementor &#8211; v3.18.0 &#8211; 20-12-2023 *\/ .elementor-heading-title{padding:0;margin:0;line-height:1}.elementor-widget-heading .elementor-heading-title[class*=elementor-size-]&gt;a{color:inherit;font-size:inherit;line-height:inherit}.elementor-widget-heading .elementor-heading-title.elementor-size-small{font-size:15px}.elementor-widget-heading .elementor-heading-title.elementor-size-medium{font-size:19px}.elementor-widget-heading .elementor-heading-title.elementor-size-large{font-size:29px}.elementor-widget-heading .elementor-heading-title.elementor-size-xl{font-size:39px}.elementor-widget-heading .elementor-heading-title.elementor-size-xxl{font-size:59px} Hanke-esittely Jos haluatte opintojen ohjaukseen, &hellip; <\/p>\n<p class=\"link-more\"><a href=\"https:\/\/blogi.eoppimispalvelut.fi\/opopaivat2024\/hanke-esittelyt\/\" class=\"more-link\">Continue reading<span class=\"screen-reader-text\"> &#8221;Hanke-esittelyt&#8221;<\/span><\/a><\/p>\n","protected":false},"author":20363,"featured_media":0,"parent":0,"menu_order":0,"comment_status":"closed","ping_status":"closed","template":"","meta":{"footnotes":""},"class_list":["post-1068","page","type-page","status-publish","hentry"],"_links":{"self":[{"href":"https:\/\/blogi.eoppimispalvelut.fi\/opopaivat2024\/wp-json\/wp\/v2\/pages\/1068","targetHints":{"allow":["GET"]}}],"collection":[{"href":"https:\/\/blogi.eoppimispalvelut.fi\/opopaivat2024\/wp-json\/wp\/v2\/pages"}],"about":[{"href":"https:\/\/blogi.eoppimispalvelut.fi\/opopaivat2024\/wp-json\/wp\/v2\/types\/page"}],"author":[{"embeddable":true,"href":"https:\/\/blogi.eoppimispalvelut.fi\/opopaivat2024\/wp-json\/wp\/v2\/users\/20363"}],"replies":[{"embeddable":true,"href":"https:\/\/blogi.eoppimispalvelut.fi\/opopaivat2024\/wp-json\/wp\/v2\/comments?post=1068"}],"version-history":[{"count":13,"href":"https:\/\/blogi.eoppimispalvelut.fi\/opopaivat2024\/wp-json\/wp\/v2\/pages\/1068\/revisions"}],"predecessor-version":[{"id":1192,"href":"https:\/\/blogi.eoppimispalvelut.fi\/opopaivat2024\/wp-json\/wp\/v2\/pages\/1068\/revisions\/1192"}],"wp:attachment":[{"href":"https:\/\/blogi.eoppimispalvelut.fi\/opopaivat2024\/wp-json\/wp\/v2\/media?parent=1068"}],"curies":[{"name":"wp","href":"https:\/\/api.w.org\/{rel}","templated":true}]}}