{"id":112,"date":"2022-11-23T11:40:34","date_gmt":"2022-11-23T09:40:34","guid":{"rendered":"https:\/\/blogi.eoppimispalvelut.fi\/opopaivat2021\/?page_id=112"},"modified":"2024-02-21T11:15:39","modified_gmt":"2024-02-21T09:15:39","slug":"tervetuloa","status":"publish","type":"page","link":"https:\/\/blogi.eoppimispalvelut.fi\/opopaivat2024\/","title":{"rendered":"Tervetuloa!"},"content":{"rendered":"\t\t<div data-elementor-type=\"wp-page\" data-elementor-id=\"112\" class=\"elementor elementor-112\">\n\t\t\t\t\t\t<section class=\"elementor-section elementor-top-section elementor-element elementor-element-20e851a elementor-section-boxed elementor-section-height-default elementor-section-height-default\" data-id=\"20e851a\" data-element_type=\"section\" data-e-type=\"section\">\n\t\t\t\t\t\t<div class=\"elementor-container elementor-column-gap-narrow\">\n\t\t\t\t\t<div class=\"elementor-column elementor-col-100 elementor-top-column elementor-element elementor-element-4ba9bb0\" data-id=\"4ba9bb0\" data-element_type=\"column\" data-e-type=\"column\">\n\t\t\t<div class=\"elementor-widget-wrap elementor-element-populated\">\n\t\t\t\t\t\t<div class=\"elementor-element elementor-element-c17bda2 elementor-widget elementor-widget-text-editor\" data-id=\"c17bda2\" data-element_type=\"widget\" data-e-type=\"widget\" data-widget_type=\"text-editor.default\">\n\t\t\t\t<div class=\"elementor-widget-container\">\n\t\t\t\t\t\t\t\t\t<p><a href=\"https:\/\/blogi.eoppimispalvelut.fi\/opopaivat2024\/opopaivien-2024-materiaalit\/\"><em><strong><span style=\"color: #ffffff\">Opop\u00e4ivien materiaalit l\u00f6yd\u00e4t t\u00e4\u00e4lt\u00e4!\u00a0<\/span><\/strong><\/em><\/a><\/p>\t\t\t\t\t\t\t\t<\/div>\n\t\t\t\t<\/div>\n\t\t\t\t<div class=\"elementor-element elementor-element-53ab730 elementor-widget elementor-widget-text-editor\" data-id=\"53ab730\" data-element_type=\"widget\" data-e-type=\"widget\" data-widget_type=\"text-editor.default\">\n\t\t\t\t<div class=\"elementor-widget-container\">\n\t\t\t\t\t\t\t\t\t<p><span style=\"color: #ffffff\"><b>Opop\u00e4iv\u00e4t j\u00e4rjestet\u00e4\u00e4n Rovaniemell\u00e4 8.-10.2.2024.\u00a0<\/b><\/span><\/p><p><span style=\"color: #ffffff\"><b>Tervetuloa mukaan!<\/b><\/span><\/p>\t\t\t\t\t\t\t\t<\/div>\n\t\t\t\t<\/div>\n\t\t\t\t\t<\/div>\n\t\t<\/div>\n\t\t\t\t\t<\/div>\n\t\t<\/section>\n\t\t\t\t<section class=\"elementor-section elementor-top-section elementor-element elementor-element-1ad3ff9 elementor-section-boxed elementor-section-height-default elementor-section-height-default\" data-id=\"1ad3ff9\" data-element_type=\"section\" data-e-type=\"section\">\n\t\t\t\t\t\t<div class=\"elementor-container elementor-column-gap-no\">\n\t\t\t\t\t<div class=\"elementor-column elementor-col-100 elementor-top-column elementor-element elementor-element-0e4356e\" data-id=\"0e4356e\" data-element_type=\"column\" data-e-type=\"column\">\n\t\t\t<div class=\"elementor-widget-wrap elementor-element-populated\">\n\t\t\t\t\t\t<section class=\"elementor-section elementor-inner-section elementor-element elementor-element-3006d98 elementor-section-boxed elementor-section-height-default elementor-section-height-default\" data-id=\"3006d98\" data-element_type=\"section\" data-e-type=\"section\">\n\t\t\t\t\t\t<div class=\"elementor-container elementor-column-gap-narrow\">\n\t\t\t\t\t<div class=\"elementor-column elementor-col-100 elementor-inner-column elementor-element elementor-element-6dc375f\" data-id=\"6dc375f\" data-element_type=\"column\" data-e-type=\"column\">\n\t\t\t<div class=\"elementor-widget-wrap elementor-element-populated\">\n\t\t\t\t\t\t<div class=\"elementor-element elementor-element-7b74b0c elementor-widget elementor-widget-text-editor\" data-id=\"7b74b0c\" data-element_type=\"widget\" data-e-type=\"widget\" data-widget_type=\"text-editor.default\">\n\t\t\t\t<div class=\"elementor-widget-container\">\n\t\t\t\t\t\t\t\t\t<p><span style=\"font-weight: 400;color: #ffffff\">Valtakunnalliset Opop\u00e4iv\u00e4t j\u00e4rjestet\u00e4\u00e4n Rovaniemell\u00e4 teemalla Pohjoinen yhteisty\u00f6. P\u00e4ivien aikana haluamme tuoda esiin, millainen voimavara pohjoisuus ja yhteisty\u00f6 meille on. Haluamme n\u00e4ytt\u00e4\u00e4 millaista Pohjois-Suomessa on tehd\u00e4 ty\u00f6t\u00e4 ja yritt\u00e4\u00e4 ja mink\u00e4laisia ammattilaisia tulevaisuudessa tarvitaan.\u00a0<\/span><\/p><p><span style=\"font-weight: 400;color: #ffffff\">P\u00e4ivien aikana p\u00e4\u00e4set tutustumaan Pohjois-Suomen luontoon, kulttuuriin ja toimintaymp\u00e4rist\u00f6\u00f6n. Pohjoisuus ja yhteisty\u00f6 nousevat esille p\u00e4ivien aikana puheenvuoroissa, ty\u00f6pajoissa ja tutustumisk\u00e4ynneill\u00e4 yrityksiss\u00e4. Ohjelmassa on puheenvuoroja, live- ja et\u00e4tervehdyksi\u00e4, oppilaitos- ja yritysvierailuja, ty\u00f6pajoja ja n\u00e4ytteilleasettajien tarjontaa sek\u00e4 mahdollisuus osallistua Sopo ry:n vuosikokoukseen ja toimikuntien tapaamisiin.<\/span><\/p><p><span style=\"color: #ffffff\">Opop\u00e4iville osallistuu n. 400 opinto-ohjaajaa tai ohjausty\u00f6t\u00e4 tekev\u00e4\u00e4 henkil\u00f6\u00e4 sek\u00e4 n\u00e4ytteilleasettajia n. 200 henkil\u00f6\u00e4. Meit\u00e4 on perjantaina 600 osallistujaa Lapin opinto-ohjauksen p\u00e4ivill\u00e4.\u00a0<\/span><\/p><p><span style=\"color: #ffffff\">Perjantaina olemme Lapin ammattikorkeakoulun tiloissa Rantavitikalla. Tarvittaessa paikallisliikenteen bussiaikataulut n\u00e4ette <a href=\"https:\/\/linkkari.fi\/Reitit-ja-aikataulut\/Talviliikenteen-reitit-16102023-262024\"><span style=\"color: #ffffff\"><strong>t\u00e4st\u00e4<\/strong><\/span><\/a>. Linjat 4 ja 6 menev\u00e4t Rantavitikalle keskustasta. Lapin ammattikorkeakoulun osoite on Jokiv\u00e4yl\u00e4 11c, Rantavitikka. Et\u00e4isyys Santa Claus hotellilta ammattikorkeakouluun on 2,6 km.\u00a0<\/span><\/p><p><span style=\"color: #ffffff\">On luvattu kipakkaa pakkasta. Huomioikaa t\u00e4m\u00e4 laukkuja pakatessanne.<\/span><\/p><p><span style=\"font-weight: 400;color: #ffffff\">Lapin opinto-ohjaus ry toivottaa Sinut l\u00e4mpim\u00e4sti tervetulleeksi Rovaniemelle!<\/span><\/p><p><span style=\"font-weight: 400;color: #ffffff\">\u00a0<\/span><\/p><p><span style=\"font-weight: 400;color: #ffffff\">Ota seurantaan my\u00f6s Somekanavat\u00a0<\/span><\/p><p><span style=\"color: #ffffff\"><span style=\"font-weight: 400\">(<\/span><span style=\"font-family: var( --e-global-typography-text-font-family ), Sans-serif;font-size: 1rem\">FB:\u00a0<\/span><\/span><span style=\"font-family: var( --e-global-typography-text-font-family ), Sans-serif;font-weight: var( --e-global-typography-text-font-weight );font-size: 1rem;color: #ffffff\">Opop\u00e4iv\u00e4t 2024<\/span><span style=\"font-family: var( --e-global-typography-text-font-family ), Sans-serif;font-weight: var( --e-global-typography-text-font-weight );font-size: 1rem;color: #ffffff\">\u00a0Rovaniemell\u00e4,\u00a0IG:\u00a0Opopaivat2024)<\/span><\/p><div><span style=\"color: var( --e-global-color-text );font-family: var( --e-global-typography-text-font-family ), Sans-serif;font-weight: var( --e-global-typography-text-font-weight );font-size: 1rem\">\u00a0<\/span><\/div>\t\t\t\t\t\t\t\t<\/div>\n\t\t\t\t<\/div>\n\t\t\t\t\t<\/div>\n\t\t<\/div>\n\t\t\t\t\t<\/div>\n\t\t<\/section>\n\t\t\t\t\t<\/div>\n\t\t<\/div>\n\t\t\t\t\t<\/div>\n\t\t<\/section>\n\t\t\t\t<section class=\"elementor-section elementor-top-section elementor-element elementor-element-29a5480 elementor-section-boxed elementor-section-height-default elementor-section-height-default\" data-id=\"29a5480\" data-element_type=\"section\" data-e-type=\"section\">\n\t\t\t\t\t\t<div class=\"elementor-container elementor-column-gap-no\">\n\t\t\t\t\t<div class=\"elementor-column elementor-col-100 elementor-top-column elementor-element elementor-element-96484ba\" data-id=\"96484ba\" data-element_type=\"column\" data-e-type=\"column\">\n\t\t\t<div class=\"elementor-widget-wrap elementor-element-populated\">\n\t\t\t\t\t\t<div class=\"elementor-element elementor-element-7cd32e6 elementor-widget elementor-widget-image\" data-id=\"7cd32e6\" data-element_type=\"widget\" data-e-type=\"widget\" data-widget_type=\"image.default\">\n\t\t\t\t<div class=\"elementor-widget-container\">\n\t\t\t\t\t\t\t\t\t\t\t\t<figure class=\"wp-caption\">\n\t\t\t\t\t\t\t\t\t\t<img fetchpriority=\"high\" decoding=\"async\" width=\"2000\" height=\"1199\" src=\"https:\/\/blogi.eoppimispalvelut.fi\/opopaivat2024\/files\/2020\/01\/cropped-19_P97A8221_NightSkyAtRovaniemi_13Sep2014_00.02.jpg\" class=\"attachment-full size-full wp-image-376\" alt=\"\" srcset=\"https:\/\/blogi.eoppimispalvelut.fi\/opopaivat2024\/files\/2020\/01\/cropped-19_P97A8221_NightSkyAtRovaniemi_13Sep2014_00.02.jpg 2000w, https:\/\/blogi.eoppimispalvelut.fi\/opopaivat2024\/files\/2020\/01\/cropped-19_P97A8221_NightSkyAtRovaniemi_13Sep2014_00.02-300x180.jpg 300w, https:\/\/blogi.eoppimispalvelut.fi\/opopaivat2024\/files\/2020\/01\/cropped-19_P97A8221_NightSkyAtRovaniemi_13Sep2014_00.02-1024x614.jpg 1024w, https:\/\/blogi.eoppimispalvelut.fi\/opopaivat2024\/files\/2020\/01\/cropped-19_P97A8221_NightSkyAtRovaniemi_13Sep2014_00.02-768x460.jpg 768w, https:\/\/blogi.eoppimispalvelut.fi\/opopaivat2024\/files\/2020\/01\/cropped-19_P97A8221_NightSkyAtRovaniemi_13Sep2014_00.02-1536x921.jpg 1536w\" sizes=\"100vw\" \/>\t\t\t\t\t\t\t\t\t\t\t<figcaption class=\"widget-image-caption wp-caption-text\">Kansikuvan ja yl\u00e4puolella olevan kuvan ottanut Veikko Ker\u00e4nen<\/figcaption>\n\t\t\t\t\t\t\t\t\t\t<\/figure>\n\t\t\t\t\t\t\t\t\t<\/div>\n\t\t\t\t<\/div>\n\t\t\t\t\t<\/div>\n\t\t<\/div>\n\t\t\t\t\t<\/div>\n\t\t<\/section>\n\t\t\t\t<\/div>\n\t\t","protected":false},"excerpt":{"rendered":"<p>Opop\u00e4ivien materiaalit l\u00f6yd\u00e4t t\u00e4\u00e4lt\u00e4!\u00a0 Opop\u00e4iv\u00e4t j\u00e4rjestet\u00e4\u00e4n Rovaniemell\u00e4 8.-10.2.2024.\u00a0 Tervetuloa mukaan! Valtakunnalliset Opop\u00e4iv\u00e4t j\u00e4rjestet\u00e4\u00e4n Rovaniemell\u00e4 teemalla Pohjoinen yhteisty\u00f6. P\u00e4ivien aikana haluamme tuoda esiin, millainen voimavara pohjoisuus ja yhteisty\u00f6 meille on. Haluamme n\u00e4ytt\u00e4\u00e4 millaista Pohjois-Suomessa on tehd\u00e4 ty\u00f6t\u00e4 ja yritt\u00e4\u00e4 ja mink\u00e4laisia ammattilaisia tulevaisuudessa tarvitaan.\u00a0 P\u00e4ivien aikana p\u00e4\u00e4set tutustumaan Pohjois-Suomen luontoon, kulttuuriin ja toimintaymp\u00e4rist\u00f6\u00f6n. Pohjoisuus ja yhteisty\u00f6 &hellip; <\/p>\n<p class=\"link-more\"><a href=\"https:\/\/blogi.eoppimispalvelut.fi\/opopaivat2024\/\" class=\"more-link\">Continue reading<span class=\"screen-reader-text\"> &#8221;Tervetuloa!&#8221;<\/span><\/a><\/p>\n","protected":false},"author":31,"featured_media":0,"parent":0,"menu_order":0,"comment_status":"closed","ping_status":"closed","template":"","meta":{"footnotes":""},"class_list":["post-112","page","type-page","status-publish","hentry"],"_links":{"self":[{"href":"https:\/\/blogi.eoppimispalvelut.fi\/opopaivat2024\/wp-json\/wp\/v2\/pages\/112","targetHints":{"allow":["GET"]}}],"collection":[{"href":"https:\/\/blogi.eoppimispalvelut.fi\/opopaivat2024\/wp-json\/wp\/v2\/pages"}],"about":[{"href":"https:\/\/blogi.eoppimispalvelut.fi\/opopaivat2024\/wp-json\/wp\/v2\/types\/page"}],"author":[{"embeddable":true,"href":"https:\/\/blogi.eoppimispalvelut.fi\/opopaivat2024\/wp-json\/wp\/v2\/users\/31"}],"replies":[{"embeddable":true,"href":"https:\/\/blogi.eoppimispalvelut.fi\/opopaivat2024\/wp-json\/wp\/v2\/comments?post=112"}],"version-history":[{"count":57,"href":"https:\/\/blogi.eoppimispalvelut.fi\/opopaivat2024\/wp-json\/wp\/v2\/pages\/112\/revisions"}],"predecessor-version":[{"id":1309,"href":"https:\/\/blogi.eoppimispalvelut.fi\/opopaivat2024\/wp-json\/wp\/v2\/pages\/112\/revisions\/1309"}],"wp:attachment":[{"href":"https:\/\/blogi.eoppimispalvelut.fi\/opopaivat2024\/wp-json\/wp\/v2\/media?parent=112"}],"curies":[{"name":"wp","href":"https:\/\/api.w.org\/{rel}","templated":true}]}}