{"id":739,"date":"2023-05-03T14:21:10","date_gmt":"2023-05-03T11:21:10","guid":{"rendered":"https:\/\/blogi.eoppimispalvelut.fi\/opopaivat2024\/?page_id=739"},"modified":"2024-01-11T13:57:07","modified_gmt":"2024-01-11T11:57:07","slug":"yhteiskunta-ja-koulutus","status":"publish","type":"page","link":"https:\/\/blogi.eoppimispalvelut.fi\/opopaivat2024\/yhteiskunta-ja-koulutus\/","title":{"rendered":"Yhteiskunta ja koulutus"},"content":{"rendered":"\t\t<div data-elementor-type=\"wp-page\" data-elementor-id=\"739\" class=\"elementor elementor-739\">\n\t\t\t\t\t\t<section class=\"elementor-section elementor-top-section elementor-element elementor-element-e8a15f2 elementor-section-boxed elementor-section-height-default elementor-section-height-default\" data-id=\"e8a15f2\" data-element_type=\"section\" data-e-type=\"section\">\n\t\t\t\t\t\t<div class=\"elementor-container elementor-column-gap-default\">\n\t\t\t\t\t<div class=\"elementor-column elementor-col-100 elementor-top-column elementor-element elementor-element-bc16f23\" data-id=\"bc16f23\" data-element_type=\"column\" data-e-type=\"column\">\n\t\t\t<div class=\"elementor-widget-wrap elementor-element-populated\">\n\t\t\t\t\t\t<div class=\"elementor-element elementor-element-56f7d9a elementor-widget elementor-widget-text-editor\" data-id=\"56f7d9a\" data-element_type=\"widget\" data-e-type=\"widget\" data-widget_type=\"text-editor.default\">\n\t\t\t\t<div class=\"elementor-widget-container\">\n\t\t\t\t\t\t\t\t\t<p><span style=\"color: #ffffff\"><strong>Lapin ammattikorkeakoulu<\/strong><\/span><\/p>\n<p><span style=\"color: #ffffff\">Modernit oppimisymp\u00e4rist\u00f6t, mm. FrostBIT, Biolabra ja Auroora -Simulaatiokeskus<\/span><\/p>\t\t\t\t\t\t\t\t<\/div>\n\t\t\t\t<\/div>\n\t\t\t\t<div class=\"elementor-element elementor-element-49d961d elementor-widget elementor-widget-text-editor\" data-id=\"49d961d\" data-element_type=\"widget\" data-e-type=\"widget\" data-widget_type=\"text-editor.default\">\n\t\t\t\t<div class=\"elementor-widget-container\">\n\t\t\t\t\t\t\t\t\t<p><strong><span style=\"color: #ffffff\">Lapin yliopisto &#8211; Taiteiden tiedekunta<\/span><\/strong><\/p>\t\t\t\t\t\t\t\t<\/div>\n\t\t\t\t<\/div>\n\t\t\t\t<div class=\"elementor-element elementor-element-d60f6e7 elementor-widget elementor-widget-text-editor\" data-id=\"d60f6e7\" data-element_type=\"widget\" data-e-type=\"widget\" data-widget_type=\"text-editor.default\">\n\t\t\t\t<div class=\"elementor-widget-container\">\n\t\t\t\t\t\t\t\t\t<p><strong><span style=\"color: #ffffff\">Lapin koulutuskeskus REDU\u00a0<\/span><\/strong><span style=\"color: #ffffff\">&#8211; Lentokoneasennuksen perustutkinto<\/span><\/p>\t\t\t\t\t\t\t\t<\/div>\n\t\t\t\t<\/div>\n\t\t\t\t<div class=\"elementor-element elementor-element-906675f elementor-widget elementor-widget-text-editor\" data-id=\"906675f\" data-element_type=\"widget\" data-e-type=\"widget\" data-widget_type=\"text-editor.default\">\n\t\t\t\t<div class=\"elementor-widget-container\">\n\t\t\t\t\t\t\t\t\t<p><span style=\"color: #ffffff\"><strong>Ammattiopisto Luovi<\/strong><\/span><\/p><p><span style=\"color: #ffffff\">Ammattiopisto Luovi on ammatillinen erityisoppilaitos ja toimimme yli 30 paikkakunnalla ymp\u00e4ri Suomen. Meill\u00e4 voi opiskella valmentavassa koulutuksessa tai suorittaa ammatillisia perustutkintoja yksil\u00f6llisesti ja tiiviiss\u00e4 yhteisty\u00f6ss\u00e4 ty\u00f6el\u00e4m\u00e4n kanssa. Luovi Rovaniemi tarjoaa koulutusta ravintola- ja cateringalalle sek\u00e4 puhtaus- ja kiinteist\u00f6palvelujen alalle. Lis\u00e4ksi Rovaniemell\u00e4 on tutkintokoulutukseen valmentavaa TUVA-koulutusta sek\u00e4 ty\u00f6h\u00f6n ja itsen\u00e4iseen el\u00e4m\u00e4\u00e4n valmentavaa TELMA-koulutusta. <\/span><span style=\"color: #ffffff\">Tutustu: <a href=\"https:\/\/luovi.fi\">luovi.fi\u00a0<\/a><\/span><\/p><p><span style=\"color: #ffffff\">Tervetuloa tutustumaan Luoviin ja syksyll\u00e4 2022 avattuun koulurakennukseemme Rovaniemell\u00e4. Vierailun aikana kahvitarjoilu.<\/span><\/p>\t\t\t\t\t\t\t\t<\/div>\n\t\t\t\t<\/div>\n\t\t\t\t<div class=\"elementor-element elementor-element-2a16a45 elementor-widget elementor-widget-text-editor\" data-id=\"2a16a45\" data-element_type=\"widget\" data-e-type=\"widget\" data-widget_type=\"text-editor.default\">\n\t\t\t\t<div class=\"elementor-widget-container\">\n\t\t\t\t\t\t\t\t\t<p><strong><span style=\"color: #ffffff\">J\u00e4\u00e4k\u00e4riprikaati\u00a0<\/span><\/strong><span style=\"color: #ffffff\">&#8211; Arktiseen koulutukseen ja ilmatorjuntaan erikoistunut pohjoisin joukko-osasto<\/span><\/p><p><em><span style=\"color: #ffffff\">Kohde vastaanottaa vain Suomen kansalaisia. Suomen ja jonkun toisen maan kaksoiskansalaisten tulee varautua turvallisuusselvityksen laatimiseen.\u00a0\u00a0<\/span><\/em><\/p><p><em><span style=\"color: #ffffff\">K\u00e4ynnille ilmoittautuneiden tulee ilmoittaa 3.1.2024 menness\u00e4 koko nimi, sosiaaliturvatunnus ja kansalaisuus suojattuna s\u00e4hk\u00f6postina osoitteella\u00a0 <\/span><a href=\"mailto:sirkka.vaarala@mil.fi.s\"><span style=\"color: #ffffff\">sirkka.vaarala@mil.fi.s <\/span><\/a><\/em><\/p>\t\t\t\t\t\t\t\t<\/div>\n\t\t\t\t<\/div>\n\t\t\t\t\t<\/div>\n\t\t<\/div>\n\t\t\t\t\t<\/div>\n\t\t<\/section>\n\t\t\t\t<\/div>\n\t\t","protected":false},"excerpt":{"rendered":"<p>Lapin ammattikorkeakoulu Modernit oppimisymp\u00e4rist\u00f6t, mm. FrostBIT, Biolabra ja Auroora -Simulaatiokeskus Lapin yliopisto &#8211; Taiteiden tiedekunta Lapin koulutuskeskus REDU\u00a0&#8211; Lentokoneasennuksen perustutkinto Ammattiopisto Luovi Ammattiopisto Luovi on ammatillinen erityisoppilaitos ja toimimme yli 30 paikkakunnalla ymp\u00e4ri Suomen. Meill\u00e4 voi opiskella valmentavassa koulutuksessa tai suorittaa ammatillisia perustutkintoja yksil\u00f6llisesti ja tiiviiss\u00e4 yhteisty\u00f6ss\u00e4 ty\u00f6el\u00e4m\u00e4n kanssa. Luovi Rovaniemi tarjoaa koulutusta ravintola- ja &hellip; <\/p>\n<p class=\"link-more\"><a href=\"https:\/\/blogi.eoppimispalvelut.fi\/opopaivat2024\/yhteiskunta-ja-koulutus\/\" class=\"more-link\">Continue reading<span class=\"screen-reader-text\"> &#8221;Yhteiskunta ja koulutus&#8221;<\/span><\/a><\/p>\n","protected":false},"author":20363,"featured_media":0,"parent":0,"menu_order":0,"comment_status":"closed","ping_status":"closed","template":"","meta":{"footnotes":""},"class_list":["post-739","page","type-page","status-publish","hentry"],"_links":{"self":[{"href":"https:\/\/blogi.eoppimispalvelut.fi\/opopaivat2024\/wp-json\/wp\/v2\/pages\/739","targetHints":{"allow":["GET"]}}],"collection":[{"href":"https:\/\/blogi.eoppimispalvelut.fi\/opopaivat2024\/wp-json\/wp\/v2\/pages"}],"about":[{"href":"https:\/\/blogi.eoppimispalvelut.fi\/opopaivat2024\/wp-json\/wp\/v2\/types\/page"}],"author":[{"embeddable":true,"href":"https:\/\/blogi.eoppimispalvelut.fi\/opopaivat2024\/wp-json\/wp\/v2\/users\/20363"}],"replies":[{"embeddable":true,"href":"https:\/\/blogi.eoppimispalvelut.fi\/opopaivat2024\/wp-json\/wp\/v2\/comments?post=739"}],"version-history":[{"count":23,"href":"https:\/\/blogi.eoppimispalvelut.fi\/opopaivat2024\/wp-json\/wp\/v2\/pages\/739\/revisions"}],"predecessor-version":[{"id":1131,"href":"https:\/\/blogi.eoppimispalvelut.fi\/opopaivat2024\/wp-json\/wp\/v2\/pages\/739\/revisions\/1131"}],"wp:attachment":[{"href":"https:\/\/blogi.eoppimispalvelut.fi\/opopaivat2024\/wp-json\/wp\/v2\/media?parent=739"}],"curies":[{"name":"wp","href":"https:\/\/api.w.org\/{rel}","templated":true}]}}