{"id":43,"date":"2017-11-20T09:54:49","date_gmt":"2017-11-20T07:54:49","guid":{"rendered":"https:\/\/blogi.eoppimispalvelut.fi\/otahaltuun\/?page_id=43"},"modified":"2018-12-17T08:34:06","modified_gmt":"2018-12-17T06:34:06","slug":"google-g-suite","status":"publish","type":"page","link":"https:\/\/blogi.eoppimispalvelut.fi\/otahaltuun\/google-g-suite\/","title":{"rendered":"Google G Suite"},"content":{"rendered":"<p>Lapin ammattikorkeakoulun opiskelijana Sinulla on k\u00e4yt\u00f6ss\u00e4 G Suite for Education -pilvipalvelut.<\/p>\n<p><strong>Opiskelijoiden k\u00e4ytetyimpi\u00e4 ty\u00f6kaluja Google G Suite:<\/strong><\/p>\n<ul>\n<li>tiedostojen yksil\u00f6llinen ja\/tai yhteis\u00f6llinen tuottaminen (teksti, diaesitykset)<\/li>\n<li>yhteydenpito (Google hangout)<\/li>\n<li>tiedostojen tallennus pilveen (verkkotallennus) ja niiden jakaminen muille<\/li>\n<li>videomateriaalin jakaminen Youtuben kautta<\/li>\n<li>my\u00f6s satoja ilmaisia lis\u00e4ohjelmia joita voit ottaa maksutta k\u00e4ytt\u00f6\u00f6n<\/li>\n<\/ul>\n<p>Palveluun kirjaudu\u00a0<a href=\"http:\/\/eoppimispalvelut.fi\" target=\"_blank\" rel=\"noopener\">eOppimispalvelut.fi<\/a> -sivuilta Ty\u00f6v\u00e4lineet -lohkosta Siirry G Suiteen. Palveluun kirjaudutaan Lapin AMK:n k\u00e4ytt\u00e4j\u00e4tunnuksilla, siis niill\u00e4, mill\u00e4 kirjaudut Moodleen.<\/p>\n<div><b>Ohjeita<\/b><\/div>\n<ul>\n<li><a href=\"https:\/\/www.youtube.com\/watch?v=xkpKY7hMQXk&amp;feature=youtu.be&amp;hd=1\" target=\"_blank\" rel=\"noopener\">Mik\u00e4 on G Suite<\/a><\/li>\n<li><a href=\"https:\/\/www.youtube.com\/watch?v=Kq95EvoUXxs&amp;feature=youtu.be&amp;hd=1\" target=\"_blank\" rel=\"noopener\">Kirjautuminen<\/a><\/li>\n<li><a href=\"https:\/\/www.youtube.com\/watch?v=YmroNniL5jc&amp;feature=youtu.be&amp;hd=1\" target=\"_blank\" rel=\"noopener\">Mik\u00e4 on Google Drive<\/a><\/li>\n<li><a href=\"https:\/\/www.youtube.com\/watch?v=tAIAANMV1Kw&amp;feature=youtu.be&amp;hd=1\" target=\"_blank\" rel=\"noopener\">Google Drive (Kansion \/ Tiedoston luonti)<\/a><\/li>\n<li><a href=\"https:\/\/www.youtube.com\/watch?v=jiH710gWC9c&amp;feature=youtu.be&amp;hd=1\" target=\"_blank\" rel=\"noopener\">Tiedoston tai kansion jakaminen ja oikeuksien muuttaminen<\/a><\/li>\n<li><a href=\"https:\/\/www.youtube.com\/watch?v=Kkl8SPyNVqU&amp;feature=youtu.be&amp;hd=1\" target=\"_blank\" rel=\"noopener\">Kuinka jaan dokumentin muille<\/a><\/li>\n<li><a href=\"https:\/\/www.youtube.com\/watch?v=YfTFOFJRRwo&amp;feature=youtu.be&amp;hd=1\" target=\"_blank\" rel=\"noopener\">Kuinka lataan dokumentin omalle koneelle pilvest\u00e4<\/a><\/li>\n<li><a href=\"https:\/\/youtu.be\/W9-d_UjwdpY\" target=\"_blank\" rel=\"noopener\">K\u00e4nnykk\u00e4videon julkaisu Youtubessa<\/a>\u00a0(youtube)<\/li>\n<\/ul>\n","protected":false},"excerpt":{"rendered":"<p>Lapin ammattikorkeakoulun opiskelijana Sinulla on k\u00e4yt\u00f6ss\u00e4 G Suite for Education -pilvipalvelut. Opiskelijoiden k\u00e4ytetyimpi\u00e4 ty\u00f6kaluja Google G Suite: tiedostojen yksil\u00f6llinen ja\/tai yhteis\u00f6llinen tuottaminen (teksti, diaesitykset) yhteydenpito (Google hangout)&hellip; <span class=\"read-more\"><a class=\"more-link\" href=\"https:\/\/blogi.eoppimispalvelut.fi\/otahaltuun\/google-g-suite\/\" rel=\"bookmark\">Read more <span class=\"screen-reader-text\">&#8220;Google G Suite&#8221;<\/span><\/a><\/span><\/p>\n","protected":false},"author":36,"featured_media":0,"parent":0,"menu_order":0,"comment_status":"closed","ping_status":"closed","template":"","meta":{"footnotes":""},"class_list":["post-43","page","type-page","status-publish","hentry"],"yoast_head":"<!-- This site is optimized with the Yoast SEO plugin v27.1.1 - https:\/\/yoast.com\/product\/yoast-seo-wordpress\/ -->\n<title>Google G Suite - Ota haltuun<\/title>\n<meta name=\"robots\" content=\"index, follow, max-snippet:-1, max-image-preview:large, max-video-preview:-1\" \/>\n<link rel=\"canonical\" href=\"https:\/\/blogi.eoppimispalvelut.fi\/otahaltuun\/google-g-suite\/\" \/>\n<meta property=\"og:locale\" content=\"fi_FI\" \/>\n<meta property=\"og:type\" content=\"article\" \/>\n<meta property=\"og:title\" content=\"Google G Suite - Ota haltuun\" \/>\n<meta property=\"og:description\" content=\"Lapin ammattikorkeakoulun opiskelijana Sinulla on k\u00e4yt\u00f6ss\u00e4 G Suite for Education -pilvipalvelut. Opiskelijoiden k\u00e4ytetyimpi\u00e4 ty\u00f6kaluja Google G Suite: tiedostojen yksil\u00f6llinen ja\/tai yhteis\u00f6llinen tuottaminen (teksti, diaesitykset) yhteydenpito (Google hangout)&hellip; Read more &quot;Google G Suite&quot;\" \/>\n<meta property=\"og:url\" content=\"https:\/\/blogi.eoppimispalvelut.fi\/otahaltuun\/google-g-suite\/\" \/>\n<meta property=\"og:site_name\" content=\"Ota haltuun\" \/>\n<meta property=\"article:modified_time\" content=\"2018-12-17T06:34:06+00:00\" \/>\n<meta name=\"twitter:card\" content=\"summary_large_image\" \/>\n<meta name=\"twitter:label1\" content=\"Est. reading time\" \/>\n\t<meta name=\"twitter:data1\" content=\"1 minute\" \/>\n<script type=\"application\/ld+json\" class=\"yoast-schema-graph\">{\"@context\":\"https:\/\/schema.org\",\"@graph\":[{\"@type\":\"WebPage\",\"@id\":\"https:\/\/blogi.eoppimispalvelut.fi\/otahaltuun\/google-g-suite\/\",\"url\":\"https:\/\/blogi.eoppimispalvelut.fi\/otahaltuun\/google-g-suite\/\",\"name\":\"Google G Suite - Ota haltuun\",\"isPartOf\":{\"@id\":\"https:\/\/blogi.eoppimispalvelut.fi\/otahaltuun\/#website\"},\"datePublished\":\"2017-11-20T07:54:49+00:00\",\"dateModified\":\"2018-12-17T06:34:06+00:00\",\"breadcrumb\":{\"@id\":\"https:\/\/blogi.eoppimispalvelut.fi\/otahaltuun\/google-g-suite\/#breadcrumb\"},\"inLanguage\":\"fi\",\"potentialAction\":[{\"@type\":\"ReadAction\",\"target\":[\"https:\/\/blogi.eoppimispalvelut.fi\/otahaltuun\/google-g-suite\/\"]}]},{\"@type\":\"BreadcrumbList\",\"@id\":\"https:\/\/blogi.eoppimispalvelut.fi\/otahaltuun\/google-g-suite\/#breadcrumb\",\"itemListElement\":[{\"@type\":\"ListItem\",\"position\":1,\"name\":\"Home\",\"item\":\"https:\/\/blogi.eoppimispalvelut.fi\/otahaltuun\/\"},{\"@type\":\"ListItem\",\"position\":2,\"name\":\"Google G Suite\"}]},{\"@type\":\"WebSite\",\"@id\":\"https:\/\/blogi.eoppimispalvelut.fi\/otahaltuun\/#website\",\"url\":\"https:\/\/blogi.eoppimispalvelut.fi\/otahaltuun\/\",\"name\":\"Ota haltuun Ver New\",\"description\":\"Ota haltuun opintoja tukevat j\u00e4rjestelm\u00e4t\",\"publisher\":{\"@id\":\"https:\/\/blogi.eoppimispalvelut.fi\/otahaltuun\/#organization\"},\"potentialAction\":[{\"@type\":\"SearchAction\",\"target\":{\"@type\":\"EntryPoint\",\"urlTemplate\":\"https:\/\/blogi.eoppimispalvelut.fi\/otahaltuun\/?s={search_term_string}\"},\"query-input\":{\"@type\":\"PropertyValueSpecification\",\"valueRequired\":true,\"valueName\":\"search_term_string\"}}],\"inLanguage\":\"fi\"},{\"@type\":\"Organization\",\"@id\":\"https:\/\/blogi.eoppimispalvelut.fi\/otahaltuun\/#organization\",\"name\":\"Ota haltuun Lapin AMK\",\"url\":\"https:\/\/blogi.eoppimispalvelut.fi\/otahaltuun\/\",\"logo\":{\"@type\":\"ImageObject\",\"inLanguage\":\"fi\",\"@id\":\"https:\/\/blogi.eoppimispalvelut.fi\/otahaltuun\/#\/schema\/logo\/image\/\",\"url\":\"https:\/\/blogi.eoppimispalvelut.fi\/otahaltuun\/files\/2017\/11\/cropped-training-2874597_1920-1.jpg\",\"contentUrl\":\"https:\/\/blogi.eoppimispalvelut.fi\/otahaltuun\/files\/2017\/11\/cropped-training-2874597_1920-1.jpg\",\"width\":1920,\"height\":500,\"caption\":\"Ota haltuun Lapin AMK\"},\"image\":{\"@id\":\"https:\/\/blogi.eoppimispalvelut.fi\/otahaltuun\/#\/schema\/logo\/image\/\"}}]}<\/script>\n<!-- \/ Yoast SEO plugin. -->","yoast_head_json":{"title":"Google G Suite - Ota haltuun","robots":{"index":"index","follow":"follow","max-snippet":"max-snippet:-1","max-image-preview":"max-image-preview:large","max-video-preview":"max-video-preview:-1"},"canonical":"https:\/\/blogi.eoppimispalvelut.fi\/otahaltuun\/google-g-suite\/","og_locale":"fi_FI","og_type":"article","og_title":"Google G Suite - Ota haltuun","og_description":"Lapin ammattikorkeakoulun opiskelijana Sinulla on k\u00e4yt\u00f6ss\u00e4 G Suite for Education -pilvipalvelut. Opiskelijoiden k\u00e4ytetyimpi\u00e4 ty\u00f6kaluja Google G Suite: tiedostojen yksil\u00f6llinen ja\/tai yhteis\u00f6llinen tuottaminen (teksti, diaesitykset) yhteydenpito (Google hangout)&hellip; Read more \"Google G Suite\"","og_url":"https:\/\/blogi.eoppimispalvelut.fi\/otahaltuun\/google-g-suite\/","og_site_name":"Ota haltuun","article_modified_time":"2018-12-17T06:34:06+00:00","twitter_card":"summary_large_image","twitter_misc":{"Est. reading time":"1 minute"},"schema":{"@context":"https:\/\/schema.org","@graph":[{"@type":"WebPage","@id":"https:\/\/blogi.eoppimispalvelut.fi\/otahaltuun\/google-g-suite\/","url":"https:\/\/blogi.eoppimispalvelut.fi\/otahaltuun\/google-g-suite\/","name":"Google G Suite - Ota haltuun","isPartOf":{"@id":"https:\/\/blogi.eoppimispalvelut.fi\/otahaltuun\/#website"},"datePublished":"2017-11-20T07:54:49+00:00","dateModified":"2018-12-17T06:34:06+00:00","breadcrumb":{"@id":"https:\/\/blogi.eoppimispalvelut.fi\/otahaltuun\/google-g-suite\/#breadcrumb"},"inLanguage":"fi","potentialAction":[{"@type":"ReadAction","target":["https:\/\/blogi.eoppimispalvelut.fi\/otahaltuun\/google-g-suite\/"]}]},{"@type":"BreadcrumbList","@id":"https:\/\/blogi.eoppimispalvelut.fi\/otahaltuun\/google-g-suite\/#breadcrumb","itemListElement":[{"@type":"ListItem","position":1,"name":"Home","item":"https:\/\/blogi.eoppimispalvelut.fi\/otahaltuun\/"},{"@type":"ListItem","position":2,"name":"Google G Suite"}]},{"@type":"WebSite","@id":"https:\/\/blogi.eoppimispalvelut.fi\/otahaltuun\/#website","url":"https:\/\/blogi.eoppimispalvelut.fi\/otahaltuun\/","name":"Ota haltuun Ver New","description":"Ota haltuun opintoja tukevat j\u00e4rjestelm\u00e4t","publisher":{"@id":"https:\/\/blogi.eoppimispalvelut.fi\/otahaltuun\/#organization"},"potentialAction":[{"@type":"SearchAction","target":{"@type":"EntryPoint","urlTemplate":"https:\/\/blogi.eoppimispalvelut.fi\/otahaltuun\/?s={search_term_string}"},"query-input":{"@type":"PropertyValueSpecification","valueRequired":true,"valueName":"search_term_string"}}],"inLanguage":"fi"},{"@type":"Organization","@id":"https:\/\/blogi.eoppimispalvelut.fi\/otahaltuun\/#organization","name":"Ota haltuun Lapin AMK","url":"https:\/\/blogi.eoppimispalvelut.fi\/otahaltuun\/","logo":{"@type":"ImageObject","inLanguage":"fi","@id":"https:\/\/blogi.eoppimispalvelut.fi\/otahaltuun\/#\/schema\/logo\/image\/","url":"https:\/\/blogi.eoppimispalvelut.fi\/otahaltuun\/files\/2017\/11\/cropped-training-2874597_1920-1.jpg","contentUrl":"https:\/\/blogi.eoppimispalvelut.fi\/otahaltuun\/files\/2017\/11\/cropped-training-2874597_1920-1.jpg","width":1920,"height":500,"caption":"Ota haltuun Lapin AMK"},"image":{"@id":"https:\/\/blogi.eoppimispalvelut.fi\/otahaltuun\/#\/schema\/logo\/image\/"}}]}},"_links":{"self":[{"href":"https:\/\/blogi.eoppimispalvelut.fi\/otahaltuun\/wp-json\/wp\/v2\/pages\/43","targetHints":{"allow":["GET"]}}],"collection":[{"href":"https:\/\/blogi.eoppimispalvelut.fi\/otahaltuun\/wp-json\/wp\/v2\/pages"}],"about":[{"href":"https:\/\/blogi.eoppimispalvelut.fi\/otahaltuun\/wp-json\/wp\/v2\/types\/page"}],"author":[{"embeddable":true,"href":"https:\/\/blogi.eoppimispalvelut.fi\/otahaltuun\/wp-json\/wp\/v2\/users\/36"}],"replies":[{"embeddable":true,"href":"https:\/\/blogi.eoppimispalvelut.fi\/otahaltuun\/wp-json\/wp\/v2\/comments?post=43"}],"version-history":[{"count":23,"href":"https:\/\/blogi.eoppimispalvelut.fi\/otahaltuun\/wp-json\/wp\/v2\/pages\/43\/revisions"}],"predecessor-version":[{"id":413,"href":"https:\/\/blogi.eoppimispalvelut.fi\/otahaltuun\/wp-json\/wp\/v2\/pages\/43\/revisions\/413"}],"wp:attachment":[{"href":"https:\/\/blogi.eoppimispalvelut.fi\/otahaltuun\/wp-json\/wp\/v2\/media?parent=43"}],"curies":[{"name":"wp","href":"https:\/\/api.w.org\/{rel}","templated":true}]}}