{"id":12,"date":"2017-03-14T10:20:51","date_gmt":"2017-03-14T08:20:51","guid":{"rendered":"https:\/\/blogi.eoppimispalvelut.fi\/ovethanke\/?page_id=12"},"modified":"2017-03-30T15:34:13","modified_gmt":"2017-03-30T12:34:13","slug":"etusivu","status":"publish","type":"page","link":"https:\/\/blogi.eoppimispalvelut.fi\/ovethanke\/","title":{"rendered":""},"content":{"rendered":"<h3 style=\"text-align: center\">Blogissa asiantuntijat kirjoittavat ajankohtaisista aiheista<\/h3>\n<p>&nbsp;<\/p>\n<style type=\"text\/css\">#post-grid-137 .element_0{display: block;font-size: 21px;line-height: normal;padding: 5px 10px;text-align: left;}#post-grid-137 .element_1{display: block;font-size: 12px;padding: 5px 10px;text-align: left;}#post-grid-137 .element_2{display: block;font-size: 12px;font-weight: bold;padding: 0 10px;text-align: left;}#post-grid-137 .element_0:hover{}#post-grid-137 .element_1:hover{}#post-grid-137 .element_2:hover{}#post-grid-137 .item{\r\n\t\t\tbackground:#fff;\r\n\t\r\n\t\t\t}<\/style><style type=\"text\/css\">\/*Write your CSS code here*\/<\/style><style type=\"text\/css\">#post-grid-137 .pagination .page-numbers, #post-grid-137 .pagination .pager{\r\n\t\t\r\n\t\tfont-size:17px;\t\t\r\n\t\tcolor:#fff;\t\t\r\n\t\tbackground:#646464;\r\n\t\t\r\n\t\t\r\n\t\t}#post-grid-137 .pagination .page-numbers:hover, #post-grid-137 .pagination .page-numbers.current, #post-grid-137 .pagination .pager.active{\r\n\t\tbackground:#4b4b4b;\r\n\t\t}#post-grid-137 .nav-filter .filter{\r\n\t\t\r\n\t\tfont-size:17px;\t\t\r\n\t\tcolor:#fff;\t\t\r\n\t\tbackground:#646464;\r\n\r\n\t\t}#post-grid-137 .nav-filter .filter:hover, #post-grid-137 .nav-filter .filter.active{\r\n\t\tbackground:#4b4b4b;\r\n\t\t}#post-grid-137 .owl-dots .owl-dot {\r\n\t\t\tbackground: #e6e6e6 none repeat scroll 0 0;\r\n\t\t\t\t \r\n\t\t\t}#post-grid-137 {\r\n\t\t\tpadding:10px;\r\n\t\t\tbackground: #fff url() repeat scroll 0 0;\r\n\t\t}#post-grid-137 .item .layer-media{height:auto;overflow: hidden;\r\n\t\t}#post-grid-137 .item{\r\n\t\tmargin:10px;}@media only screen and (min-width: 1024px ) {#post-grid-137 .item{height:auto;}}@media only screen and ( min-width: 768px ) and ( max-width: 1023px ) {#post-grid-137 .item{height:220px;}}@media only screen and ( min-width: 0px ) and ( max-width: 767px ){#post-grid-137 .item{height:220px;}}\r\n\t@media only screen and (min-width: 1024px ) {\r\n\t#post-grid-137 .item{width:260px}\r\n\t\r\n\t}\r\n\t\r\n\t@media only screen and ( min-width: 768px ) and ( max-width: 1023px ) {\r\n\t#post-grid-137 .item{width:260px}\r\n\t}\r\n\t\r\n\t@media only screen and ( min-width: 320px ) and ( max-width: 767px ) {\r\n\t#post-grid-137 .item{width:90%}\r\n\t}<\/style><div id=\"post-grid-137\" class=\"post-grid grid\"><div class=\"grid-nav-top\"><\/div><div class=\"grid-items \" id=\"\"><div  class=\"item mix skin even flat yleinen \"><div class=\"layer-media\"><a href=\"https:\/\/blogi.eoppimispalvelut.fi\/ovethanke\/2019\/12\/12\/kiitos-yhteistyota-ja-onnea-vuoteen-2020\/\"><img decoding=\"async\" alt=\"\" src=\"https:\/\/blogi.eoppimispalvelut.fi\/ovethanke\/files\/2019\/12\/Christmas-e1576184423623-300x198.jpg\" \/><\/a><\/div><div class=\"layer-content\"><div class=\"element element_0 title\"  >Kiitos yhteisty\u00f6t\u00e4 ja onnea vuoteen 2020!<\/div><div class=\"element element_1 excerpt\"  >OVET-hanke p\u00e4\u00e4ttyy, joten on tullut aika kiitt\u00e4\u00e4 kaikkia hankkeessa mukana olleita yrityksi\u00e4 yhteisty\u00f6st\u00e4! Sen lis\u00e4ksi kiit\u00e4mme kaikkia muita osapuolia, jotka<\/div><a target=\"\" class=\"element element_2 read_more\"  href=\"https:\/\/blogi.eoppimispalvelut.fi\/ovethanke\/2019\/12\/12\/kiitos-yhteistyota-ja-onnea-vuoteen-2020\/\">Read more.<\/a><\/div><\/div><div  class=\"item mix skin odd flat yleinen \"><div class=\"layer-media\"><a href=\"https:\/\/blogi.eoppimispalvelut.fi\/ovethanke\/2019\/12\/12\/ovet-hankkeen-mikro-ja-pienyrittajien-tyohyvinvoinnin-ja-osallisuuden-tila-vuonna-2019\/\"><img decoding=\"async\" alt=\"\" src=\"https:\/\/blogi.eoppimispalvelut.fi\/ovethanke\/files\/2017\/11\/talvi-300x200.jpg\" \/><\/a><\/div><div class=\"layer-content\"><div class=\"element element_0 title\"  >OVET- hankkeen mikro- ja pienyritt\u00e4jien ty\u00f6hyvinvoinnin ja osallisuuden tila vuonna 2019<\/div><div class=\"element element_1 excerpt\"  >Johdanto OVET -hankkeen (2017\u20132019) p\u00e4\u00e4tavoitteena on ollut kaupan-, siivous- ja ravitsemisalan mikro- ja pienyritysten osallisuuden ja ty\u00f6hyvinvoinnin parantaminen sek\u00e4 sit\u00e4<\/div><a target=\"\" class=\"element element_2 read_more\"  href=\"https:\/\/blogi.eoppimispalvelut.fi\/ovethanke\/2019\/12\/12\/ovet-hankkeen-mikro-ja-pienyrittajien-tyohyvinvoinnin-ja-osallisuuden-tila-vuonna-2019\/\">Read more.<\/a><\/div><\/div><div  class=\"item mix skin even flat yleinen \"><div class=\"layer-media\"><a href=\"https:\/\/blogi.eoppimispalvelut.fi\/ovethanke\/2019\/11\/01\/mikro-ja-pienyrittajien-tyohyvinvoinnin-ja-osallisuuden-kehittaminen-tuloksia-ovet-hankkeesta\/\"><img decoding=\"async\" alt=\"\" src=\"https:\/\/blogi.eoppimispalvelut.fi\/ovethanke\/files\/2019\/11\/winter\u00a7.jpg\" \/><\/a><\/div><div class=\"layer-content\"><div class=\"element element_0 title\"  >Mikro- ja pienyritt\u00e4jien ty\u00f6hyvinvoinnin ja osallisuuden kehitt\u00e4minen \u2013 Tuloksia OVET-hankkeesta<\/div><div class=\"element element_1 excerpt\"  >Johdanto Ty\u00f6hyvinvointi-k\u00e4sitteen\u00e4 on laaja-alainen ja moniulotteinen. Ty\u00f6hyvinvoinnilla on niin fyysiset, sosiaaliset kuin yksil\u00f6llisetkin ulottuvuutensa. Ty\u00f6hyvinvointitutkimus l\u00e4hti liikkeelle ty\u00f6n aiheuttamista ty\u00f6ntekij\u00e4n<\/div><a target=\"\" class=\"element element_2 read_more\"  href=\"https:\/\/blogi.eoppimispalvelut.fi\/ovethanke\/2019\/11\/01\/mikro-ja-pienyrittajien-tyohyvinvoinnin-ja-osallisuuden-kehittaminen-tuloksia-ovet-hankkeesta\/\">Read more.<\/a><\/div><\/div><div  class=\"item mix skin odd flat yleinen \"><div class=\"layer-media\"><a href=\"https:\/\/blogi.eoppimispalvelut.fi\/ovethanke\/2019\/10\/29\/tervetuloa-ovet-hankkeen-itsensa-johtaminen-esimiestyopajaan-ke-13-11-2019-klo-12-15-30-kajaaniin\/\"><img decoding=\"async\" alt=\"\" src=\"https:\/\/blogi.eoppimispalvelut.fi\/ovethanke\/files\/2019\/10\/Lehti-e1571155389412-300x200.jpg\" \/><\/a><\/div><div class=\"layer-content\"><div class=\"element element_0 title\"  >Tervetuloa OVET-hankkeen Itsens\u00e4 johtaminen esimiesty\u00f6pajaan Kajaaniin!<\/div><div class=\"element element_1 excerpt\"  >Aika:\u00a0ke 13.11.2019 klo 12-15.30 Paikka: Kajaanin ammattikorkeakoulu, Ketunpolku 4, rakennus Taito 2, nojatuoliluokka Asiantuntijana esimiesty\u00f6pajassa toimii sosiaalipsykolohi, koulutusjohtaja, YTM, Silja<\/div><a target=\"\" class=\"element element_2 read_more\"  href=\"https:\/\/blogi.eoppimispalvelut.fi\/ovethanke\/2019\/10\/29\/tervetuloa-ovet-hankkeen-itsensa-johtaminen-esimiestyopajaan-ke-13-11-2019-klo-12-15-30-kajaaniin\/\">Read more.<\/a><\/div><\/div><div  class=\"item mix skin even flat yleinen \"><div class=\"layer-media\"><a href=\"https:\/\/blogi.eoppimispalvelut.fi\/ovethanke\/2019\/10\/15\/tervetuloa-mikro-ja-pienyrittajien-hyvinvointi-ja-virkistystapahtumaan-21-11-2019\/\"><img decoding=\"async\" alt=\"\" src=\"https:\/\/blogi.eoppimispalvelut.fi\/ovethanke\/files\/2017\/09\/apple-496977_640-300x200.jpg\" \/><\/a><\/div><div class=\"layer-content\"><div class=\"element element_0 title\"  >Tervetuloa mikro-ja pienyritt\u00e4jien hyvinvointi- ja virkistystapahtumaan 21.11.2019<\/div><div class=\"element element_1 excerpt\"  >Tervetuloa mikro-ja pienyritt\u00e4jien hyvinvointi- ja virkistystapahtumaan 21.11.2019 nimelt\u00e4\u00e4n HYVINVOINTIPL\u00c4J\u00c4YS &#8211; T\u00c4N\u00c4\u00c4N ON MINUN P\u00c4IV\u00c4NI! P\u00e4iv\u00e4ohjelma: Hotel Santa Claus, Kokoustila Kuru,<\/div><a target=\"\" class=\"element element_2 read_more\"  href=\"https:\/\/blogi.eoppimispalvelut.fi\/ovethanke\/2019\/10\/15\/tervetuloa-mikro-ja-pienyrittajien-hyvinvointi-ja-virkistystapahtumaan-21-11-2019\/\">Read more.<\/a><\/div><\/div><div  class=\"item mix skin odd flat yleinen \"><div class=\"layer-media\"><a href=\"https:\/\/blogi.eoppimispalvelut.fi\/ovethanke\/2019\/10\/09\/tervetuloa-ovet-hankkeen-johtajana-kehittyminen-esimiestyopajaan-kajaaniin\/\"><img decoding=\"async\" alt=\"\" src=\"https:\/\/blogi.eoppimispalvelut.fi\/ovethanke\/files\/2017\/06\/flowers-22893_640-300x200.jpg\" \/><\/a><\/div><div class=\"layer-content\"><div class=\"element element_0 title\"  >Tervetuloa OVET-hankkeen Johtajana kehittyminen -esimiesty\u00f6pajaan Kajaaniin!<\/div><div class=\"element element_1 excerpt\"  >Aika:\u00a023.10.2019 klo 12-15.30 Paikka: Kajaanin ammattikorkeakoulu, Ketunpolku 4, rakennus Taito 2, B-ovi, nojatuoliluokka. Ovissa on opasteet. Kampuskartta l\u00f6ytyy t\u00e4\u00e4lt\u00e4.\u00a0 (Pys\u00e4k\u00f6intipaikkoja<\/div><a target=\"\" class=\"element element_2 read_more\"  href=\"https:\/\/blogi.eoppimispalvelut.fi\/ovethanke\/2019\/10\/09\/tervetuloa-ovet-hankkeen-johtajana-kehittyminen-esimiestyopajaan-kajaaniin\/\">Read more.<\/a><\/div><\/div><div  class=\"item mix skin even flat yleinen \"><div class=\"layer-media\"><a href=\"https:\/\/blogi.eoppimispalvelut.fi\/ovethanke\/2019\/09\/30\/osallistamalla-hyvinvointia-ja-tuottavuutta-ovet-hankkeen-julkaisu-nyt-saatavilla\/\"><img decoding=\"async\" alt=\"\" src=\"https:\/\/blogi.eoppimispalvelut.fi\/ovethanke\/files\/2019\/09\/Julkaisu-300x199.png\" \/><\/a><\/div><div class=\"layer-content\"><div class=\"element element_0 title\"  >Osallistamalla hyvinvointia ja tuottavuutta (OVET) &#8211; hankkeen julkaisu nyt saatavilla!<\/div><div class=\"element element_1 excerpt\"  >OVET -hankkeen julkaisu kuvaa hankkeen toimintaa ja sen tuloksia. Hankkeen keskeisen\u00e4 tavoitteena oli mikro- ja pk-yritysten henkil\u00f6st\u00f6n ty\u00f6hyvinvoinnin ja osallisuuden<\/div><a target=\"\" class=\"element element_2 read_more\"  href=\"https:\/\/blogi.eoppimispalvelut.fi\/ovethanke\/2019\/09\/30\/osallistamalla-hyvinvointia-ja-tuottavuutta-ovet-hankkeen-julkaisu-nyt-saatavilla\/\">Read more.<\/a><\/div><\/div><div  class=\"item mix skin odd flat yleinen \"><div class=\"layer-media\"><a href=\"https:\/\/blogi.eoppimispalvelut.fi\/ovethanke\/2019\/08\/28\/tervetuloa-lean-johtamisen-ja-henkiloston-osallistamisen-valineena-seminaariin\/\"><img decoding=\"async\" alt=\"\" src=\"https:\/\/blogi.eoppimispalvelut.fi\/ovethanke\/files\/2019\/08\/Syksylehti-1.jpg\" \/><\/a><\/div><div class=\"layer-content\"><div class=\"element element_0 title\"  >Tervetuloa Lean johtamisen ja henkil\u00f6st\u00f6n osallistamisen v\u00e4lineen\u00e4 -seminaariin!<\/div><div class=\"element element_1 excerpt\"  >Aika: 26.9.2019 klo 13-16.00 Rovaniemell\u00e4: Lapin ammattikorkeakoulu, Jokiv\u00e4yl\u00e4 11, luokka A205 Kajaanissa: Kajaanin ammattikorkeakoulu, Ketunpolku 4, rakennus Taito 2, nojatuoliluokka<\/div><a target=\"\" class=\"element element_2 read_more\"  href=\"https:\/\/blogi.eoppimispalvelut.fi\/ovethanke\/2019\/08\/28\/tervetuloa-lean-johtamisen-ja-henkiloston-osallistamisen-valineena-seminaariin\/\">Read more.<\/a><\/div><\/div><div  class=\"item mix skin even flat yleinen \"><div class=\"layer-media\"><a href=\"https:\/\/blogi.eoppimispalvelut.fi\/ovethanke\/2019\/06\/13\/terveisia-ovet-hankkeen-hyvinvoinnilla-menestykseen-seminaarista\/\"><img decoding=\"async\" alt=\"\" src=\"https:\/\/blogi.eoppimispalvelut.fi\/ovethanke\/files\/2019\/06\/15316450407_2e7986663c_m-e1560423609206.jpg\" \/><\/a><\/div><div class=\"layer-content\"><div class=\"element element_0 title\"  >Terveisi\u00e4 OVET-hankkeen Hyvinvoinnilla menestykseen -seminaarista<\/div><div class=\"element element_1 excerpt\"  >OVET \u2013hankkeen kev\u00e4tseminaari, Hyvinvoinnilla menestykseen, j\u00e4rjestettiin 8.5.2019. Tapahtumapaikkana oli Korundi, Rovaniemelle, josta oli et\u00e4yhteys my\u00f6s Kajaaniin. OVET-hankkeen keskeisen\u00e4 tavoitteena on<\/div><a target=\"\" class=\"element element_2 read_more\"  href=\"https:\/\/blogi.eoppimispalvelut.fi\/ovethanke\/2019\/06\/13\/terveisia-ovet-hankkeen-hyvinvoinnilla-menestykseen-seminaarista\/\">Read more.<\/a><\/div><\/div><div  class=\"item mix skin odd flat yleinen \"><div class=\"layer-media\"><a href=\"https:\/\/blogi.eoppimispalvelut.fi\/ovethanke\/2019\/04\/16\/hyvinvoinnilla-menestykseen-seminaari\/\"><img decoding=\"async\" alt=\"\" src=\"https:\/\/blogi.eoppimispalvelut.fi\/ovethanke\/files\/2019\/04\/Picture1-e1560430706600-1-300x200.jpg\" \/><\/a><\/div><div class=\"layer-content\"><div class=\"element element_0 title\"  >HYVINVOINNILLA MENESTYKSEEN-SEMINAARI<\/div><div class=\"element element_1 excerpt\"  >Tule verkostoitumaan ja kuuntelemaan ty\u00f6hyvinvoinnin ja osallistavan johtamisen asiantuntijoita! Seminaari tarjoaa ideoita ja konkreettisia ty\u00f6kaluja arjen esimiesty\u00f6h\u00f6n ja ty\u00f6yhteis\u00f6n hyvinvoinnin<\/div><a target=\"\" class=\"element element_2 read_more\"  href=\"https:\/\/blogi.eoppimispalvelut.fi\/ovethanke\/2019\/04\/16\/hyvinvoinnilla-menestykseen-seminaari\/\">Read more.<\/a><\/div><\/div><\/div><div class=\"grid-nav-bottom\"><div class=\"pagination\"><div class=\"paginate\"><span aria-current=\"page\" class=\"page-numbers current\">1<\/span>\n<a class=\"page-numbers\" href=\"https:\/\/blogi.eoppimispalvelut.fi\/ovethanke\/wp-json\/wp\/v2\/pages\/12\/page\/2\/\">2<\/a>\n<a class=\"next page-numbers\" href=\"https:\/\/blogi.eoppimispalvelut.fi\/ovethanke\/wp-json\/wp\/v2\/pages\/12\/page\/2\/\">Next \u00bb<\/a><\/div ><\/div ><\/div><script>\r\n\t\tjQuery(document).ready(function($)\r\n\t\t{\r\n\t\t\t$(\"#post-grid-137 .layer-media .gallery\").owlCarousel({\r\n\t\t\t\t\r\n\t\t\t\titems : 1,\r\n\r\n\t\t\t\tnavText : [\"\",\"\"],\r\n\t\t\t\tautoplay: true,\r\n\t\t\t\tloop: true,\r\n\t\t\t\tautoHeight : true,\t\r\n\t\t\t\tnav : false,\t\r\n\t\t\t\tdots : false,\t\t\t\t\t\r\n\t\t\t\t\t\t\t\t\t\t\t\r\n\t\t\t\t\t\t\t\t\r\n\t\t\t\t});\r\n\t\t\r\n\t\t});<\/script><\/div>\n","protected":false},"excerpt":{"rendered":"<p>Blogissa asiantuntijat kirjoittavat ajankohtaisista aiheista &nbsp;<\/p>\n","protected":false},"author":1231,"featured_media":0,"parent":0,"menu_order":0,"comment_status":"closed","ping_status":"closed","template":"","meta":{"footnotes":""},"class_list":["post-12","page","type-page","status-publish","hentry"],"_links":{"self":[{"href":"https:\/\/blogi.eoppimispalvelut.fi\/ovethanke\/wp-json\/wp\/v2\/pages\/12","targetHints":{"allow":["GET"]}}],"collection":[{"href":"https:\/\/blogi.eoppimispalvelut.fi\/ovethanke\/wp-json\/wp\/v2\/pages"}],"about":[{"href":"https:\/\/blogi.eoppimispalvelut.fi\/ovethanke\/wp-json\/wp\/v2\/types\/page"}],"author":[{"embeddable":true,"href":"https:\/\/blogi.eoppimispalvelut.fi\/ovethanke\/wp-json\/wp\/v2\/users\/1231"}],"replies":[{"embeddable":true,"href":"https:\/\/blogi.eoppimispalvelut.fi\/ovethanke\/wp-json\/wp\/v2\/comments?post=12"}],"version-history":[{"count":7,"href":"https:\/\/blogi.eoppimispalvelut.fi\/ovethanke\/wp-json\/wp\/v2\/pages\/12\/revisions"}],"predecessor-version":[{"id":155,"href":"https:\/\/blogi.eoppimispalvelut.fi\/ovethanke\/wp-json\/wp\/v2\/pages\/12\/revisions\/155"}],"wp:attachment":[{"href":"https:\/\/blogi.eoppimispalvelut.fi\/ovethanke\/wp-json\/wp\/v2\/media?parent=12"}],"curies":[{"name":"wp","href":"https:\/\/api.w.org\/{rel}","templated":true}]}}