{"id":2,"date":"2016-06-02T12:18:33","date_gmt":"2016-06-02T09:18:33","guid":{"rendered":"https:\/\/blogi.eoppimispalvelut.fi\/epakki\/?page_id=2"},"modified":"2020-02-17T23:27:13","modified_gmt":"2020-02-17T21:27:13","slug":"esimerkkisivu","status":"publish","type":"page","link":"https:\/\/blogi.eoppimispalvelut.fi\/pakki\/","title":{"rendered":""},"content":{"rendered":"<p>Tervetuloa k\u00e4ytt\u00e4m\u00e4\u00e4n ePakkia. eOppimispalvelut ovat koonneet sinulle eri oppimisprosesseja tukevia &#8220;ideakortteja&#8221;, joiden tarkoitus on lyhyesti kuvata jonkin ohjelman tai palvelun k\u00e4ytt\u00f6mahdollisuuksia ja rajoitteita opetuksessa. Kurkista Ideakortit-yl\u00e4valikkoon ja l\u00f6yd\u00e4 uusia ideoita.<\/p>\n<p>UUTTA! Haluatko opiskella itsen\u00e4isesti jonkin ohjelman tai asian, esimerkiksi Youtuben k\u00e4yt\u00f6n (videoiden lataaminen ja kanavan perustaminen)? Aloitamme kev\u00e4\u00e4ll\u00e4 itseopiskelupakettien rakentamisen, opiskeltavat kurssit tulet l\u00f6yt\u00e4m\u00e4\u00e4n Opiskele itsen\u00e4isesti -yl\u00e4valikosta.<\/p>\n","protected":false},"excerpt":{"rendered":"<p>Tervetuloa k\u00e4ytt\u00e4m\u00e4\u00e4n ePakkia. eOppimispalvelut ovat koonneet sinulle eri oppimisprosesseja tukevia &#8220;ideakortteja&#8221;, joiden tarkoitus on lyhyesti kuvata jonkin ohjelman tai palvelun k\u00e4ytt\u00f6mahdollisuuksia ja rajoitteita opetuksessa. Kurkista Ideakortit-yl\u00e4valikkoon ja l\u00f6yd\u00e4 uusia ideoita. UUTTA! Haluatko opiskella itsen\u00e4isesti jonkin ohjelman tai asian, esimerkiksi Youtuben k\u00e4yt\u00f6n (videoiden lataaminen ja kanavan perustaminen)? Aloitamme kev\u00e4\u00e4ll\u00e4 itseopiskelupakettien rakentamisen, opiskeltavat kurssit tulet l\u00f6yt\u00e4m\u00e4\u00e4n Opiskele [&hellip;]<\/p>\n","protected":false},"author":30,"featured_media":0,"parent":0,"menu_order":0,"comment_status":"closed","ping_status":"open","template":"","meta":{"jetpack_post_was_ever_published":false,"footnotes":""},"class_list":["post-2","page","type-page","status-publish","hentry"],"jetpack_sharing_enabled":true,"jetpack_shortlink":"https:\/\/wp.me\/P8iVBS-2","_links":{"self":[{"href":"https:\/\/blogi.eoppimispalvelut.fi\/pakki\/wp-json\/wp\/v2\/pages\/2","targetHints":{"allow":["GET"]}}],"collection":[{"href":"https:\/\/blogi.eoppimispalvelut.fi\/pakki\/wp-json\/wp\/v2\/pages"}],"about":[{"href":"https:\/\/blogi.eoppimispalvelut.fi\/pakki\/wp-json\/wp\/v2\/types\/page"}],"author":[{"embeddable":true,"href":"https:\/\/blogi.eoppimispalvelut.fi\/pakki\/wp-json\/wp\/v2\/users\/30"}],"replies":[{"embeddable":true,"href":"https:\/\/blogi.eoppimispalvelut.fi\/pakki\/wp-json\/wp\/v2\/comments?post=2"}],"version-history":[{"count":3,"href":"https:\/\/blogi.eoppimispalvelut.fi\/pakki\/wp-json\/wp\/v2\/pages\/2\/revisions"}],"predecessor-version":[{"id":493,"href":"https:\/\/blogi.eoppimispalvelut.fi\/pakki\/wp-json\/wp\/v2\/pages\/2\/revisions\/493"}],"wp:attachment":[{"href":"https:\/\/blogi.eoppimispalvelut.fi\/pakki\/wp-json\/wp\/v2\/media?parent=2"}],"curies":[{"name":"wp","href":"https:\/\/api.w.org\/{rel}","templated":true}]}}