{"id":486,"date":"2020-02-17T15:54:54","date_gmt":"2020-02-17T13:54:54","guid":{"rendered":"https:\/\/blogi.eoppimispalvelut.fi\/pakki\/?page_id=486"},"modified":"2020-02-17T18:03:38","modified_gmt":"2020-02-17T16:03:38","slug":"minun-kurssini","status":"publish","type":"page","link":"https:\/\/blogi.eoppimispalvelut.fi\/pakki\/minun-kurssini\/","title":{"rendered":"Minun kurssini"},"content":{"rendered":"\t\t<div id=\"my-courses\">\n\t\t\t\t\t\t<div class=\"col2-set\" id=\"customer_login\">\n\n\t\t\t\t<div class=\"col-1\">\n\t\t\t\t\t\n<h2>Kirjaudu sis\u00e4\u00e4n<\/h2>\n\n<form method=\"post\" name=\"sensi-login-form\" id=\"loginform\" class=\"login sensei\">\n\n\t\n\t<p class=\"sensei-login-username form-row form-row-wide\">\n\n\t\t\t\t<label for=\"sensei_user_login\">K\u00e4ytt\u00e4j\u00e4tunnus tai s\u00e4hk\u00f6postiosoite <\/label>\n\n\t\t\t\t<input type=\"text\" name=\"log\" id=\"sensei_user_login\" class=\"input input-text\" value=\"\" size=\"20\">\n\n\t<\/p>\n\n\t<p class=\"sensei-login-password form-row form-row-wide\">\n\n\t\t\t\t<label for=\"sensei_user_pass\"> Salasana  <\/label>\n\n\t\t\t\t<input type=\"password\" name=\"pwd\" id=\"sensei_user_pass\" class=\"input txt text input-text\" value=\"\" size=\"20\">\n\n\t<\/p>\n\n\t\n\t<p class='sensei-login-submit'>\n\n\t\t<input type=\"submit\" class=\"button wp-element-button\" name=\"login\" value=\"Kirjaudu sis\u00e4\u00e4n\" \/>\n\n\t\t<a href=\"https:\/\/blogi.eoppimispalvelut.fi\/pakki\/wp-login.php?action=lostpassword\">Unohtuiko salasanasi?<\/a>\n\n\t<\/p>\n\n\t<p class='remember_me' >\n\n\t\t<label for=\"rememberme\" class=\"inline\">\n\n\t\t\t<input name=\"rememberme\" type=\"checkbox\" id=\"rememberme\" value=\"forever\" \/> Muista minut\n\t\t<\/label>\n\n\t<\/p>\n\n\t\n\t<input type=\"hidden\" id=\"_wpnonce\" name=\"_wpnonce\" value=\"299f9d9a2d\" \/><input type=\"hidden\" name=\"_wp_http_referer\" value=\"\/pakki\/wp-json\/wp\/v2\/pages\/486\" \/>\n\t<input type=\"hidden\" name=\"redirect\" value=\"https:\/\/blogi.eoppimispalvelut.fi\/pakki\/wp-json\/wp\/v2\/pages\/486\" \/>\n\n\t<input type=\"hidden\" name=\"form\" value=\"sensei-login\" \/>\n\n\t<div class=\"clear\"><\/div>\n\n<\/form>\n\n\t\t\t\t<\/div>\n\n\t\t\t\n\t\t\t\t<div class=\"col-2\">\n\t\t\t\t\t<h2>Rekister\u00f6idy<\/h2>\n\n\t\t\t\t\t<form method=\"post\" class=\"register\">\n\n\t\t\t\t\t\t\n\t\t\t\t\t\t<p class=\"form-row form-row-wide\">\n\t\t\t\t\t\t\t<label for=\"sensei_reg_username\">K\u00e4ytt\u00e4j\u00e4tunnus <span class=\"required\">*<\/span><\/label>\n\t\t\t\t\t\t\t<input type=\"text\" class=\"input-text\" name=\"sensei_reg_username\" id=\"sensei_reg_username\" value=\"\" \/>\n\t\t\t\t\t\t<\/p>\n\n\t\t\t\t\t\t<p class=\"form-row form-row-wide\">\n\t\t\t\t\t\t\t<label for=\"sensei_reg_email\">S\u00e4hk\u00f6postiosoite <span class=\"required\">*<\/span><\/label>\n\t\t\t\t\t\t\t<input type=\"email\" class=\"input-text\" name=\"sensei_reg_email\" id=\"sensei_reg_email\" value=\"\" \/>\n\t\t\t\t\t\t<\/p>\n\n\t\t\t\t\t\t<p class=\"form-row form-row-wide\">\n\t\t\t\t\t\t\t<label for=\"sensei_reg_password\">Salasana <span class=\"required\">*<\/span><\/label>\n\t\t\t\t\t\t\t<input type=\"password\" class=\"input-text\" name=\"sensei_reg_password\" id=\"sensei_reg_password\" value=\"\" \/>\n\t\t\t\t\t\t<\/p>\n\n\t\t\t\t\t\t<!-- Spam Trap -->\n\t\t\t\t\t\t<div style=\"left:-999em; position:absolute;\"><label for=\"trap\">Anti-spam<\/label><input type=\"text\" name=\"email_2\" id=\"trap\" tabindex=\"-1\" \/><\/div>\n\n\t\t\t\t\t\t\t\t\t\t\t\t\n\t\t\t\t\t\t<input type=\"hidden\" id=\"_wpnonce\" name=\"_wpnonce\" value=\"c8109eee19\" \/><input type=\"hidden\" name=\"_wp_http_referer\" value=\"\/pakki\/wp-json\/wp\/v2\/pages\/486\" \/>\n\t\t\t\t\t\t<p class=\"form-row\">\n\t\t\t\t\t\t\t<input type=\"submit\" class=\"button wp-element-button\" name=\"register\" value=\"Rekister\u00f6idy\" \/>\n\t\t\t\t\t\t<\/p>\n\n\t\t\t\t\t\t\n\t\t\t\t\t<\/form>\n\t\t\t\t<\/div>\n\t\t\t\t\t\t\t<\/div>\n\t\t<\/div>\n\n\t\t\n","protected":false},"excerpt":{"rendered":"","protected":false},"author":31,"featured_media":0,"parent":0,"menu_order":0,"comment_status":"closed","ping_status":"closed","template":"","meta":{"jetpack_post_was_ever_published":false,"footnotes":""},"class_list":["post-486","page","type-page","status-publish","hentry"],"jetpack_sharing_enabled":true,"jetpack_shortlink":"https:\/\/wp.me\/P8iVBS-7Q","_links":{"self":[{"href":"https:\/\/blogi.eoppimispalvelut.fi\/pakki\/wp-json\/wp\/v2\/pages\/486","targetHints":{"allow":["GET"]}}],"collection":[{"href":"https:\/\/blogi.eoppimispalvelut.fi\/pakki\/wp-json\/wp\/v2\/pages"}],"about":[{"href":"https:\/\/blogi.eoppimispalvelut.fi\/pakki\/wp-json\/wp\/v2\/types\/page"}],"author":[{"embeddable":true,"href":"https:\/\/blogi.eoppimispalvelut.fi\/pakki\/wp-json\/wp\/v2\/users\/31"}],"replies":[{"embeddable":true,"href":"https:\/\/blogi.eoppimispalvelut.fi\/pakki\/wp-json\/wp\/v2\/comments?post=486"}],"version-history":[{"count":3,"href":"https:\/\/blogi.eoppimispalvelut.fi\/pakki\/wp-json\/wp\/v2\/pages\/486\/revisions"}],"predecessor-version":[{"id":491,"href":"https:\/\/blogi.eoppimispalvelut.fi\/pakki\/wp-json\/wp\/v2\/pages\/486\/revisions\/491"}],"wp:attachment":[{"href":"https:\/\/blogi.eoppimispalvelut.fi\/pakki\/wp-json\/wp\/v2\/media?parent=486"}],"curies":[{"name":"wp","href":"https:\/\/api.w.org\/{rel}","templated":true}]}}