{"id":30,"date":"2020-11-20T11:07:00","date_gmt":"2020-11-20T09:07:00","guid":{"rendered":"https:\/\/blogi.eoppimispalvelut.fi\/pekkakakkonen\/?page_id=30"},"modified":"2020-11-20T11:07:00","modified_gmt":"2020-11-20T09:07:00","slug":"yhteystiedot","status":"publish","type":"page","link":"https:\/\/blogi.eoppimispalvelut.fi\/pekkakakkonen\/yhteystiedot\/","title":{"rendered":"Yhteystiedot"},"content":{"rendered":"<p>T\u00e4h\u00e4n yhteystietoja ja henkil\u00f6iden roolituksia kuka tekee mit\u00e4kin<\/p>\n","protected":false},"excerpt":{"rendered":"<p>T\u00e4h\u00e4n yhteystietoja ja henkil\u00f6iden roolituksia kuka tekee mit\u00e4kin<\/p>\n","protected":false},"author":4879,"featured_media":0,"parent":0,"menu_order":0,"comment_status":"closed","ping_status":"closed","template":"","meta":{"content-type":"","_monsterinsights_skip_tracking":false,"_monsterinsights_sitenote_active":false,"_monsterinsights_sitenote_note":"","_monsterinsights_sitenote_category":0,"footnotes":""},"class_list":["post-30","page","type-page","status-publish","hentry"],"yoast_head":"<!-- This site is optimized with the Yoast SEO plugin v27.1.1 - https:\/\/yoast.com\/product\/yoast-seo-wordpress\/ -->\n<title>Yhteystiedot - Startup Consulting<\/title>\n<meta name=\"robots\" content=\"index, follow, max-snippet:-1, max-image-preview:large, max-video-preview:-1\" \/>\n<link rel=\"canonical\" href=\"https:\/\/blogi.eoppimispalvelut.fi\/pekkakakkonen\/yhteystiedot\/\" \/>\n<meta property=\"og:locale\" content=\"fi_FI\" \/>\n<meta property=\"og:type\" content=\"article\" \/>\n<meta property=\"og:title\" content=\"Yhteystiedot - Startup Consulting\" \/>\n<meta property=\"og:description\" content=\"T\u00e4h\u00e4n yhteystietoja ja henkil\u00f6iden roolituksia kuka tekee mit\u00e4kin\" \/>\n<meta property=\"og:url\" content=\"https:\/\/blogi.eoppimispalvelut.fi\/pekkakakkonen\/yhteystiedot\/\" \/>\n<meta property=\"og:site_name\" content=\"Startup Consulting\" \/>\n<meta name=\"twitter:card\" content=\"summary_large_image\" \/>\n<script type=\"application\/ld+json\" class=\"yoast-schema-graph\">{\"@context\":\"https:\/\/schema.org\",\"@graph\":[{\"@type\":\"WebPage\",\"@id\":\"https:\/\/blogi.eoppimispalvelut.fi\/pekkakakkonen\/yhteystiedot\/\",\"url\":\"https:\/\/blogi.eoppimispalvelut.fi\/pekkakakkonen\/yhteystiedot\/\",\"name\":\"Yhteystiedot - Startup Consulting\",\"isPartOf\":{\"@id\":\"https:\/\/blogi.eoppimispalvelut.fi\/pekkakakkonen\/#website\"},\"datePublished\":\"2020-11-20T09:07:00+00:00\",\"breadcrumb\":{\"@id\":\"https:\/\/blogi.eoppimispalvelut.fi\/pekkakakkonen\/yhteystiedot\/#breadcrumb\"},\"inLanguage\":\"fi\",\"potentialAction\":[{\"@type\":\"ReadAction\",\"target\":[\"https:\/\/blogi.eoppimispalvelut.fi\/pekkakakkonen\/yhteystiedot\/\"]}]},{\"@type\":\"BreadcrumbList\",\"@id\":\"https:\/\/blogi.eoppimispalvelut.fi\/pekkakakkonen\/yhteystiedot\/#breadcrumb\",\"itemListElement\":[{\"@type\":\"ListItem\",\"position\":1,\"name\":\"Home\",\"item\":\"https:\/\/blogi.eoppimispalvelut.fi\/pekkakakkonen\/\"},{\"@type\":\"ListItem\",\"position\":2,\"name\":\"Yhteystiedot\"}]},{\"@type\":\"WebSite\",\"@id\":\"https:\/\/blogi.eoppimispalvelut.fi\/pekkakakkonen\/#website\",\"url\":\"https:\/\/blogi.eoppimispalvelut.fi\/pekkakakkonen\/\",\"name\":\"Startup Consulting\",\"description\":\"Uusi eOppimispalvelut.fi Blogs -sivusto\",\"potentialAction\":[{\"@type\":\"SearchAction\",\"target\":{\"@type\":\"EntryPoint\",\"urlTemplate\":\"https:\/\/blogi.eoppimispalvelut.fi\/pekkakakkonen\/?s={search_term_string}\"},\"query-input\":{\"@type\":\"PropertyValueSpecification\",\"valueRequired\":true,\"valueName\":\"search_term_string\"}}],\"inLanguage\":\"fi\"}]}<\/script>\n<!-- \/ Yoast SEO plugin. -->","yoast_head_json":{"title":"Yhteystiedot - Startup Consulting","robots":{"index":"index","follow":"follow","max-snippet":"max-snippet:-1","max-image-preview":"max-image-preview:large","max-video-preview":"max-video-preview:-1"},"canonical":"https:\/\/blogi.eoppimispalvelut.fi\/pekkakakkonen\/yhteystiedot\/","og_locale":"fi_FI","og_type":"article","og_title":"Yhteystiedot - Startup Consulting","og_description":"T\u00e4h\u00e4n yhteystietoja ja henkil\u00f6iden roolituksia kuka tekee mit\u00e4kin","og_url":"https:\/\/blogi.eoppimispalvelut.fi\/pekkakakkonen\/yhteystiedot\/","og_site_name":"Startup Consulting","twitter_card":"summary_large_image","schema":{"@context":"https:\/\/schema.org","@graph":[{"@type":"WebPage","@id":"https:\/\/blogi.eoppimispalvelut.fi\/pekkakakkonen\/yhteystiedot\/","url":"https:\/\/blogi.eoppimispalvelut.fi\/pekkakakkonen\/yhteystiedot\/","name":"Yhteystiedot - Startup Consulting","isPartOf":{"@id":"https:\/\/blogi.eoppimispalvelut.fi\/pekkakakkonen\/#website"},"datePublished":"2020-11-20T09:07:00+00:00","breadcrumb":{"@id":"https:\/\/blogi.eoppimispalvelut.fi\/pekkakakkonen\/yhteystiedot\/#breadcrumb"},"inLanguage":"fi","potentialAction":[{"@type":"ReadAction","target":["https:\/\/blogi.eoppimispalvelut.fi\/pekkakakkonen\/yhteystiedot\/"]}]},{"@type":"BreadcrumbList","@id":"https:\/\/blogi.eoppimispalvelut.fi\/pekkakakkonen\/yhteystiedot\/#breadcrumb","itemListElement":[{"@type":"ListItem","position":1,"name":"Home","item":"https:\/\/blogi.eoppimispalvelut.fi\/pekkakakkonen\/"},{"@type":"ListItem","position":2,"name":"Yhteystiedot"}]},{"@type":"WebSite","@id":"https:\/\/blogi.eoppimispalvelut.fi\/pekkakakkonen\/#website","url":"https:\/\/blogi.eoppimispalvelut.fi\/pekkakakkonen\/","name":"Startup Consulting","description":"Uusi eOppimispalvelut.fi Blogs -sivusto","potentialAction":[{"@type":"SearchAction","target":{"@type":"EntryPoint","urlTemplate":"https:\/\/blogi.eoppimispalvelut.fi\/pekkakakkonen\/?s={search_term_string}"},"query-input":{"@type":"PropertyValueSpecification","valueRequired":true,"valueName":"search_term_string"}}],"inLanguage":"fi"}]}},"_links":{"self":[{"href":"https:\/\/blogi.eoppimispalvelut.fi\/pekkakakkonen\/wp-json\/wp\/v2\/pages\/30","targetHints":{"allow":["GET"]}}],"collection":[{"href":"https:\/\/blogi.eoppimispalvelut.fi\/pekkakakkonen\/wp-json\/wp\/v2\/pages"}],"about":[{"href":"https:\/\/blogi.eoppimispalvelut.fi\/pekkakakkonen\/wp-json\/wp\/v2\/types\/page"}],"author":[{"embeddable":true,"href":"https:\/\/blogi.eoppimispalvelut.fi\/pekkakakkonen\/wp-json\/wp\/v2\/users\/4879"}],"replies":[{"embeddable":true,"href":"https:\/\/blogi.eoppimispalvelut.fi\/pekkakakkonen\/wp-json\/wp\/v2\/comments?post=30"}],"version-history":[{"count":1,"href":"https:\/\/blogi.eoppimispalvelut.fi\/pekkakakkonen\/wp-json\/wp\/v2\/pages\/30\/revisions"}],"predecessor-version":[{"id":31,"href":"https:\/\/blogi.eoppimispalvelut.fi\/pekkakakkonen\/wp-json\/wp\/v2\/pages\/30\/revisions\/31"}],"wp:attachment":[{"href":"https:\/\/blogi.eoppimispalvelut.fi\/pekkakakkonen\/wp-json\/wp\/v2\/media?parent=30"}],"curies":[{"name":"wp","href":"https:\/\/api.w.org\/{rel}","templated":true}]}}