{"id":2787,"date":"2020-05-14T14:35:40","date_gmt":"2020-05-14T11:35:40","guid":{"rendered":"https:\/\/blogi.eoppimispalvelut.fi\/peppi-ohjeet\/files\/2020\/05\/LIs\u00e4\u00e4-vastuunjako-ja-koulutusalat-erilliseen-opintokokonaisuuteen.png"},"modified":"2020-05-14T14:35:56","modified_gmt":"2020-05-14T11:35:56","slug":"lisaa-vastuunjako-ja-koulutusalat-erilliseen-opintokokonaisuuteen","status":"inherit","type":"attachment","link":"https:\/\/blogi.eoppimispalvelut.fi\/peppi-ohjeet\/koulutus-ja-opetussuunnittelu\/opetussuunnitelmat\/muun-opetustarjonnan-suunnittelu\/erillisen-opintokokonaisuuden-rakentaminen\/lisaa-vastuunjako-ja-koulutusalat-erilliseen-opintokokonaisuuteen\/","title":{"rendered":"LIs\u00e4\u00e4 vastuunjako ja koulutusalat erilliseen opintokokonaisuuteen"},"author":4339,"featured_media":0,"comment_status":"closed","ping_status":"closed","template":"","meta":{"_monsterinsights_skip_tracking":false,"_monsterinsights_sitenote_active":false,"_monsterinsights_sitenote_note":"","_monsterinsights_sitenote_category":0},"class_list":["post-2787","attachment","type-attachment","status-inherit","hentry"],"description":{"rendered":"<p class=\"attachment\"><a href='https:\/\/blogi.eoppimispalvelut.fi\/peppi-ohjeet\/files\/2020\/05\/LIs\u00e4\u00e4-vastuunjako-ja-koulutusalat-erilliseen-opintokokonaisuuteen.png'><img loading=\"lazy\" decoding=\"async\" width=\"850\" height=\"392\" src=\"https:\/\/blogi.eoppimispalvelut.fi\/peppi-ohjeet\/files\/2020\/05\/LIs\u00e4\u00e4-vastuunjako-ja-koulutusalat-erilliseen-opintokokonaisuuteen.png\" class=\"attachment-medium size-medium\" alt=\"LIs\u00e4\u00e4 vastuunjako ja koulutusalat erilliseen opintokokonaisuuteen\" srcset=\"https:\/\/blogi.eoppimispalvelut.fi\/peppi-ohjeet\/files\/2020\/05\/LIs\u00e4\u00e4-vastuunjako-ja-koulutusalat-erilliseen-opintokokonaisuuteen.png 850w, https:\/\/blogi.eoppimispalvelut.fi\/peppi-ohjeet\/files\/2020\/05\/LIs\u00e4\u00e4-vastuunjako-ja-koulutusalat-erilliseen-opintokokonaisuuteen-768x354.png 768w, https:\/\/blogi.eoppimispalvelut.fi\/peppi-ohjeet\/files\/2020\/05\/LIs\u00e4\u00e4-vastuunjako-ja-koulutusalat-erilliseen-opintokokonaisuuteen-500x231.png 500w\" sizes=\"auto, (max-width: 850px) 100vw, 850px\" \/><\/a><\/p>\n"},"caption":{"rendered":"<p>Klikkaa kuva suuremmaksi<br \/>\n <a href=\"https:\/\/blogi.eoppimispalvelut.fi\/peppi-ohjeet\/koulutus-ja-opetussuunnittelu\/opetussuunnitelmat\/muun-opetustarjonnan-suunnittelu\/erillisen-opintokokonaisuuden-rakentaminen\/lisaa-vastuunjako-ja-koulutusalat-erilliseen-opintokokonaisuuteen\/\">Continue reading <span class=\"meta-nav\">&rarr;<\/span><\/a><\/p>\n"},"alt_text":"LIs\u00e4\u00e4 vastuunjako ja koulutusalat erilliseen opintokokonaisuuteen","media_type":"image","mime_type":"image\/png","media_details":{"width":850,"height":392,"file":"2020\/05\/LIs\u00e4\u00e4-vastuunjako-ja-koulutusalat-erilliseen-opintokokonaisuuteen.png","sizes":{"thumbnail":{"file":"LIs\u00e4\u00e4-vastuunjako-ja-koulutusalat-erilliseen-opintokokonaisuuteen-120x120.png","width":120,"height":120,"mime_type":"image\/png","source_url":"https:\/\/blogi.eoppimispalvelut.fi\/peppi-ohjeet\/files\/2020\/05\/LIs\u00e4\u00e4-vastuunjako-ja-koulutusalat-erilliseen-opintokokonaisuuteen-120x120.png"},"medium_large":{"file":"LIs\u00e4\u00e4-vastuunjako-ja-koulutusalat-erilliseen-opintokokonaisuuteen-768x354.png","width":768,"height":354,"mime_type":"image\/png","source_url":"https:\/\/blogi.eoppimispalvelut.fi\/peppi-ohjeet\/files\/2020\/05\/LIs\u00e4\u00e4-vastuunjako-ja-koulutusalat-erilliseen-opintokokonaisuuteen-768x354.png"},"post-thumbnail":{"file":"LIs\u00e4\u00e4-vastuunjako-ja-koulutusalat-erilliseen-opintokokonaisuuteen-850x288.png","width":850,"height":288,"mime_type":"image\/png","source_url":"https:\/\/blogi.eoppimispalvelut.fi\/peppi-ohjeet\/files\/2020\/05\/LIs\u00e4\u00e4-vastuunjako-ja-koulutusalat-erilliseen-opintokokonaisuuteen-850x288.png"},"large-feature":{"file":"LIs\u00e4\u00e4-vastuunjako-ja-koulutusalat-erilliseen-opintokokonaisuuteen-850x288.png","width":850,"height":288,"mime_type":"image\/png","source_url":"https:\/\/blogi.eoppimispalvelut.fi\/peppi-ohjeet\/files\/2020\/05\/LIs\u00e4\u00e4-vastuunjako-ja-koulutusalat-erilliseen-opintokokonaisuuteen-850x288.png"},"small-feature":{"file":"LIs\u00e4\u00e4-vastuunjako-ja-koulutusalat-erilliseen-opintokokonaisuuteen-500x231.png","width":500,"height":231,"mime_type":"image\/png","source_url":"https:\/\/blogi.eoppimispalvelut.fi\/peppi-ohjeet\/files\/2020\/05\/LIs\u00e4\u00e4-vastuunjako-ja-koulutusalat-erilliseen-opintokokonaisuuteen-500x231.png"},"full":{"file":"LIs\u00e4\u00e4-vastuunjako-ja-koulutusalat-erilliseen-opintokokonaisuuteen.png","width":850,"height":392,"mime_type":"image\/png","source_url":"https:\/\/blogi.eoppimispalvelut.fi\/peppi-ohjeet\/files\/2020\/05\/LIs\u00e4\u00e4-vastuunjako-ja-koulutusalat-erilliseen-opintokokonaisuuteen.png"}},"image_meta":{"aperture":"0","credit":"","camera":"","caption":"","created_timestamp":"0","copyright":"","focal_length":"0","iso":"0","shutter_speed":"0","title":"","orientation":"0","keywords":[]}},"post":2119,"source_url":"https:\/\/blogi.eoppimispalvelut.fi\/peppi-ohjeet\/files\/2020\/05\/LIs\u00e4\u00e4-vastuunjako-ja-koulutusalat-erilliseen-opintokokonaisuuteen.png","_links":{"self":[{"href":"https:\/\/blogi.eoppimispalvelut.fi\/peppi-ohjeet\/wp-json\/wp\/v2\/media\/2787","targetHints":{"allow":["GET"]}}],"collection":[{"href":"https:\/\/blogi.eoppimispalvelut.fi\/peppi-ohjeet\/wp-json\/wp\/v2\/media"}],"about":[{"href":"https:\/\/blogi.eoppimispalvelut.fi\/peppi-ohjeet\/wp-json\/wp\/v2\/types\/attachment"}],"author":[{"embeddable":true,"href":"https:\/\/blogi.eoppimispalvelut.fi\/peppi-ohjeet\/wp-json\/wp\/v2\/users\/4339"}],"replies":[{"embeddable":true,"href":"https:\/\/blogi.eoppimispalvelut.fi\/peppi-ohjeet\/wp-json\/wp\/v2\/comments?post=2787"}],"wp:attached-to":[{"embeddable":true,"post_type":"page","id":2119,"href":"https:\/\/blogi.eoppimispalvelut.fi\/peppi-ohjeet\/wp-json\/wp\/v2\/pages\/2119"}],"curies":[{"name":"wp","href":"https:\/\/api.w.org\/{rel}","templated":true}]}}

https://blogi.eoppimispalvelut.fi/peppi-ohjeet/files/2020/05/LIsää-vastuunjako-ja-koulutusalat-erilliseen-opintokokonaisuuteen.png

LIsää vastuunjako ja koulutusalat erilliseen opintokokonaisuuteen

<p class="attachment"><a href='https://blogi.eoppimispalvelut.fi/peppi-ohjeet/files/2020/05/LIsää-vastuunjako-ja-koulutusalat-erilliseen-opintokokonaisuuteen.png'><img loading="lazy" decoding="async" width="850" height="392" src="https://blogi.eoppimispalvelut.fi/peppi-ohjeet/files/2020/05/LIsää-vastuunjako-ja-koulutusalat-erilliseen-opintokokonaisuuteen.png" class="attachment-medium size-medium" alt="LIsää vastuunjako ja koulutusalat erilliseen opintokokonaisuuteen" srcset="https://blogi.eoppimispalvelut.fi/peppi-ohjeet/files/2020/05/LIsää-vastuunjako-ja-koulutusalat-erilliseen-opintokokonaisuuteen.png 850w, https://blogi.eoppimispalvelut.fi/peppi-ohjeet/files/2020/05/LIsää-vastuunjako-ja-koulutusalat-erilliseen-opintokokonaisuuteen-768x354.png 768w, https://blogi.eoppimispalvelut.fi/peppi-ohjeet/files/2020/05/LIsää-vastuunjako-ja-koulutusalat-erilliseen-opintokokonaisuuteen-500x231.png 500w" sizes="auto, (max-width: 850px) 100vw, 850px" /></a></p>

2020/05/LIsää-vastuunjako-ja-koulutusalat-erilliseen-opintokokonaisuuteen.png

LIsää-vastuunjako-ja-koulutusalat-erilliseen-opintokokonaisuuteen-120x120.png

https://blogi.eoppimispalvelut.fi/peppi-ohjeet/files/2020/05/LIsää-vastuunjako-ja-koulutusalat-erilliseen-opintokokonaisuuteen-120x120.png

LIsää-vastuunjako-ja-koulutusalat-erilliseen-opintokokonaisuuteen-768x354.png

https://blogi.eoppimispalvelut.fi/peppi-ohjeet/files/2020/05/LIsää-vastuunjako-ja-koulutusalat-erilliseen-opintokokonaisuuteen-768x354.png

LIsää-vastuunjako-ja-koulutusalat-erilliseen-opintokokonaisuuteen-850x288.png

https://blogi.eoppimispalvelut.fi/peppi-ohjeet/files/2020/05/LIsää-vastuunjako-ja-koulutusalat-erilliseen-opintokokonaisuuteen-850x288.png

LIsää-vastuunjako-ja-koulutusalat-erilliseen-opintokokonaisuuteen-500x231.png

https://blogi.eoppimispalvelut.fi/peppi-ohjeet/files/2020/05/LIsää-vastuunjako-ja-koulutusalat-erilliseen-opintokokonaisuuteen-500x231.png

LIsää-vastuunjako-ja-koulutusalat-erilliseen-opintokokonaisuuteen.png
