{"id":2791,"date":"2020-05-14T14:55:10","date_gmt":"2020-05-14T11:55:10","guid":{"rendered":"https:\/\/blogi.eoppimispalvelut.fi\/peppi-ohjeet\/files\/2020\/05\/Opintojakson-lis\u00e4\u00e4minen-erilliseen-opintokokonaisuuteen-vaihe-2.png"},"modified":"2020-05-14T14:55:26","modified_gmt":"2020-05-14T11:55:26","slug":"opintojakson-lisaaminen-erilliseen-opintokokonaisuuteen-vaihe-2","status":"inherit","type":"attachment","link":"https:\/\/blogi.eoppimispalvelut.fi\/peppi-ohjeet\/koulutus-ja-opetussuunnittelu\/opetussuunnitelmat\/muun-opetustarjonnan-suunnittelu\/erillisen-opintokokonaisuuden-rakentaminen\/opintojakson-lisaaminen-erilliseen-opintokokonaisuuteen-vaihe-2\/","title":{"rendered":"Opintojakson lis\u00e4\u00e4minen erilliseen opintokokonaisuuteen vaihe 2"},"author":4339,"featured_media":0,"comment_status":"closed","ping_status":"closed","template":"","meta":{"_monsterinsights_skip_tracking":false,"_monsterinsights_sitenote_active":false,"_monsterinsights_sitenote_note":"","_monsterinsights_sitenote_category":0},"class_list":["post-2791","attachment","type-attachment","status-inherit","hentry"],"description":{"rendered":"<p class=\"attachment\"><a href='https:\/\/blogi.eoppimispalvelut.fi\/peppi-ohjeet\/files\/2020\/05\/Opintojakson-lis\u00e4\u00e4minen-erilliseen-opintokokonaisuuteen-vaihe-2.png'><img loading=\"lazy\" decoding=\"async\" width=\"900\" height=\"397\" src=\"https:\/\/blogi.eoppimispalvelut.fi\/peppi-ohjeet\/files\/2020\/05\/Opintojakson-lis\u00e4\u00e4minen-erilliseen-opintokokonaisuuteen-vaihe-2-900x397.png\" class=\"attachment-medium size-medium\" alt=\"Opintojakson lis\u00e4\u00e4minen erilliseen opintokokonaisuuteen vaihe 2\" srcset=\"https:\/\/blogi.eoppimispalvelut.fi\/peppi-ohjeet\/files\/2020\/05\/Opintojakson-lis\u00e4\u00e4minen-erilliseen-opintokokonaisuuteen-vaihe-2-900x397.png 900w, https:\/\/blogi.eoppimispalvelut.fi\/peppi-ohjeet\/files\/2020\/05\/Opintojakson-lis\u00e4\u00e4minen-erilliseen-opintokokonaisuuteen-vaihe-2-768x338.png 768w, https:\/\/blogi.eoppimispalvelut.fi\/peppi-ohjeet\/files\/2020\/05\/Opintojakson-lis\u00e4\u00e4minen-erilliseen-opintokokonaisuuteen-vaihe-2-500x220.png 500w, https:\/\/blogi.eoppimispalvelut.fi\/peppi-ohjeet\/files\/2020\/05\/Opintojakson-lis\u00e4\u00e4minen-erilliseen-opintokokonaisuuteen-vaihe-2.png 1280w\" sizes=\"auto, (max-width: 900px) 100vw, 900px\" \/><\/a><\/p>\n"},"caption":{"rendered":"<p>Klikkaa kuva suuremmaksi <a href=\"https:\/\/blogi.eoppimispalvelut.fi\/peppi-ohjeet\/koulutus-ja-opetussuunnittelu\/opetussuunnitelmat\/muun-opetustarjonnan-suunnittelu\/erillisen-opintokokonaisuuden-rakentaminen\/opintojakson-lisaaminen-erilliseen-opintokokonaisuuteen-vaihe-2\/\">Continue reading <span class=\"meta-nav\">&rarr;<\/span><\/a><\/p>\n"},"alt_text":"Opintojakson lis\u00e4\u00e4minen erilliseen opintokokonaisuuteen vaihe 2","media_type":"image","mime_type":"image\/png","media_details":{"width":1280,"height":564,"file":"2020\/05\/Opintojakson-lis\u00e4\u00e4minen-erilliseen-opintokokonaisuuteen-vaihe-2.png","sizes":{"medium":{"file":"Opintojakson-lis\u00e4\u00e4minen-erilliseen-opintokokonaisuuteen-vaihe-2-900x397.png","width":900,"height":397,"mime_type":"image\/png","source_url":"https:\/\/blogi.eoppimispalvelut.fi\/peppi-ohjeet\/files\/2020\/05\/Opintojakson-lis\u00e4\u00e4minen-erilliseen-opintokokonaisuuteen-vaihe-2-900x397.png"},"thumbnail":{"file":"Opintojakson-lis\u00e4\u00e4minen-erilliseen-opintokokonaisuuteen-vaihe-2-120x120.png","width":120,"height":120,"mime_type":"image\/png","source_url":"https:\/\/blogi.eoppimispalvelut.fi\/peppi-ohjeet\/files\/2020\/05\/Opintojakson-lis\u00e4\u00e4minen-erilliseen-opintokokonaisuuteen-vaihe-2-120x120.png"},"medium_large":{"file":"Opintojakson-lis\u00e4\u00e4minen-erilliseen-opintokokonaisuuteen-vaihe-2-768x338.png","width":768,"height":338,"mime_type":"image\/png","source_url":"https:\/\/blogi.eoppimispalvelut.fi\/peppi-ohjeet\/files\/2020\/05\/Opintojakson-lis\u00e4\u00e4minen-erilliseen-opintokokonaisuuteen-vaihe-2-768x338.png"},"post-thumbnail":{"file":"Opintojakson-lis\u00e4\u00e4minen-erilliseen-opintokokonaisuuteen-vaihe-2-1000x288.png","width":1000,"height":288,"mime_type":"image\/png","source_url":"https:\/\/blogi.eoppimispalvelut.fi\/peppi-ohjeet\/files\/2020\/05\/Opintojakson-lis\u00e4\u00e4minen-erilliseen-opintokokonaisuuteen-vaihe-2-1000x288.png"},"large-feature":{"file":"Opintojakson-lis\u00e4\u00e4minen-erilliseen-opintokokonaisuuteen-vaihe-2-1000x288.png","width":1000,"height":288,"mime_type":"image\/png","source_url":"https:\/\/blogi.eoppimispalvelut.fi\/peppi-ohjeet\/files\/2020\/05\/Opintojakson-lis\u00e4\u00e4minen-erilliseen-opintokokonaisuuteen-vaihe-2-1000x288.png"},"small-feature":{"file":"Opintojakson-lis\u00e4\u00e4minen-erilliseen-opintokokonaisuuteen-vaihe-2-500x220.png","width":500,"height":220,"mime_type":"image\/png","source_url":"https:\/\/blogi.eoppimispalvelut.fi\/peppi-ohjeet\/files\/2020\/05\/Opintojakson-lis\u00e4\u00e4minen-erilliseen-opintokokonaisuuteen-vaihe-2-500x220.png"},"full":{"file":"Opintojakson-lis\u00e4\u00e4minen-erilliseen-opintokokonaisuuteen-vaihe-2.png","width":1280,"height":564,"mime_type":"image\/png","source_url":"https:\/\/blogi.eoppimispalvelut.fi\/peppi-ohjeet\/files\/2020\/05\/Opintojakson-lis\u00e4\u00e4minen-erilliseen-opintokokonaisuuteen-vaihe-2.png"}},"image_meta":{"aperture":"0","credit":"","camera":"","caption":"","created_timestamp":"0","copyright":"","focal_length":"0","iso":"0","shutter_speed":"0","title":"","orientation":"0","keywords":[]}},"post":2119,"source_url":"https:\/\/blogi.eoppimispalvelut.fi\/peppi-ohjeet\/files\/2020\/05\/Opintojakson-lis\u00e4\u00e4minen-erilliseen-opintokokonaisuuteen-vaihe-2.png","_links":{"self":[{"href":"https:\/\/blogi.eoppimispalvelut.fi\/peppi-ohjeet\/wp-json\/wp\/v2\/media\/2791","targetHints":{"allow":["GET"]}}],"collection":[{"href":"https:\/\/blogi.eoppimispalvelut.fi\/peppi-ohjeet\/wp-json\/wp\/v2\/media"}],"about":[{"href":"https:\/\/blogi.eoppimispalvelut.fi\/peppi-ohjeet\/wp-json\/wp\/v2\/types\/attachment"}],"author":[{"embeddable":true,"href":"https:\/\/blogi.eoppimispalvelut.fi\/peppi-ohjeet\/wp-json\/wp\/v2\/users\/4339"}],"replies":[{"embeddable":true,"href":"https:\/\/blogi.eoppimispalvelut.fi\/peppi-ohjeet\/wp-json\/wp\/v2\/comments?post=2791"}],"wp:attached-to":[{"embeddable":true,"post_type":"page","id":2119,"href":"https:\/\/blogi.eoppimispalvelut.fi\/peppi-ohjeet\/wp-json\/wp\/v2\/pages\/2119"}],"curies":[{"name":"wp","href":"https:\/\/api.w.org\/{rel}","templated":true}]}}

https://blogi.eoppimispalvelut.fi/peppi-ohjeet/files/2020/05/Opintojakson-lisääminen-erilliseen-opintokokonaisuuteen-vaihe-2.png

Opintojakson lisääminen erilliseen opintokokonaisuuteen vaihe 2

<p class="attachment"><a href='https://blogi.eoppimispalvelut.fi/peppi-ohjeet/files/2020/05/Opintojakson-lisääminen-erilliseen-opintokokonaisuuteen-vaihe-2.png'><img loading="lazy" decoding="async" width="900" height="397" src="https://blogi.eoppimispalvelut.fi/peppi-ohjeet/files/2020/05/Opintojakson-lisääminen-erilliseen-opintokokonaisuuteen-vaihe-2-900x397.png" class="attachment-medium size-medium" alt="Opintojakson lisääminen erilliseen opintokokonaisuuteen vaihe 2" srcset="https://blogi.eoppimispalvelut.fi/peppi-ohjeet/files/2020/05/Opintojakson-lisääminen-erilliseen-opintokokonaisuuteen-vaihe-2-900x397.png 900w, https://blogi.eoppimispalvelut.fi/peppi-ohjeet/files/2020/05/Opintojakson-lisääminen-erilliseen-opintokokonaisuuteen-vaihe-2-768x338.png 768w, https://blogi.eoppimispalvelut.fi/peppi-ohjeet/files/2020/05/Opintojakson-lisääminen-erilliseen-opintokokonaisuuteen-vaihe-2-500x220.png 500w, https://blogi.eoppimispalvelut.fi/peppi-ohjeet/files/2020/05/Opintojakson-lisääminen-erilliseen-opintokokonaisuuteen-vaihe-2.png 1280w" sizes="auto, (max-width: 900px) 100vw, 900px" /></a></p>

2020/05/Opintojakson-lisääminen-erilliseen-opintokokonaisuuteen-vaihe-2.png

Opintojakson-lisääminen-erilliseen-opintokokonaisuuteen-vaihe-2-900x397.png

https://blogi.eoppimispalvelut.fi/peppi-ohjeet/files/2020/05/Opintojakson-lisääminen-erilliseen-opintokokonaisuuteen-vaihe-2-900x397.png

Opintojakson-lisääminen-erilliseen-opintokokonaisuuteen-vaihe-2-120x120.png

https://blogi.eoppimispalvelut.fi/peppi-ohjeet/files/2020/05/Opintojakson-lisääminen-erilliseen-opintokokonaisuuteen-vaihe-2-120x120.png

Opintojakson-lisääminen-erilliseen-opintokokonaisuuteen-vaihe-2-768x338.png

https://blogi.eoppimispalvelut.fi/peppi-ohjeet/files/2020/05/Opintojakson-lisääminen-erilliseen-opintokokonaisuuteen-vaihe-2-768x338.png

Opintojakson-lisääminen-erilliseen-opintokokonaisuuteen-vaihe-2-1000x288.png

https://blogi.eoppimispalvelut.fi/peppi-ohjeet/files/2020/05/Opintojakson-lisääminen-erilliseen-opintokokonaisuuteen-vaihe-2-1000x288.png

Opintojakson-lisääminen-erilliseen-opintokokonaisuuteen-vaihe-2-500x220.png

https://blogi.eoppimispalvelut.fi/peppi-ohjeet/files/2020/05/Opintojakson-lisääminen-erilliseen-opintokokonaisuuteen-vaihe-2-500x220.png

Opintojakson-lisääminen-erilliseen-opintokokonaisuuteen-vaihe-2.png
