{"id":1236,"date":"2020-03-24T19:48:56","date_gmt":"2020-03-24T17:48:56","guid":{"rendered":"https:\/\/blogi.eoppimispalvelut.fi\/peppi-ohjeet\/?page_id=1236"},"modified":"2024-08-06T15:03:27","modified_gmt":"2024-08-06T12:03:27","slug":"toteutuksen-osan-luonti-arviointi-nakymassa-kaikille-opiskelijoille","status":"publish","type":"page","link":"https:\/\/blogi.eoppimispalvelut.fi\/peppi-ohjeet\/opetus_ohjaus\/arviointi-2\/toteutuksen-arviointi-sisaltaa-toteutuksen-osia-2\/toteutuksen-osan-luonti-arviointi-nakymassa-kaikille-opiskelijoille\/","title":{"rendered":"Toteutuksen osan luonti arviointin\u00e4kym\u00e4ss\u00e4 kaikille opiskelijoille"},"content":{"rendered":"<ol>\n<li>Mene toteutuksen Arvioinnit-v\u00e4lilehdelle.<\/li>\n<li>Valitse arviointin\u00e4kym\u00e4n yl\u00e4osasta &#8220;Lis\u00e4\u00e4 toteutuksen osa&#8221;.<\/li>\n<li>Mik\u00e4li haluat m\u00e4\u00e4ritell\u00e4 toteutuksen osalle painokertoimen, lis\u00e4\u00e4 ensin Arvosanan osuus -sarake Sarakkeet-painikkeesta. T\u00e4ll\u00f6in avautuvaan ikkunaan tulee Arvosanan osuus -sarake.<\/li>\n<li>Sy\u00f6t\u00e4 avautuvassa ikkunassa toteutuksen osan nimet suomeksi ja englanniksi, mahdollinen arvosanan osuus sek\u00e4 osan laajuus. Tallenna tiedot valitsemalla Lis\u00e4\u00e4. Kiinnit\u00e4 huomiota toteutuksen osien kirjoitusasuun, koska kyseiset tiedot n\u00e4kyv\u00e4t opiskelijan opintosuoritusotteella.<\/li>\n<\/ol>\n<div id=\"attachment_6899\" style=\"width: 594px\" class=\"wp-caption alignnone\"><a href=\"https:\/\/blogi.eoppimispalvelut.fi\/peppi-ohjeet\/files\/2024\/08\/Toteutuksen-osan-lisaaminen.png\" rel=\"attachment wp-att-1152\"><img loading=\"lazy\" decoding=\"async\" aria-describedby=\"caption-attachment-6899\" class=\"wp-image-6899 size-large\" src=\"https:\/\/blogi.eoppimispalvelut.fi\/peppi-ohjeet\/files\/2024\/08\/Toteutuksen-osan-lisaaminen-1280x299.png\" alt=\"Toteutuksen osan lis\u00e4\u00e4minen\" width=\"584\" height=\"136\" srcset=\"https:\/\/blogi.eoppimispalvelut.fi\/peppi-ohjeet\/files\/2024\/08\/Toteutuksen-osan-lisaaminen-1280x299.png 1280w, https:\/\/blogi.eoppimispalvelut.fi\/peppi-ohjeet\/files\/2024\/08\/Toteutuksen-osan-lisaaminen-600x140.png 600w, https:\/\/blogi.eoppimispalvelut.fi\/peppi-ohjeet\/files\/2024\/08\/Toteutuksen-osan-lisaaminen-768x180.png 768w, https:\/\/blogi.eoppimispalvelut.fi\/peppi-ohjeet\/files\/2024\/08\/Toteutuksen-osan-lisaaminen-1536x359.png 1536w, https:\/\/blogi.eoppimispalvelut.fi\/peppi-ohjeet\/files\/2024\/08\/Toteutuksen-osan-lisaaminen-2048x479.png 2048w, https:\/\/blogi.eoppimispalvelut.fi\/peppi-ohjeet\/files\/2024\/08\/Toteutuksen-osan-lisaaminen-500x117.png 500w\" sizes=\"auto, (max-width: 584px) 100vw, 584px\" \/><\/a><p id=\"caption-attachment-6899\" class=\"wp-caption-text\">Klikkaa kuvaa suuremmaksi<\/p><\/div>\n<p>&nbsp;<\/p>\n<hr \/>\n<p>Takaisin\u00a0<a href=\"https:\/\/blogi.eoppimispalvelut.fi\/peppi-ohjeet\/opetus_ohjaus\/\">Opetus ja ohjaus -sivulle<\/a><\/p>\n","protected":false},"excerpt":{"rendered":"<p>Mene toteutuksen Arvioinnit-v\u00e4lilehdelle. Valitse arviointin\u00e4kym\u00e4n yl\u00e4osasta &#8220;Lis\u00e4\u00e4 toteutuksen osa&#8221;. Mik\u00e4li haluat m\u00e4\u00e4ritell\u00e4 toteutuksen osalle painokertoimen, lis\u00e4\u00e4 ensin Arvosanan osuus -sarake Sarakkeet-painikkeesta. T\u00e4ll\u00f6in avautuvaan ikkunaan tulee Arvosanan osuus -sarake. Sy\u00f6t\u00e4 avautuvassa ikkunassa toteutuksen osan nimet suomeksi ja englanniksi, mahdollinen arvosanan osuus &hellip; <a href=\"https:\/\/blogi.eoppimispalvelut.fi\/peppi-ohjeet\/opetus_ohjaus\/arviointi-2\/toteutuksen-arviointi-sisaltaa-toteutuksen-osia-2\/toteutuksen-osan-luonti-arviointi-nakymassa-kaikille-opiskelijoille\/\">Continue reading <span class=\"meta-nav\">&rarr;<\/span><\/a><\/p>\n","protected":false},"author":4339,"featured_media":0,"parent":1232,"menu_order":0,"comment_status":"closed","ping_status":"closed","template":"","meta":{"_monsterinsights_skip_tracking":false,"_monsterinsights_sitenote_active":false,"_monsterinsights_sitenote_note":"","_monsterinsights_sitenote_category":0,"footnotes":""},"class_list":["post-1236","page","type-page","status-publish","hentry"],"_links":{"self":[{"href":"https:\/\/blogi.eoppimispalvelut.fi\/peppi-ohjeet\/wp-json\/wp\/v2\/pages\/1236","targetHints":{"allow":["GET"]}}],"collection":[{"href":"https:\/\/blogi.eoppimispalvelut.fi\/peppi-ohjeet\/wp-json\/wp\/v2\/pages"}],"about":[{"href":"https:\/\/blogi.eoppimispalvelut.fi\/peppi-ohjeet\/wp-json\/wp\/v2\/types\/page"}],"author":[{"embeddable":true,"href":"https:\/\/blogi.eoppimispalvelut.fi\/peppi-ohjeet\/wp-json\/wp\/v2\/users\/4339"}],"replies":[{"embeddable":true,"href":"https:\/\/blogi.eoppimispalvelut.fi\/peppi-ohjeet\/wp-json\/wp\/v2\/comments?post=1236"}],"version-history":[{"count":8,"href":"https:\/\/blogi.eoppimispalvelut.fi\/peppi-ohjeet\/wp-json\/wp\/v2\/pages\/1236\/revisions"}],"predecessor-version":[{"id":6904,"href":"https:\/\/blogi.eoppimispalvelut.fi\/peppi-ohjeet\/wp-json\/wp\/v2\/pages\/1236\/revisions\/6904"}],"up":[{"embeddable":true,"href":"https:\/\/blogi.eoppimispalvelut.fi\/peppi-ohjeet\/wp-json\/wp\/v2\/pages\/1232"}],"wp:attachment":[{"href":"https:\/\/blogi.eoppimispalvelut.fi\/peppi-ohjeet\/wp-json\/wp\/v2\/media?parent=1236"}],"curies":[{"name":"wp","href":"https:\/\/api.w.org\/{rel}","templated":true}]}}