{"id":1367,"date":"2020-03-26T11:22:37","date_gmt":"2020-03-26T09:22:37","guid":{"rendered":"https:\/\/blogi.eoppimispalvelut.fi\/peppi-ohjeet\/?page_id=1367"},"modified":"2024-08-20T15:26:20","modified_gmt":"2024-08-20T12:26:20","slug":"opintojen-lisaaminen-hopsiin","status":"publish","type":"page","link":"https:\/\/blogi.eoppimispalvelut.fi\/peppi-ohjeet\/opetus_ohjaus\/hops-ohjaus\/ryhmien-ohjaus\/opintojen-lisaaminen-hopsiin\/","title":{"rendered":"Opintojen lis\u00e4\u00e4minen HOPSiin"},"content":{"rendered":"<p>Katso <a href=\"https:\/\/youtu.be\/HOr478laedw\" target=\"_blank\" rel=\"noopener noreferrer\">video<\/a> (tekstityksen saa p\u00e4\u00e4lle [cc]-painikkeesta).<\/p>\n<p>Lis\u00e4\u00e4 opintoja HOPSiin -v\u00e4lilehdell\u00e4 voidaan lis\u00e4t\u00e4 opiskelijalle tai opiskelijoille opintotarjontaa, joka ei sis\u00e4lly h\u00e4nen HOPSiinsa ryhm\u00e4n opetussuunnitelman kautta. Kun opintojakso lis\u00e4t\u00e4\u00e4n HOPSiin, opiskelija voi ilmoittautua toteutukselle suoraan HOPSin kautta.<\/p>\n<div id=\"attachment_7027\" style=\"width: 594px\" class=\"wp-caption alignnone\"><a href=\"https:\/\/blogi.eoppimispalvelut.fi\/peppi-ohjeet\/files\/2024\/08\/Opintojen-lisaaminen-HOPSiin-1.png\"><img loading=\"lazy\" decoding=\"async\" aria-describedby=\"caption-attachment-7027\" class=\"size-large wp-image-7027\" src=\"https:\/\/blogi.eoppimispalvelut.fi\/peppi-ohjeet\/files\/2024\/08\/Opintojen-lisaaminen-HOPSiin-1-1280x485.png\" alt=\"Opintojen lis\u00e4\u00e4minen HOPSiin\" width=\"584\" height=\"221\" srcset=\"https:\/\/blogi.eoppimispalvelut.fi\/peppi-ohjeet\/files\/2024\/08\/Opintojen-lisaaminen-HOPSiin-1-1280x485.png 1280w, https:\/\/blogi.eoppimispalvelut.fi\/peppi-ohjeet\/files\/2024\/08\/Opintojen-lisaaminen-HOPSiin-1-600x227.png 600w, https:\/\/blogi.eoppimispalvelut.fi\/peppi-ohjeet\/files\/2024\/08\/Opintojen-lisaaminen-HOPSiin-1-768x291.png 768w, https:\/\/blogi.eoppimispalvelut.fi\/peppi-ohjeet\/files\/2024\/08\/Opintojen-lisaaminen-HOPSiin-1-1536x582.png 1536w, https:\/\/blogi.eoppimispalvelut.fi\/peppi-ohjeet\/files\/2024\/08\/Opintojen-lisaaminen-HOPSiin-1-2048x776.png 2048w, https:\/\/blogi.eoppimispalvelut.fi\/peppi-ohjeet\/files\/2024\/08\/Opintojen-lisaaminen-HOPSiin-1-500x189.png 500w\" sizes=\"auto, (max-width: 584px) 100vw, 584px\" \/><\/a><p id=\"caption-attachment-7027\" class=\"wp-caption-text\">Klikkaa kuvaa suuremmaksi<\/p><\/div>\n<ol>\n<li>Valitse ryhm\u00e4<\/li>\n<li>Valitse Lis\u00e4\u00e4 opintoja HOPSiin -v\u00e4lilehti<\/li>\n<li>Valitse opiskelija\/opiskelijat joiden HOPSiin haluat lis\u00e4t\u00e4 opintoja ja valitse &#8220;Lis\u00e4\u00e4 opintoja&#8221;<\/li>\n<\/ol>\n<p>Voit hakea lis\u00e4tt\u00e4v\u00e4n opinnon tai lis\u00e4tt\u00e4v\u00e4t opinnot avautuvassa Opintohaku-n\u00e4kym\u00e4ss\u00e4.<\/p>\n<div id=\"attachment_7028\" style=\"width: 594px\" class=\"wp-caption alignnone\"><a href=\"https:\/\/blogi.eoppimispalvelut.fi\/peppi-ohjeet\/files\/2024\/08\/Opintohaku.png\" rel=\"attachment wp-att-1400\"><img loading=\"lazy\" decoding=\"async\" aria-describedby=\"caption-attachment-7028\" class=\"wp-image-7028 size-large\" src=\"https:\/\/blogi.eoppimispalvelut.fi\/peppi-ohjeet\/files\/2024\/08\/Opintohaku-1280x655.png\" alt=\"Opintohaku\" width=\"584\" height=\"299\" srcset=\"https:\/\/blogi.eoppimispalvelut.fi\/peppi-ohjeet\/files\/2024\/08\/Opintohaku-1280x655.png 1280w, https:\/\/blogi.eoppimispalvelut.fi\/peppi-ohjeet\/files\/2024\/08\/Opintohaku-600x307.png 600w, https:\/\/blogi.eoppimispalvelut.fi\/peppi-ohjeet\/files\/2024\/08\/Opintohaku-768x393.png 768w, https:\/\/blogi.eoppimispalvelut.fi\/peppi-ohjeet\/files\/2024\/08\/Opintohaku-1536x786.png 1536w, https:\/\/blogi.eoppimispalvelut.fi\/peppi-ohjeet\/files\/2024\/08\/Opintohaku-2048x1048.png 2048w, https:\/\/blogi.eoppimispalvelut.fi\/peppi-ohjeet\/files\/2024\/08\/Opintohaku-500x256.png 500w\" sizes=\"auto, (max-width: 584px) 100vw, 584px\" \/><\/a><p id=\"caption-attachment-7028\" class=\"wp-caption-text\">Klikkaa kuvaa suuremmaksi<\/p><\/div>\n<ol>\n<li>Hae lis\u00e4tt\u00e4v\u00e4 opinto k\u00e4ytt\u00e4m\u00e4ll\u00e4 hakusanaa tai rajaamalla hakua alla olevilla faseteilla. Haun tulokset n\u00e4kyv\u00e4t ikkunan oikeassa reunassa.<\/li>\n<li>Valitse opinnon kohdalla &#8220;Lis\u00e4\u00e4 koriin&#8221;. Voit valita koriin useampia opintoja.<\/li>\n<li>Valitse Vie valitut HOPSiin<\/li>\n<\/ol>\n<p>&nbsp;<\/p>\n<hr \/>\n<p>Takaisin\u00a0<a href=\"https:\/\/blogi.eoppimispalvelut.fi\/peppi-ohjeet\/opetus_ohjaus\/\">Opetus ja ohjaus -sivulle<\/a><\/p>\n","protected":false},"excerpt":{"rendered":"<p>Katso video (tekstityksen saa p\u00e4\u00e4lle [cc]-painikkeesta). Lis\u00e4\u00e4 opintoja HOPSiin -v\u00e4lilehdell\u00e4 voidaan lis\u00e4t\u00e4 opiskelijalle tai opiskelijoille opintotarjontaa, joka ei sis\u00e4lly h\u00e4nen HOPSiinsa ryhm\u00e4n opetussuunnitelman kautta. Kun opintojakso lis\u00e4t\u00e4\u00e4n HOPSiin, opiskelija voi ilmoittautua toteutukselle suoraan HOPSin kautta. Valitse ryhm\u00e4 Valitse Lis\u00e4\u00e4 opintoja &hellip; <a href=\"https:\/\/blogi.eoppimispalvelut.fi\/peppi-ohjeet\/opetus_ohjaus\/hops-ohjaus\/ryhmien-ohjaus\/opintojen-lisaaminen-hopsiin\/\">Continue reading <span class=\"meta-nav\">&rarr;<\/span><\/a><\/p>\n","protected":false},"author":4339,"featured_media":0,"parent":1350,"menu_order":0,"comment_status":"closed","ping_status":"closed","template":"","meta":{"_monsterinsights_skip_tracking":false,"_monsterinsights_sitenote_active":false,"_monsterinsights_sitenote_note":"","_monsterinsights_sitenote_category":0,"footnotes":""},"class_list":["post-1367","page","type-page","status-publish","hentry"],"_links":{"self":[{"href":"https:\/\/blogi.eoppimispalvelut.fi\/peppi-ohjeet\/wp-json\/wp\/v2\/pages\/1367","targetHints":{"allow":["GET"]}}],"collection":[{"href":"https:\/\/blogi.eoppimispalvelut.fi\/peppi-ohjeet\/wp-json\/wp\/v2\/pages"}],"about":[{"href":"https:\/\/blogi.eoppimispalvelut.fi\/peppi-ohjeet\/wp-json\/wp\/v2\/types\/page"}],"author":[{"embeddable":true,"href":"https:\/\/blogi.eoppimispalvelut.fi\/peppi-ohjeet\/wp-json\/wp\/v2\/users\/4339"}],"replies":[{"embeddable":true,"href":"https:\/\/blogi.eoppimispalvelut.fi\/peppi-ohjeet\/wp-json\/wp\/v2\/comments?post=1367"}],"version-history":[{"count":12,"href":"https:\/\/blogi.eoppimispalvelut.fi\/peppi-ohjeet\/wp-json\/wp\/v2\/pages\/1367\/revisions"}],"predecessor-version":[{"id":7029,"href":"https:\/\/blogi.eoppimispalvelut.fi\/peppi-ohjeet\/wp-json\/wp\/v2\/pages\/1367\/revisions\/7029"}],"up":[{"embeddable":true,"href":"https:\/\/blogi.eoppimispalvelut.fi\/peppi-ohjeet\/wp-json\/wp\/v2\/pages\/1350"}],"wp:attachment":[{"href":"https:\/\/blogi.eoppimispalvelut.fi\/peppi-ohjeet\/wp-json\/wp\/v2\/media?parent=1367"}],"curies":[{"name":"wp","href":"https:\/\/api.w.org\/{rel}","templated":true}]}}