{"id":1513,"date":"2020-03-30T16:34:37","date_gmt":"2020-03-30T13:34:37","guid":{"rendered":"https:\/\/blogi.eoppimispalvelut.fi\/peppi-ohjeet\/?page_id=1513"},"modified":"2024-08-20T16:04:55","modified_gmt":"2024-08-20T13:04:55","slug":"jarjestely","status":"publish","type":"page","link":"https:\/\/blogi.eoppimispalvelut.fi\/peppi-ohjeet\/opetus_ohjaus\/hops-ohjaus\/opiskelijan-ohjaus\/jarjestely\/","title":{"rendered":"J\u00e4rjestely"},"content":{"rendered":"<p>Ohjaajana voit j\u00e4rjest\u00e4\u00e4 opintoja HOPSin rakenteen sis\u00e4ll\u00e4. Opintojen edist\u00e4miseksi ja ohjauksen tueksi HOPSia on hyv\u00e4 p\u00e4ivitt\u00e4\u00e4 ajantasaiseksi aina HOPS-keskusteluiden yhteydess\u00e4.<\/p>\n<p>Opintojen lopulla, kun opiskelija hakee valmistumista, opinto-ohjaaja j\u00e4rjestelee valmistumiskeskustelun yhteydess\u00e4 HOPSin tutkintotodistuksen mukaiseksi.<\/p>\n<p>Ota hiirell\u00e4 kiinni opintojaksosta ja raahaa se haluttuun paikkaan. Oranssi viiva ja nuoli kertovat, mihin kohtaan HOPS-rakenteessa opintoa ollaan raahamassa.<\/p>\n<p>Voit k\u00e4ytt\u00e4\u00e4 apunasi sivussa n\u00e4kyv\u00e4\u00e4 leikep\u00f6yt\u00e4\u00e4 tiputtamalla opinnon ensin leikep\u00f6yd\u00e4lle, vieritt\u00e4m\u00e4ll\u00e4 ikkunan sis\u00e4lt\u00f6\u00e4 haluamaasi kohtaan ja raahaamalla opinnon leikep\u00f6yd\u00e4lt\u00e4 haluaamaasi kohtaan HOPSin rakenteessa.<\/p>\n<div id=\"attachment_7045\" style=\"width: 594px\" class=\"wp-caption alignnone\"><a href=\"https:\/\/blogi.eoppimispalvelut.fi\/peppi-ohjeet\/files\/2024\/08\/HOPSin-jarjestely.png\" rel=\"attachment wp-att-1552\"><img loading=\"lazy\" decoding=\"async\" aria-describedby=\"caption-attachment-7045\" class=\"wp-image-7045 size-large\" src=\"https:\/\/blogi.eoppimispalvelut.fi\/peppi-ohjeet\/files\/2024\/08\/HOPSin-jarjestely-1280x658.png\" alt=\"HOPSin j\u00e4rjestely\" width=\"584\" height=\"300\" srcset=\"https:\/\/blogi.eoppimispalvelut.fi\/peppi-ohjeet\/files\/2024\/08\/HOPSin-jarjestely-1280x658.png 1280w, https:\/\/blogi.eoppimispalvelut.fi\/peppi-ohjeet\/files\/2024\/08\/HOPSin-jarjestely-600x308.png 600w, https:\/\/blogi.eoppimispalvelut.fi\/peppi-ohjeet\/files\/2024\/08\/HOPSin-jarjestely-768x395.png 768w, https:\/\/blogi.eoppimispalvelut.fi\/peppi-ohjeet\/files\/2024\/08\/HOPSin-jarjestely-1536x789.png 1536w, https:\/\/blogi.eoppimispalvelut.fi\/peppi-ohjeet\/files\/2024\/08\/HOPSin-jarjestely-2048x1052.png 2048w, https:\/\/blogi.eoppimispalvelut.fi\/peppi-ohjeet\/files\/2024\/08\/HOPSin-jarjestely-500x257.png 500w\" sizes=\"auto, (max-width: 584px) 100vw, 584px\" \/><\/a><p id=\"caption-attachment-7045\" class=\"wp-caption-text\">Klikkaa kuvaa suuremmaksi<\/p><\/div>\n<p>&nbsp;<\/p>\n<hr \/>\n<p>Takaisin\u00a0<a href=\"https:\/\/blogi.eoppimispalvelut.fi\/peppi-ohjeet\/opetus_ohjaus\/\">Opetus ja ohjaus -sivulle<\/a><\/p>\n","protected":false},"excerpt":{"rendered":"<p>Ohjaajana voit j\u00e4rjest\u00e4\u00e4 opintoja HOPSin rakenteen sis\u00e4ll\u00e4. Opintojen edist\u00e4miseksi ja ohjauksen tueksi HOPSia on hyv\u00e4 p\u00e4ivitt\u00e4\u00e4 ajantasaiseksi aina HOPS-keskusteluiden yhteydess\u00e4. Opintojen lopulla, kun opiskelija hakee valmistumista, opinto-ohjaaja j\u00e4rjestelee valmistumiskeskustelun yhteydess\u00e4 HOPSin tutkintotodistuksen mukaiseksi. Ota hiirell\u00e4 kiinni opintojaksosta ja raahaa se &hellip; <a href=\"https:\/\/blogi.eoppimispalvelut.fi\/peppi-ohjeet\/opetus_ohjaus\/hops-ohjaus\/opiskelijan-ohjaus\/jarjestely\/\">Continue reading <span class=\"meta-nav\">&rarr;<\/span><\/a><\/p>\n","protected":false},"author":4339,"featured_media":0,"parent":1422,"menu_order":0,"comment_status":"closed","ping_status":"closed","template":"","meta":{"_monsterinsights_skip_tracking":false,"_monsterinsights_sitenote_active":false,"_monsterinsights_sitenote_note":"","_monsterinsights_sitenote_category":0,"footnotes":""},"class_list":["post-1513","page","type-page","status-publish","hentry"],"_links":{"self":[{"href":"https:\/\/blogi.eoppimispalvelut.fi\/peppi-ohjeet\/wp-json\/wp\/v2\/pages\/1513","targetHints":{"allow":["GET"]}}],"collection":[{"href":"https:\/\/blogi.eoppimispalvelut.fi\/peppi-ohjeet\/wp-json\/wp\/v2\/pages"}],"about":[{"href":"https:\/\/blogi.eoppimispalvelut.fi\/peppi-ohjeet\/wp-json\/wp\/v2\/types\/page"}],"author":[{"embeddable":true,"href":"https:\/\/blogi.eoppimispalvelut.fi\/peppi-ohjeet\/wp-json\/wp\/v2\/users\/4339"}],"replies":[{"embeddable":true,"href":"https:\/\/blogi.eoppimispalvelut.fi\/peppi-ohjeet\/wp-json\/wp\/v2\/comments?post=1513"}],"version-history":[{"count":8,"href":"https:\/\/blogi.eoppimispalvelut.fi\/peppi-ohjeet\/wp-json\/wp\/v2\/pages\/1513\/revisions"}],"predecessor-version":[{"id":7046,"href":"https:\/\/blogi.eoppimispalvelut.fi\/peppi-ohjeet\/wp-json\/wp\/v2\/pages\/1513\/revisions\/7046"}],"up":[{"embeddable":true,"href":"https:\/\/blogi.eoppimispalvelut.fi\/peppi-ohjeet\/wp-json\/wp\/v2\/pages\/1422"}],"wp:attachment":[{"href":"https:\/\/blogi.eoppimispalvelut.fi\/peppi-ohjeet\/wp-json\/wp\/v2\/media?parent=1513"}],"curies":[{"name":"wp","href":"https:\/\/api.w.org\/{rel}","templated":true}]}}