{"id":1734,"date":"2020-04-06T10:05:16","date_gmt":"2020-04-06T07:05:16","guid":{"rendered":"https:\/\/blogi.eoppimispalvelut.fi\/peppi-ohjeet\/?page_id=1734"},"modified":"2025-01-16T09:51:16","modified_gmt":"2025-01-16T07:51:16","slug":"opintojaksopalaute","status":"publish","type":"page","link":"https:\/\/blogi.eoppimispalvelut.fi\/peppi-ohjeet\/opiskelijalle\/opintojaksopalaute\/","title":{"rendered":"Opintopalaute"},"content":{"rendered":"<p>Haluamme parantaa ja kehitt\u00e4\u00e4 toimintaamme, siksi haluamme tiet\u00e4\u00e4, kuinka onnistuimme!<\/p>\n<p>Voit antaa <a href=\"https:\/\/moodle.eoppimispalvelut.fi\/login\/index.php\" target=\"_blank\" rel=\"noopener\">Moodlessa<\/a> palautetta kaikista opintojaksototeutuksista, joihin olet ilmoittautunut ja ilmoittautumisesi on hyv\u00e4ksytty.<\/p>\n<ul>\n<li style=\"list-style-type: none;\"><\/li>\n<\/ul>\n<p><a href=\"https:\/\/drive.google.com\/file\/d\/1L1MsyXd38PDdMEPEwy8truZOhvXc7hzq\/view?usp=sharing\" target=\"_blank\" rel=\"noopener\">Opintopalauteohje opiskelijoille<\/a><\/p>\n<p>&nbsp;<\/p>\n<hr \/>\n<p>Takaisin\u00a0<a href=\"https:\/\/blogi.eoppimispalvelut.fi\/peppi-ohjeet\/opiskelijalle\/\">Opiskelijalle-sivulle<\/a><\/p>\n","protected":false},"excerpt":{"rendered":"<p>Haluamme parantaa ja kehitt\u00e4\u00e4 toimintaamme, siksi haluamme tiet\u00e4\u00e4, kuinka onnistuimme! Voit antaa Moodlessa palautetta kaikista opintojaksototeutuksista, joihin olet ilmoittautunut ja ilmoittautumisesi on hyv\u00e4ksytty. Opintopalauteohje opiskelijoille &nbsp; Takaisin\u00a0Opiskelijalle-sivulle<\/p>\n","protected":false},"author":4339,"featured_media":0,"parent":203,"menu_order":0,"comment_status":"closed","ping_status":"closed","template":"","meta":{"_monsterinsights_skip_tracking":false,"_monsterinsights_sitenote_active":false,"_monsterinsights_sitenote_note":"","_monsterinsights_sitenote_category":0,"footnotes":""},"class_list":["post-1734","page","type-page","status-publish","hentry"],"_links":{"self":[{"href":"https:\/\/blogi.eoppimispalvelut.fi\/peppi-ohjeet\/wp-json\/wp\/v2\/pages\/1734","targetHints":{"allow":["GET"]}}],"collection":[{"href":"https:\/\/blogi.eoppimispalvelut.fi\/peppi-ohjeet\/wp-json\/wp\/v2\/pages"}],"about":[{"href":"https:\/\/blogi.eoppimispalvelut.fi\/peppi-ohjeet\/wp-json\/wp\/v2\/types\/page"}],"author":[{"embeddable":true,"href":"https:\/\/blogi.eoppimispalvelut.fi\/peppi-ohjeet\/wp-json\/wp\/v2\/users\/4339"}],"replies":[{"embeddable":true,"href":"https:\/\/blogi.eoppimispalvelut.fi\/peppi-ohjeet\/wp-json\/wp\/v2\/comments?post=1734"}],"version-history":[{"count":16,"href":"https:\/\/blogi.eoppimispalvelut.fi\/peppi-ohjeet\/wp-json\/wp\/v2\/pages\/1734\/revisions"}],"predecessor-version":[{"id":7107,"href":"https:\/\/blogi.eoppimispalvelut.fi\/peppi-ohjeet\/wp-json\/wp\/v2\/pages\/1734\/revisions\/7107"}],"up":[{"embeddable":true,"href":"https:\/\/blogi.eoppimispalvelut.fi\/peppi-ohjeet\/wp-json\/wp\/v2\/pages\/203"}],"wp:attachment":[{"href":"https:\/\/blogi.eoppimispalvelut.fi\/peppi-ohjeet\/wp-json\/wp\/v2\/media?parent=1734"}],"curies":[{"name":"wp","href":"https:\/\/api.w.org\/{rel}","templated":true}]}}