{"id":1750,"date":"2020-04-06T10:28:49","date_gmt":"2020-04-06T07:28:49","guid":{"rendered":"https:\/\/blogi.eoppimispalvelut.fi\/peppi-ohjeet\/?page_id=1750"},"modified":"2024-06-28T15:01:24","modified_gmt":"2024-06-28T12:01:24","slug":"hakemus-vapautukseksi-pakollisista-kieliopinnoista","status":"publish","type":"page","link":"https:\/\/blogi.eoppimispalvelut.fi\/peppi-ohjeet\/opiskelijalle\/hakemukset\/hakemus-vapautukseksi-pakollisista-kieliopinnoista\/","title":{"rendered":"Hakemus vapautukseksi pakollisista kieliopinnoista"},"content":{"rendered":"<p>Katso <a href=\"https:\/\/youtu.be\/XWP1Oj04dho\" target=\"_blank\" rel=\"noopener noreferrer\">video<\/a> (tekstityksen saa p\u00e4\u00e4lle [cc]-painikkeesta).<\/p>\n<p>Ammattikorkeakouluissa suoritettavien tutkintojen kielitaitovaatimukset m\u00e4\u00e4ritell\u00e4\u00e4n ammattikorkeakouluasetuksessa (1129\/2014, 7 \u00a7). Opiskelijan tulee ammattikorkeakoulututkintoon sis\u00e4ltyviss\u00e4 opinnoissa tai muulla tavalla osoittaa saavuttaneensa<\/p>\n<ul>\n<li>sellainen suomen ja ruotsin kielen taito, joka valtion virkamiehilt\u00e4 vaadittavasta kielitaidosta annetun lain (6.6.2003\/424 ) mukaan vaaditaan korkeakoulututkintoa edellytt\u00e4v\u00e4\u00e4n virkaan kaksikielisell\u00e4 virka-alueella ja joka ammatin harjoittamisen ja ammatillisen kehityksen kannalta on tarpeellinen sek\u00e4<\/li>\n<li>sellainen koulutuksen mukainen yhden tai kahden vieraan kielen kirjallinen ja suullinen taito, joka ammatin harjoittamisen ja ammatillisen kehityksen kannalta on tarpeellinen.<\/li>\n<\/ul>\n<p>Mit\u00e4 kohdassa 1 s\u00e4\u00e4det\u00e4\u00e4n, ei koske opiskelijaa, joka on saanut koulusivistyksens\u00e4 muulla kuin suomen tai ruotsin kielell\u00e4, eik\u00e4 opiskelijaa, joka on saanut koulusivistyksens\u00e4 ulkomailla. T\u00e4llaiselta opiskelijalta vaadittavasta kielitaidosta p\u00e4\u00e4tt\u00e4\u00e4 ammattikorkeakoulu. Opiskelijan osoittama kielitaito ilmoitetaan tutkintotodistuksessa. Kielitaitoa merkitt\u00e4ess\u00e4 on otettava huomioon, mit\u00e4 suomen ja ruotsin kielen taidon osoittamisesta valtionhallinnossa annetun valtioneuvoston asetuksen (481\/2003) 19 \u00a7:ss\u00e4 s\u00e4\u00e4det\u00e4\u00e4n.<\/p>\n<p>Opiskelija voi hakea vapautusta pakollisista kieliopinnoista erityisen syyn perusteella (1129\/2014, 7\u00a7). Vapautusta koskevien opintojen tilalla suoritetaan muita opintoja.<\/p>\n<p>Vapautusta pakollisesta kieliopinnosta haetaan Pepiss\u00e4. Hakemus l\u00f6ytyy Pepin Hakemukset-valikon alta. Valitsemalla hakemuksen avautuu hakemusta koskevat ohjeet sek\u00e4 linkki hakemuksen t\u00e4ytt\u00e4miseksi.<\/p>\n<div id=\"attachment_6571\" style=\"width: 610px\" class=\"wp-caption alignleft\"><img loading=\"lazy\" decoding=\"async\" aria-describedby=\"caption-attachment-6571\" class=\"size-medium wp-image-6571\" src=\"https:\/\/blogi.eoppimispalvelut.fi\/peppi-ohjeet\/files\/2024\/06\/Hakemukset_kehys-600x307.png\" alt=\"Hakemukset\" width=\"600\" height=\"307\" srcset=\"https:\/\/blogi.eoppimispalvelut.fi\/peppi-ohjeet\/files\/2024\/06\/Hakemukset_kehys-600x307.png 600w, https:\/\/blogi.eoppimispalvelut.fi\/peppi-ohjeet\/files\/2024\/06\/Hakemukset_kehys-1280x654.png 1280w, https:\/\/blogi.eoppimispalvelut.fi\/peppi-ohjeet\/files\/2024\/06\/Hakemukset_kehys-768x392.png 768w, https:\/\/blogi.eoppimispalvelut.fi\/peppi-ohjeet\/files\/2024\/06\/Hakemukset_kehys-1536x785.png 1536w, https:\/\/blogi.eoppimispalvelut.fi\/peppi-ohjeet\/files\/2024\/06\/Hakemukset_kehys-500x255.png 500w, https:\/\/blogi.eoppimispalvelut.fi\/peppi-ohjeet\/files\/2024\/06\/Hakemukset_kehys.png 1556w\" sizes=\"auto, (max-width: 600px) 100vw, 600px\" \/><p id=\"caption-attachment-6571\" class=\"wp-caption-text\">Klikkaa kuva suuremmaksi<\/p><\/div>\n<p>&nbsp;<\/p>\n<p>&nbsp;<\/p>\n<p>&nbsp;<\/p>\n<p>&nbsp;<\/p>\n<p>&nbsp;<\/p>\n<p>&nbsp;<\/p>\n<p>&nbsp;<\/p>\n<p>&nbsp;<\/p>\n<p>&nbsp;<\/p>\n<hr \/>\n<p>Takaisin\u00a0<a href=\"https:\/\/blogi.eoppimispalvelut.fi\/peppi-ohjeet\/opiskelijalle\/\">Opiskelijalle-sivulle<\/a><\/p>\n","protected":false},"excerpt":{"rendered":"<p>Katso video (tekstityksen saa p\u00e4\u00e4lle [cc]-painikkeesta). Ammattikorkeakouluissa suoritettavien tutkintojen kielitaitovaatimukset m\u00e4\u00e4ritell\u00e4\u00e4n ammattikorkeakouluasetuksessa (1129\/2014, 7 \u00a7). Opiskelijan tulee ammattikorkeakoulututkintoon sis\u00e4ltyviss\u00e4 opinnoissa tai muulla tavalla osoittaa saavuttaneensa sellainen suomen ja ruotsin kielen taito, joka valtion virkamiehilt\u00e4 vaadittavasta kielitaidosta annetun lain (6.6.2003\/424 ) &hellip; <a href=\"https:\/\/blogi.eoppimispalvelut.fi\/peppi-ohjeet\/opiskelijalle\/hakemukset\/hakemus-vapautukseksi-pakollisista-kieliopinnoista\/\">Continue reading <span class=\"meta-nav\">&rarr;<\/span><\/a><\/p>\n","protected":false},"author":4339,"featured_media":0,"parent":1732,"menu_order":0,"comment_status":"closed","ping_status":"closed","template":"","meta":{"_monsterinsights_skip_tracking":false,"_monsterinsights_sitenote_active":false,"_monsterinsights_sitenote_note":"","_monsterinsights_sitenote_category":0,"footnotes":""},"class_list":["post-1750","page","type-page","status-publish","hentry"],"_links":{"self":[{"href":"https:\/\/blogi.eoppimispalvelut.fi\/peppi-ohjeet\/wp-json\/wp\/v2\/pages\/1750","targetHints":{"allow":["GET"]}}],"collection":[{"href":"https:\/\/blogi.eoppimispalvelut.fi\/peppi-ohjeet\/wp-json\/wp\/v2\/pages"}],"about":[{"href":"https:\/\/blogi.eoppimispalvelut.fi\/peppi-ohjeet\/wp-json\/wp\/v2\/types\/page"}],"author":[{"embeddable":true,"href":"https:\/\/blogi.eoppimispalvelut.fi\/peppi-ohjeet\/wp-json\/wp\/v2\/users\/4339"}],"replies":[{"embeddable":true,"href":"https:\/\/blogi.eoppimispalvelut.fi\/peppi-ohjeet\/wp-json\/wp\/v2\/comments?post=1750"}],"version-history":[{"count":13,"href":"https:\/\/blogi.eoppimispalvelut.fi\/peppi-ohjeet\/wp-json\/wp\/v2\/pages\/1750\/revisions"}],"predecessor-version":[{"id":6668,"href":"https:\/\/blogi.eoppimispalvelut.fi\/peppi-ohjeet\/wp-json\/wp\/v2\/pages\/1750\/revisions\/6668"}],"up":[{"embeddable":true,"href":"https:\/\/blogi.eoppimispalvelut.fi\/peppi-ohjeet\/wp-json\/wp\/v2\/pages\/1732"}],"wp:attachment":[{"href":"https:\/\/blogi.eoppimispalvelut.fi\/peppi-ohjeet\/wp-json\/wp\/v2\/media?parent=1750"}],"curies":[{"name":"wp","href":"https:\/\/api.w.org\/{rel}","templated":true}]}}