{"id":1918,"date":"2020-04-09T08:58:14","date_gmt":"2020-04-09T05:58:14","guid":{"rendered":"https:\/\/blogi.eoppimispalvelut.fi\/peppi-ohjeet\/?page_id=1918"},"modified":"2024-05-24T16:27:08","modified_gmt":"2024-05-24T13:27:08","slug":"opintojen-ajoitus","status":"publish","type":"page","link":"https:\/\/blogi.eoppimispalvelut.fi\/peppi-ohjeet\/opiskelijalle\/minun-opintoni\/hops-2\/opintojen-ajoitus\/","title":{"rendered":"Opintojen ajoitus"},"content":{"rendered":"<p>Katso <a href=\"https:\/\/youtu.be\/m37VRdg3svc\" target=\"_blank\" rel=\"noopener noreferrer\">video<\/a> (tekstityksen saa p\u00e4\u00e4lle [cc]-painikkeesta).<\/p>\n<p>Voit ajoittaa opintosi Ajoitus-v\u00e4lilehdell\u00e4. Varmistathan, ett\u00e4 opinto on tarjolla kyseisen\u00e4 ajankohtana. Opinnoille ilmoittaudutaan HOPSin Ilmoittautumiset-v\u00e4lilehdell\u00e4.<\/p>\n<ul>\n<li>Opintojen ajoittamisella lukukausille varmistat, ett\u00e4 opintoja tulee lukuvuositasolla riitt\u00e4v\u00e4sti. T\u00e4m\u00e4 tukee opintojen suorittamisen suunnittelua.<\/li>\n<li>Voit tarkastella ajoituksia eri aikaikkunoissa: Lukuvuodet \/ Lukukaudet \/ Periodit. Oletuksena Peppi n\u00e4ytt\u00e4\u00e4 ajoituksen lukukausittain.<\/li>\n<li>Voit ajoittaa my\u00f6s halutessasi kes\u00e4opintoja, klikkaamalla N\u00e4yt\u00e4 kes\u00e4periodit -painiketta.<\/li>\n<\/ul>\n<div id=\"attachment_6540\" style=\"width: 594px\" class=\"wp-caption alignnone\"><a href=\"https:\/\/blogi.eoppimispalvelut.fi\/peppi-ohjeet\/files\/2024\/05\/Opintojen-ajoittaminen.png\" rel=\"attachment wp-att-1958\"><img loading=\"lazy\" decoding=\"async\" aria-describedby=\"caption-attachment-6540\" class=\"wp-image-6540 size-large\" src=\"https:\/\/blogi.eoppimispalvelut.fi\/peppi-ohjeet\/files\/2024\/05\/Opintojen-ajoittaminen-1280x852.png\" alt=\"Opintojen ajoittaminen\" width=\"584\" height=\"389\" srcset=\"https:\/\/blogi.eoppimispalvelut.fi\/peppi-ohjeet\/files\/2024\/05\/Opintojen-ajoittaminen-1280x852.png 1280w, https:\/\/blogi.eoppimispalvelut.fi\/peppi-ohjeet\/files\/2024\/05\/Opintojen-ajoittaminen-600x399.png 600w, https:\/\/blogi.eoppimispalvelut.fi\/peppi-ohjeet\/files\/2024\/05\/Opintojen-ajoittaminen-768x511.png 768w, https:\/\/blogi.eoppimispalvelut.fi\/peppi-ohjeet\/files\/2024\/05\/Opintojen-ajoittaminen-1536x1023.png 1536w, https:\/\/blogi.eoppimispalvelut.fi\/peppi-ohjeet\/files\/2024\/05\/Opintojen-ajoittaminen-2048x1364.png 2048w, https:\/\/blogi.eoppimispalvelut.fi\/peppi-ohjeet\/files\/2024\/05\/Opintojen-ajoittaminen-451x300.png 451w\" sizes=\"auto, (max-width: 584px) 100vw, 584px\" \/><\/a><p id=\"caption-attachment-6540\" class=\"wp-caption-text\">Klikkaa kuvaa suuremmaksi<\/p><\/div>\n<ul>\n<li>Ajoitukseksi voidaan valita opetussuunnitelman malliajoitussuunnitelma tai luoda yksil\u00f6llinen ajoitus raahaamalla opintoja HOPSin rakenteesta nuolipainikkeen avulla.<\/li>\n<li>Voit raahata aikajanalla olevan opintojakson toiseen kohtaan. Suoritettu opintojakso sijoittuu automaattisesti sille kohdalle, miss\u00e4 se on suoritettu eik\u00e4 sen ajoitusta voi muuttaa.<\/li>\n<li>Voit poistaa ajoituksen raahaamalla aikajanalla olevan opintojakson takaisin rakenteeseen.<\/li>\n<li>Klikkaamalla kellosymbolia, HOPSin rakenteeseen j\u00e4\u00e4v\u00e4t n\u00e4kyville ne opintojaksot, joita ei ole ajoitettu.<\/li>\n<li>Ajoitukseen on my\u00f6s mahdollista lis\u00e4t\u00e4 poissaolomerkint\u00e4, jos suunnittelee olevansa poissaolevana tietyn lukukauden. Lukuvuosi-ilmoittautuminen tulee kuitenkin tehd\u00e4 erikseen.<\/li>\n<\/ul>\n<p>&nbsp;<\/p>\n<hr \/>\n<p>Takaisin\u00a0<a href=\"https:\/\/blogi.eoppimispalvelut.fi\/peppi-ohjeet\/opiskelijalle\/\">Opiskelijalle-sivulle<\/a><\/p>\n","protected":false},"excerpt":{"rendered":"<p>Katso video (tekstityksen saa p\u00e4\u00e4lle [cc]-painikkeesta). Voit ajoittaa opintosi Ajoitus-v\u00e4lilehdell\u00e4. Varmistathan, ett\u00e4 opinto on tarjolla kyseisen\u00e4 ajankohtana. Opinnoille ilmoittaudutaan HOPSin Ilmoittautumiset-v\u00e4lilehdell\u00e4. Opintojen ajoittamisella lukukausille varmistat, ett\u00e4 opintoja tulee lukuvuositasolla riitt\u00e4v\u00e4sti. T\u00e4m\u00e4 tukee opintojen suorittamisen suunnittelua. Voit tarkastella ajoituksia eri aikaikkunoissa: &hellip; <a href=\"https:\/\/blogi.eoppimispalvelut.fi\/peppi-ohjeet\/opiskelijalle\/minun-opintoni\/hops-2\/opintojen-ajoitus\/\">Continue reading <span class=\"meta-nav\">&rarr;<\/span><\/a><\/p>\n","protected":false},"author":4339,"featured_media":0,"parent":1736,"menu_order":0,"comment_status":"closed","ping_status":"closed","template":"","meta":{"_monsterinsights_skip_tracking":false,"_monsterinsights_sitenote_active":false,"_monsterinsights_sitenote_note":"","_monsterinsights_sitenote_category":0,"footnotes":""},"class_list":["post-1918","page","type-page","status-publish","hentry"],"_links":{"self":[{"href":"https:\/\/blogi.eoppimispalvelut.fi\/peppi-ohjeet\/wp-json\/wp\/v2\/pages\/1918","targetHints":{"allow":["GET"]}}],"collection":[{"href":"https:\/\/blogi.eoppimispalvelut.fi\/peppi-ohjeet\/wp-json\/wp\/v2\/pages"}],"about":[{"href":"https:\/\/blogi.eoppimispalvelut.fi\/peppi-ohjeet\/wp-json\/wp\/v2\/types\/page"}],"author":[{"embeddable":true,"href":"https:\/\/blogi.eoppimispalvelut.fi\/peppi-ohjeet\/wp-json\/wp\/v2\/users\/4339"}],"replies":[{"embeddable":true,"href":"https:\/\/blogi.eoppimispalvelut.fi\/peppi-ohjeet\/wp-json\/wp\/v2\/comments?post=1918"}],"version-history":[{"count":15,"href":"https:\/\/blogi.eoppimispalvelut.fi\/peppi-ohjeet\/wp-json\/wp\/v2\/pages\/1918\/revisions"}],"predecessor-version":[{"id":6541,"href":"https:\/\/blogi.eoppimispalvelut.fi\/peppi-ohjeet\/wp-json\/wp\/v2\/pages\/1918\/revisions\/6541"}],"up":[{"embeddable":true,"href":"https:\/\/blogi.eoppimispalvelut.fi\/peppi-ohjeet\/wp-json\/wp\/v2\/pages\/1736"}],"wp:attachment":[{"href":"https:\/\/blogi.eoppimispalvelut.fi\/peppi-ohjeet\/wp-json\/wp\/v2\/media?parent=1918"}],"curies":[{"name":"wp","href":"https:\/\/api.w.org\/{rel}","templated":true}]}}