{"id":1920,"date":"2020-04-09T08:58:47","date_gmt":"2020-04-09T05:58:47","guid":{"rendered":"https:\/\/blogi.eoppimispalvelut.fi\/peppi-ohjeet\/?page_id=1920"},"modified":"2024-05-24T16:43:20","modified_gmt":"2024-05-24T13:43:20","slug":"viestit","status":"publish","type":"page","link":"https:\/\/blogi.eoppimispalvelut.fi\/peppi-ohjeet\/opiskelijalle\/minun-opintoni\/hops-2\/viestit\/","title":{"rendered":"Viestit"},"content":{"rendered":"<p>Pepin kautta voit l\u00e4hett\u00e4\u00e4 viestej\u00e4 joko tekem\u00e4ll\u00e4 merkinn\u00e4n HOPSille tai l\u00e4hett\u00e4m\u00e4ll\u00e4 HOPSisi kommentoitavaksi tai hyv\u00e4ksytt\u00e4v\u00e4ksi. Opintojaksokohtaisia merkint\u00f6j\u00e4 voi tehd\u00e4 Tarkastelu-v\u00e4lilehdell\u00e4. Tehdyt merkinn\u00e4t n\u00e4kyv\u00e4t Viestit-v\u00e4lilehdell\u00e4. Ohjaaja voi l\u00e4hett\u00e4\u00e4 sinulle sopimuksiin liittyvi\u00e4 viestej\u00e4 sek\u00e4 HOPSiin liittyvi\u00e4 viestej\u00e4 tai teht\u00e4vi\u00e4, joihin voit vastata Pepin kautta.<\/p>\n<p>Viestit-v\u00e4lilehdell\u00e4 voit tarkastella viestej\u00e4 viestityypin mukaan valitsemalla N\u00e4yt\u00e4 kaikki \/ HOPS-teht\u00e4v\u00e4t \/ HOPS-viestit \/ Merkinn\u00e4t \/ Sopimukset.<\/p>\n<p>Vastaanottajat-sarakkeesta n\u00e4et, keit\u00e4 viestiketjussa on mukana. Viestiketjun saat auki klikkaamalla viestiketjun aihetta.<\/p>\n<div id=\"attachment_6543\" style=\"width: 594px\" class=\"wp-caption alignnone\"><a href=\"https:\/\/blogi.eoppimispalvelut.fi\/peppi-ohjeet\/files\/2024\/05\/Viestit.png\" rel=\"attachment wp-att-1966\"><img loading=\"lazy\" decoding=\"async\" aria-describedby=\"caption-attachment-6543\" class=\"wp-image-6543 size-large\" src=\"https:\/\/blogi.eoppimispalvelut.fi\/peppi-ohjeet\/files\/2024\/05\/Viestit-1280x599.png\" alt=\"Viestit\" width=\"584\" height=\"273\" srcset=\"https:\/\/blogi.eoppimispalvelut.fi\/peppi-ohjeet\/files\/2024\/05\/Viestit-1280x599.png 1280w, https:\/\/blogi.eoppimispalvelut.fi\/peppi-ohjeet\/files\/2024\/05\/Viestit-600x281.png 600w, https:\/\/blogi.eoppimispalvelut.fi\/peppi-ohjeet\/files\/2024\/05\/Viestit-768x359.png 768w, https:\/\/blogi.eoppimispalvelut.fi\/peppi-ohjeet\/files\/2024\/05\/Viestit-1536x719.png 1536w, https:\/\/blogi.eoppimispalvelut.fi\/peppi-ohjeet\/files\/2024\/05\/Viestit-2048x959.png 2048w, https:\/\/blogi.eoppimispalvelut.fi\/peppi-ohjeet\/files\/2024\/05\/Viestit-500x234.png 500w\" sizes=\"auto, (max-width: 584px) 100vw, 584px\" \/><\/a><p id=\"caption-attachment-6543\" class=\"wp-caption-text\">Klikkaa kuvaa suuremmaksi<\/p><\/div>\n<p>Kun olet klikannut viestiketjun aihetta, voit vastata viestiin. Kirjoita vastauksesi ja <strong>muista lis\u00e4t\u00e4 allekirjoitus<\/strong>, jotta vastaanottaja tiet\u00e4\u00e4, kenelt\u00e4 viesti on tullut. Klikkaa Vastaa.<\/p>\n<div id=\"attachment_1967\" style=\"width: 910px\" class=\"wp-caption alignnone\"><a href=\"https:\/\/blogi.eoppimispalvelut.fi\/peppi-ohjeet\/files\/2020\/04\/Viestiin-vastaaminen.png\" rel=\"attachment wp-att-1967\"><img loading=\"lazy\" decoding=\"async\" aria-describedby=\"caption-attachment-1967\" class=\"wp-image-1967 size-full\" src=\"https:\/\/blogi.eoppimispalvelut.fi\/peppi-ohjeet\/files\/2020\/04\/Viestiin-vastaaminen.png\" alt=\"Viestiin vastaaminen\" width=\"900\" height=\"294\" srcset=\"https:\/\/blogi.eoppimispalvelut.fi\/peppi-ohjeet\/files\/2020\/04\/Viestiin-vastaaminen.png 900w, https:\/\/blogi.eoppimispalvelut.fi\/peppi-ohjeet\/files\/2020\/04\/Viestiin-vastaaminen-768x251.png 768w, https:\/\/blogi.eoppimispalvelut.fi\/peppi-ohjeet\/files\/2020\/04\/Viestiin-vastaaminen-500x163.png 500w\" sizes=\"auto, (max-width: 900px) 100vw, 900px\" \/><\/a><p id=\"caption-attachment-1967\" class=\"wp-caption-text\">Klikkaa kuva suuremmaksi<\/p><\/div>\n<p>&nbsp;<\/p>\n<hr \/>\n<p>Takaisin <a href=\"https:\/\/blogi.eoppimispalvelut.fi\/peppi-ohjeet\/opiskelijalle\/\">Opiskelijalle-sivulle<\/a><\/p>\n","protected":false},"excerpt":{"rendered":"<p>Pepin kautta voit l\u00e4hett\u00e4\u00e4 viestej\u00e4 joko tekem\u00e4ll\u00e4 merkinn\u00e4n HOPSille tai l\u00e4hett\u00e4m\u00e4ll\u00e4 HOPSisi kommentoitavaksi tai hyv\u00e4ksytt\u00e4v\u00e4ksi. Opintojaksokohtaisia merkint\u00f6j\u00e4 voi tehd\u00e4 Tarkastelu-v\u00e4lilehdell\u00e4. Tehdyt merkinn\u00e4t n\u00e4kyv\u00e4t Viestit-v\u00e4lilehdell\u00e4. Ohjaaja voi l\u00e4hett\u00e4\u00e4 sinulle sopimuksiin liittyvi\u00e4 viestej\u00e4 sek\u00e4 HOPSiin liittyvi\u00e4 viestej\u00e4 tai teht\u00e4vi\u00e4, joihin voit vastata &hellip; <a href=\"https:\/\/blogi.eoppimispalvelut.fi\/peppi-ohjeet\/opiskelijalle\/minun-opintoni\/hops-2\/viestit\/\">Continue reading <span class=\"meta-nav\">&rarr;<\/span><\/a><\/p>\n","protected":false},"author":4339,"featured_media":0,"parent":1736,"menu_order":0,"comment_status":"closed","ping_status":"closed","template":"","meta":{"_monsterinsights_skip_tracking":false,"_monsterinsights_sitenote_active":false,"_monsterinsights_sitenote_note":"","_monsterinsights_sitenote_category":0,"footnotes":""},"class_list":["post-1920","page","type-page","status-publish","hentry"],"_links":{"self":[{"href":"https:\/\/blogi.eoppimispalvelut.fi\/peppi-ohjeet\/wp-json\/wp\/v2\/pages\/1920","targetHints":{"allow":["GET"]}}],"collection":[{"href":"https:\/\/blogi.eoppimispalvelut.fi\/peppi-ohjeet\/wp-json\/wp\/v2\/pages"}],"about":[{"href":"https:\/\/blogi.eoppimispalvelut.fi\/peppi-ohjeet\/wp-json\/wp\/v2\/types\/page"}],"author":[{"embeddable":true,"href":"https:\/\/blogi.eoppimispalvelut.fi\/peppi-ohjeet\/wp-json\/wp\/v2\/users\/4339"}],"replies":[{"embeddable":true,"href":"https:\/\/blogi.eoppimispalvelut.fi\/peppi-ohjeet\/wp-json\/wp\/v2\/comments?post=1920"}],"version-history":[{"count":11,"href":"https:\/\/blogi.eoppimispalvelut.fi\/peppi-ohjeet\/wp-json\/wp\/v2\/pages\/1920\/revisions"}],"predecessor-version":[{"id":6545,"href":"https:\/\/blogi.eoppimispalvelut.fi\/peppi-ohjeet\/wp-json\/wp\/v2\/pages\/1920\/revisions\/6545"}],"up":[{"embeddable":true,"href":"https:\/\/blogi.eoppimispalvelut.fi\/peppi-ohjeet\/wp-json\/wp\/v2\/pages\/1736"}],"wp:attachment":[{"href":"https:\/\/blogi.eoppimispalvelut.fi\/peppi-ohjeet\/wp-json\/wp\/v2\/media?parent=1920"}],"curies":[{"name":"wp","href":"https:\/\/api.w.org\/{rel}","templated":true}]}}