{"id":1922,"date":"2020-04-09T08:59:15","date_gmt":"2020-04-09T05:59:15","guid":{"rendered":"https:\/\/blogi.eoppimispalvelut.fi\/peppi-ohjeet\/?page_id=1922"},"modified":"2024-05-17T14:34:53","modified_gmt":"2024-05-17T11:34:53","slug":"ryhman-kuvaus","status":"publish","type":"page","link":"https:\/\/blogi.eoppimispalvelut.fi\/peppi-ohjeet\/opiskelijalle\/minun-opintoni\/hops-2\/ryhman-kuvaus\/","title":{"rendered":"Ryhm\u00e4n kuvaus"},"content":{"rendered":"<p>Ryhm\u00e4n kuvaus -v\u00e4lilehdell\u00e4 n\u00e4et ryhm\u00e4n j\u00e4senet sek\u00e4 ryhm\u00e4n ohjaukseen liittyvi\u00e4 tietoja, joita ohjaaja on tallentanut ryhm\u00e4n osalta.<\/p>\n<div id=\"attachment_1933\" style=\"width: 610px\" class=\"wp-caption alignnone\"><a href=\"https:\/\/blogi.eoppimispalvelut.fi\/peppi-ohjeet\/files\/2020\/04\/Ryhm\u00e4n-kuvaus-opiskelijalle.png\" rel=\"attachment wp-att-1933\"><img loading=\"lazy\" decoding=\"async\" aria-describedby=\"caption-attachment-1933\" class=\"wp-image-1933 size-medium\" src=\"https:\/\/blogi.eoppimispalvelut.fi\/peppi-ohjeet\/files\/2020\/04\/Ryhm\u00e4n-kuvaus-opiskelijalle-900x242.png\" alt=\"Ryhm\u00e4n kuvaus opiskelijalle\" width=\"600\" height=\"161\" srcset=\"https:\/\/blogi.eoppimispalvelut.fi\/peppi-ohjeet\/files\/2020\/04\/Ryhm\u00e4n-kuvaus-opiskelijalle-900x242.png 900w, https:\/\/blogi.eoppimispalvelut.fi\/peppi-ohjeet\/files\/2020\/04\/Ryhm\u00e4n-kuvaus-opiskelijalle-768x206.png 768w, https:\/\/blogi.eoppimispalvelut.fi\/peppi-ohjeet\/files\/2020\/04\/Ryhm\u00e4n-kuvaus-opiskelijalle-500x134.png 500w, https:\/\/blogi.eoppimispalvelut.fi\/peppi-ohjeet\/files\/2020\/04\/Ryhm\u00e4n-kuvaus-opiskelijalle.png 1280w\" sizes=\"auto, (max-width: 600px) 100vw, 600px\" \/><\/a><p id=\"caption-attachment-1933\" class=\"wp-caption-text\">Klikkaa kuva suuremmaksi<\/p><\/div>\n<p>&nbsp;<\/p>\n<hr \/>\n<p>Takaisin\u00a0<a href=\"https:\/\/blogi.eoppimispalvelut.fi\/peppi-ohjeet\/opiskelijalle\/\">Opiskelijalle-sivulle<\/a><\/p>\n","protected":false},"excerpt":{"rendered":"<p>Ryhm\u00e4n kuvaus -v\u00e4lilehdell\u00e4 n\u00e4et ryhm\u00e4n j\u00e4senet sek\u00e4 ryhm\u00e4n ohjaukseen liittyvi\u00e4 tietoja, joita ohjaaja on tallentanut ryhm\u00e4n osalta. &nbsp; Takaisin\u00a0Opiskelijalle-sivulle<\/p>\n","protected":false},"author":4339,"featured_media":0,"parent":1736,"menu_order":0,"comment_status":"closed","ping_status":"closed","template":"","meta":{"_monsterinsights_skip_tracking":false,"_monsterinsights_sitenote_active":false,"_monsterinsights_sitenote_note":"","_monsterinsights_sitenote_category":0,"footnotes":""},"class_list":["post-1922","page","type-page","status-publish","hentry"],"_links":{"self":[{"href":"https:\/\/blogi.eoppimispalvelut.fi\/peppi-ohjeet\/wp-json\/wp\/v2\/pages\/1922","targetHints":{"allow":["GET"]}}],"collection":[{"href":"https:\/\/blogi.eoppimispalvelut.fi\/peppi-ohjeet\/wp-json\/wp\/v2\/pages"}],"about":[{"href":"https:\/\/blogi.eoppimispalvelut.fi\/peppi-ohjeet\/wp-json\/wp\/v2\/types\/page"}],"author":[{"embeddable":true,"href":"https:\/\/blogi.eoppimispalvelut.fi\/peppi-ohjeet\/wp-json\/wp\/v2\/users\/4339"}],"replies":[{"embeddable":true,"href":"https:\/\/blogi.eoppimispalvelut.fi\/peppi-ohjeet\/wp-json\/wp\/v2\/comments?post=1922"}],"version-history":[{"count":8,"href":"https:\/\/blogi.eoppimispalvelut.fi\/peppi-ohjeet\/wp-json\/wp\/v2\/pages\/1922\/revisions"}],"predecessor-version":[{"id":6505,"href":"https:\/\/blogi.eoppimispalvelut.fi\/peppi-ohjeet\/wp-json\/wp\/v2\/pages\/1922\/revisions\/6505"}],"up":[{"embeddable":true,"href":"https:\/\/blogi.eoppimispalvelut.fi\/peppi-ohjeet\/wp-json\/wp\/v2\/pages\/1736"}],"wp:attachment":[{"href":"https:\/\/blogi.eoppimispalvelut.fi\/peppi-ohjeet\/wp-json\/wp\/v2\/media?parent=1922"}],"curies":[{"name":"wp","href":"https:\/\/api.w.org\/{rel}","templated":true}]}}