{"id":209,"date":"2020-02-07T11:44:03","date_gmt":"2020-02-07T09:44:03","guid":{"rendered":"https:\/\/blogi.eoppimispalvelut.fi\/peppi-ohjeet\/?page_id=209"},"modified":"2021-11-03T09:32:37","modified_gmt":"2021-11-03T07:32:37","slug":"koulutus-ja-opetussuunnittelu","status":"publish","type":"page","link":"https:\/\/blogi.eoppimispalvelut.fi\/peppi-ohjeet\/koulutus-ja-opetussuunnittelu\/","title":{"rendered":"Koulutus- ja opetussuunnittelu"},"content":{"rendered":"<p>Lapin ammattikorkeakoulun vuosikellon mukaan Koulutus- ja opetussuunnittelu etenee seuraavasti:<\/p>\n<p>&nbsp;<\/p>\n<div id=\"attachment_2459\" style=\"width: 594px\" class=\"wp-caption alignnone\"><a href=\"https:\/\/blogi.eoppimispalvelut.fi\/peppi-ohjeet\/koulutus-ja-opetussuunnittelu\/koulutus-ja-opetussuunnittelu-2\/\" rel=\"attachment wp-att-2459\"><img loading=\"lazy\" decoding=\"async\" aria-describedby=\"caption-attachment-2459\" class=\"size-large wp-image-2459\" src=\"https:\/\/blogi.eoppimispalvelut.fi\/peppi-ohjeet\/files\/2020\/05\/Koulutus-ja-opetussuunnittelu-1280x530.png\" alt=\"Koulutus- ja opetussuunnittelun vaiheet \" width=\"584\" height=\"242\" srcset=\"https:\/\/blogi.eoppimispalvelut.fi\/peppi-ohjeet\/files\/2020\/05\/Koulutus-ja-opetussuunnittelu-1280x530.png 1280w, https:\/\/blogi.eoppimispalvelut.fi\/peppi-ohjeet\/files\/2020\/05\/Koulutus-ja-opetussuunnittelu-900x372.png 900w, https:\/\/blogi.eoppimispalvelut.fi\/peppi-ohjeet\/files\/2020\/05\/Koulutus-ja-opetussuunnittelu-768x318.png 768w, https:\/\/blogi.eoppimispalvelut.fi\/peppi-ohjeet\/files\/2020\/05\/Koulutus-ja-opetussuunnittelu-1536x635.png 1536w, https:\/\/blogi.eoppimispalvelut.fi\/peppi-ohjeet\/files\/2020\/05\/Koulutus-ja-opetussuunnittelu-500x207.png 500w, https:\/\/blogi.eoppimispalvelut.fi\/peppi-ohjeet\/files\/2020\/05\/Koulutus-ja-opetussuunnittelu.png 1726w\" sizes=\"auto, (max-width: 584px) 100vw, 584px\" \/><\/a><p id=\"caption-attachment-2459\" class=\"wp-caption-text\">Klikkaa kuva suuremmaksi<\/p><\/div>\n<p>T\u00e4lle sivulle on ker\u00e4tty koulutus- ja opetussuunnitteluun liittyv\u00e4t ohjeet.<\/p>\n<p>SIS\u00c4LT\u00d6:<\/p>\n<ul>\n<li><a href=\"https:\/\/blogi.eoppimispalvelut.fi\/peppi-ohjeet\/koulutus-ja-opetussuunnittelu\/koulutuksen-suunnittelu\/\">Koulutussuunnittelu<\/a>\n<ul>\n<li><a href=\"https:\/\/blogi.eoppimispalvelut.fi\/peppi-ohjeet\/koulutus-ja-opetussuunnittelu\/koulutuksen-suunnittelu\/koulutuksen-perustaminen\/\">Koulutuksen perustaminen<\/a><\/li>\n<li><a href=\"https:\/\/blogi.eoppimispalvelut.fi\/peppi-ohjeet\/koulutus-ja-opetussuunnittelu\/koulutuksen-suunnittelu\/hakukohteiden-ja-valintaperusteiden-suunnittelu\/\">Hakukohteiden ja valintaperusteiden suunnittelu<\/a><\/li>\n<li><a href=\"https:\/\/blogi.eoppimispalvelut.fi\/peppi-ohjeet\/koulutus-ja-opetussuunnittelu\/opetussuunnitelmat\/\">Opetussuunnittelu<\/a>\n<ul>\n<li><a href=\"https:\/\/blogi.eoppimispalvelut.fi\/peppi-ohjeet\/koulutus-ja-opetussuunnittelu\/opetussuunnitelmat\/opetussuunnitelman-rakentaminen\/\">Opetussuunnitelman rakentaminen\/muokkaaminen<\/a>\n<ul>\n<li><a href=\"https:\/\/blogi.eoppimispalvelut.fi\/peppi-ohjeet\/koulutus-ja-opetussuunnittelu\/opetussuunnitelmat\/opetussuunnitelman-rakentaminen\/opetussuunnitelman-kuvaus\/\">Opetussuunnitelman perustiedot ja kuvaus<\/a><\/li>\n<li><a href=\"https:\/\/blogi.eoppimispalvelut.fi\/peppi-ohjeet\/koulutus-ja-opetussuunnittelu\/opetussuunnitelmat\/opetussuunnitelman-rakentaminen\/vastuunjako-ja-koulutusalat\/\">Vastuunjako ja koulutusalat<\/a><\/li>\n<li><a href=\"https:\/\/blogi.eoppimispalvelut.fi\/peppi-ohjeet\/koulutus-ja-opetussuunnittelu\/opetussuunnitelmat\/opetussuunnitelman-rakentaminen\/rakenne\/\">Rakenne<\/a>\n<ul>\n<li><a href=\"https:\/\/blogi.eoppimispalvelut.fi\/peppi-ohjeet\/koulutus-ja-opetussuunnittelu\/opetussuunnitelmat\/opetussuunnitelman-rakentaminen\/rakenne\/opintokokonaisuuden-luominen-muuttaminen\/\">Opintokokonaisuuden rakentaminen\/muokkaaminen<\/a><\/li>\n<li><a href=\"https:\/\/blogi.eoppimispalvelut.fi\/peppi-ohjeet\/koulutus-ja-opetussuunnittelu\/opetussuunnitelmat\/opetussuunnitelman-rakentaminen\/rakenne\/opintojakson-luominen-muokkaaminen\/\">Opintojakson rakentaminen\/muokkaaminen<\/a><\/li>\n<li><a href=\"https:\/\/blogi.eoppimispalvelut.fi\/peppi-ohjeet\/koulutus-ja-opetussuunnittelu\/opetussuunnitelmat\/opintojakson-tarkastaminen\/\">Opintojakson tarkastaminen<\/a><\/li>\n<\/ul>\n<\/li>\n<li><a href=\"https:\/\/blogi.eoppimispalvelut.fi\/peppi-ohjeet\/koulutus-ja-opetussuunnittelu\/opetussuunnitelmat\/opetussuunnitelman-rakentaminen\/opintopolut\/\">Opintopolut<\/a><\/li>\n<li><a href=\"https:\/\/blogi.eoppimispalvelut.fi\/peppi-ohjeet\/koulutus-ja-opetussuunnittelu\/opetussuunnitelmat\/opetussuunnitelman-rakentaminen\/ajoitussuunnitelmat\/\">Ajoitussuunnitelmat<\/a><\/li>\n<li><a href=\"https:\/\/blogi.eoppimispalvelut.fi\/peppi-ohjeet\/koulutus-ja-opetussuunnittelu\/opetussuunnitelmat\/opetussuunnitelman-rakentaminen\/jasentelyt\/\">J\u00e4sentelyt<\/a><\/li>\n<li><a href=\"https:\/\/blogi.eoppimispalvelut.fi\/peppi-ohjeet\/koulutus-ja-opetussuunnittelu\/opetussuunnitelmat\/opetussuunnitelman-rakentaminen\/tarkistus-ja-hyvaksyminen\/\">Opetussuunnitelman tarkistus ja hyv\u00e4ksyminen<\/a><\/li>\n<\/ul>\n<\/li>\n<li><a href=\"https:\/\/blogi.eoppimispalvelut.fi\/peppi-ohjeet\/koulutus-ja-opetussuunnittelu\/opetussuunnitelmat\/yksittaisten-opintojaksojen-rakentaminen\/\">Yksitt\u00e4isten opintojaksojen rakentaminen<\/a><\/li>\n<li><a href=\"https:\/\/blogi.eoppimispalvelut.fi\/peppi-ohjeet\/koulutus-ja-opetussuunnittelu\/opetussuunnitelmat\/muun-opetustarjonnan-suunnittelu\/erillisen-opintokokonaisuuden-rakentaminen\/\">Erillisen opintokokonaisuuden rakentaminen<\/a><\/li>\n<\/ul>\n<\/li>\n<\/ul>\n<\/li>\n<li><a href=\"https:\/\/blogi.eoppimispalvelut.fi\/peppi-ohjeet\/koulutus-ja-opetussuunnittelu\/vuosisuunnittelu\/\">Vuosisuunnittelu<\/a>\n<ul>\n<li><a href=\"https:\/\/blogi.eoppimispalvelut.fi\/peppi-ohjeet\/koulutus-ja-opetussuunnittelu\/vuosisuunnittelu\/opetustarjonnan-suunnittelu\/\">Opetustarjonnan suunnittelu\u00a0<\/a>\n<ul>\n<li><a href=\"https:\/\/blogi.eoppimispalvelut.fi\/peppi-ohjeet\/koulutus-ja-opetussuunnittelu\/vuosisuunnittelu\/opsien-mukaisen-opetustarjonnan-suunnittelu\/\">Opetussuunnitelmien mukaisen opetustarjonnan suunnittelu<\/a>\n<ul>\n<li><a href=\"https:\/\/blogi.eoppimispalvelut.fi\/peppi-ohjeet\/koulutus-ja-opetussuunnittelu\/vuosisuunnittelu\/siirtyminen-vuosisuunnitteluun\/\">Siirtyminen vuosisuunnitteluun<\/a><\/li>\n<li><a href=\"https:\/\/blogi.eoppimispalvelut.fi\/peppi-ohjeet\/koulutus-ja-opetussuunnittelu\/vuosisuunnittelu\/toteutuksien-luonti-ja-ajoitus\/\">Toteutuksien luonti ja ajoitus<\/a><\/li>\n<li><a href=\"https:\/\/blogi.eoppimispalvelut.fi\/peppi-ohjeet\/koulutus-ja-opetussuunnittelu\/vuosisuunnittelu\/toteutuksen-perustietojen-asettaminen\/\">Toteutuksen perustietojen asettaminen<\/a><\/li>\n<li><a href=\"https:\/\/blogi.eoppimispalvelut.fi\/peppi-ohjeet\/koulutus-ja-opetussuunnittelu\/vuosisuunnittelu\/resurssien-kiinnittaminen-toteutukselle\/\">Resurssien kiinnitt\u00e4minen toteutukselle<\/a><\/li>\n<li><a href=\"https:\/\/blogi.eoppimispalvelut.fi\/peppi-ohjeet\/koulutus-ja-opetussuunnittelu\/vuosisuunnittelu\/opsien-mukaisen-opetustarjonnan-suunnittelu\/toteutuksen-julkaiseminen-opettajalle-opettajatiimille\/\">Toteutuksen julkaiseminen opettajalle\/opettajatiimille<\/a><\/li>\n<li><a href=\"https:\/\/blogi.eoppimispalvelut.fi\/peppi-ohjeet\/koulutus-ja-opetussuunnittelu\/vuosisuunnittelu\/toteutusten-muokkaaminen\/\">Toteutusten muokkaaminen<\/a><\/li>\n<li><a href=\"https:\/\/blogi.eoppimispalvelut.fi\/peppi-ohjeet\/koulutus-ja-opetussuunnittelu\/vuosisuunnittelu\/toteutusten-tarkastaminen\/\">Toteutusten tarkastaminen<\/a><\/li>\n<li><a href=\"https:\/\/blogi.eoppimispalvelut.fi\/peppi-ohjeet\/koulutus-ja-opetussuunnittelu\/vuosisuunnittelu\/opsien-mukaisen-opetustarjonnan-suunnittelu\/toteutusten-julkaiseminen\/\">Toteutusten julkaiseminen<\/a><\/li>\n<li><a href=\"https:\/\/blogi.eoppimispalvelut.fi\/peppi-ohjeet\/koulutus-ja-opetussuunnittelu\/vuosisuunnittelu\/opsien-mukaisen-opetustarjonnan-suunnittelu\/toteutusten-kopiointi\/\">Toteutusten kopionti<\/a><\/li>\n<li><a href=\"https:\/\/blogi.eoppimispalvelut.fi\/peppi-ohjeet\/opintopalauteohje-osaamispaallikoille\/\">Opintopalauteohje osaamisp\u00e4\u00e4llik\u00f6ille<\/a><\/li>\n<\/ul>\n<\/li>\n<li><a href=\"https:\/\/blogi.eoppimispalvelut.fi\/peppi-ohjeet\/koulutus-ja-opetussuunnittelu\/opetussuunnitelmat\/muun-opetustarjonnan-suunnittelu\/avoimen-opetustarjonnan-suunnittelu\/\">Avoimen opetustarjonnan suunnittelu<\/a><\/li>\n<li><a href=\"https:\/\/blogi.eoppimispalvelut.fi\/peppi-ohjeet\/koulutus-ja-opetussuunnittelu\/vuosisuunnittelu\/opsien-mukaisen-opetustarjonnan-suunnittelu\/\">Muun opetustarjonnan suunnittelu<\/a>\n<ul>\n<li><a href=\"https:\/\/blogi.eoppimispalvelut.fi\/peppi-ohjeet\/koulutus-ja-opetussuunnittelu\/opetussuunnitelmat\/muun-opetustarjonnan-suunnittelu\/campus-online-opinnot\/\">Campus Online -opinnot<\/a><\/li>\n<\/ul>\n<\/li>\n<\/ul>\n<\/li>\n<li><a href=\"https:\/\/blogi.eoppimispalvelut.fi\/peppi-ohjeet\/koulutus-ja-opetussuunnittelu\/vuosisuunnittelu\/projektitehtavat\/\">Projektiteht\u00e4v\u00e4t<\/a><\/li>\n<li><a href=\"https:\/\/blogi.eoppimispalvelut.fi\/peppi-ohjeet\/koulutus-ja-opetussuunnittelu\/vuosisuunnittelu\/muut-tyot\/\">Muut ty\u00f6t<\/a><\/li>\n<\/ul>\n<\/li>\n<li><a href=\"https:\/\/blogi.eoppimispalvelut.fi\/peppi-ohjeet\/koulutus-ja-opetussuunnittelu\/tyoaikasuunnitelmat\/\">Ty\u00f6aikasuunnittelu<\/a><\/li>\n<\/ul>\n<hr \/>\n<p>&nbsp;<\/p>\n","protected":false},"excerpt":{"rendered":"<p>Lapin ammattikorkeakoulun vuosikellon mukaan Koulutus- ja opetussuunnittelu etenee seuraavasti: &nbsp; T\u00e4lle sivulle on ker\u00e4tty koulutus- ja opetussuunnitteluun liittyv\u00e4t ohjeet. SIS\u00c4LT\u00d6: Koulutussuunnittelu Koulutuksen perustaminen Hakukohteiden ja valintaperusteiden suunnittelu Opetussuunnittelu Opetussuunnitelman rakentaminen\/muokkaaminen Opetussuunnitelman perustiedot ja kuvaus Vastuunjako ja koulutusalat Rakenne Opintokokonaisuuden rakentaminen\/muokkaaminen &hellip; <a href=\"https:\/\/blogi.eoppimispalvelut.fi\/peppi-ohjeet\/koulutus-ja-opetussuunnittelu\/\">Continue reading <span class=\"meta-nav\">&rarr;<\/span><\/a><\/p>\n","protected":false},"author":6,"featured_media":0,"parent":0,"menu_order":0,"comment_status":"closed","ping_status":"closed","template":"","meta":{"_monsterinsights_skip_tracking":false,"_monsterinsights_sitenote_active":false,"_monsterinsights_sitenote_note":"","_monsterinsights_sitenote_category":0,"footnotes":""},"class_list":["post-209","page","type-page","status-publish","hentry"],"_links":{"self":[{"href":"https:\/\/blogi.eoppimispalvelut.fi\/peppi-ohjeet\/wp-json\/wp\/v2\/pages\/209","targetHints":{"allow":["GET"]}}],"collection":[{"href":"https:\/\/blogi.eoppimispalvelut.fi\/peppi-ohjeet\/wp-json\/wp\/v2\/pages"}],"about":[{"href":"https:\/\/blogi.eoppimispalvelut.fi\/peppi-ohjeet\/wp-json\/wp\/v2\/types\/page"}],"author":[{"embeddable":true,"href":"https:\/\/blogi.eoppimispalvelut.fi\/peppi-ohjeet\/wp-json\/wp\/v2\/users\/6"}],"replies":[{"embeddable":true,"href":"https:\/\/blogi.eoppimispalvelut.fi\/peppi-ohjeet\/wp-json\/wp\/v2\/comments?post=209"}],"version-history":[{"count":15,"href":"https:\/\/blogi.eoppimispalvelut.fi\/peppi-ohjeet\/wp-json\/wp\/v2\/pages\/209\/revisions"}],"predecessor-version":[{"id":5418,"href":"https:\/\/blogi.eoppimispalvelut.fi\/peppi-ohjeet\/wp-json\/wp\/v2\/pages\/209\/revisions\/5418"}],"wp:attachment":[{"href":"https:\/\/blogi.eoppimispalvelut.fi\/peppi-ohjeet\/wp-json\/wp\/v2\/media?parent=209"}],"curies":[{"name":"wp","href":"https:\/\/api.w.org\/{rel}","templated":true}]}}