{"id":2111,"date":"2020-04-22T09:29:44","date_gmt":"2020-04-22T06:29:44","guid":{"rendered":"https:\/\/blogi.eoppimispalvelut.fi\/peppi-ohjeet\/?page_id=2111"},"modified":"2021-06-23T13:54:11","modified_gmt":"2021-06-23T10:54:11","slug":"koulutuksen-suunnittelu","status":"publish","type":"page","link":"https:\/\/blogi.eoppimispalvelut.fi\/peppi-ohjeet\/koulutus-ja-opetussuunnittelu\/koulutuksen-suunnittelu\/","title":{"rendered":"Koulutussuunnittelu"},"content":{"rendered":"<div id=\"attachment_2467\" style=\"width: 594px\" class=\"wp-caption alignnone\"><a href=\"https:\/\/blogi.eoppimispalvelut.fi\/peppi-ohjeet\/koulutus-ja-opetussuunnittelu\/koulutuksen-suunnittelu\/koulutussuunnittelu\/\" rel=\"attachment wp-att-2467\"><img loading=\"lazy\" decoding=\"async\" aria-describedby=\"caption-attachment-2467\" class=\"size-large wp-image-2467\" src=\"https:\/\/blogi.eoppimispalvelut.fi\/peppi-ohjeet\/files\/2020\/05\/Koulutussuunnittelu-1280x530.png\" alt=\"Koulutussuunnittelu osana opetuksen suunnitteluprosessia\" width=\"584\" height=\"242\" srcset=\"https:\/\/blogi.eoppimispalvelut.fi\/peppi-ohjeet\/files\/2020\/05\/Koulutussuunnittelu-1280x530.png 1280w, https:\/\/blogi.eoppimispalvelut.fi\/peppi-ohjeet\/files\/2020\/05\/Koulutussuunnittelu-900x373.png 900w, https:\/\/blogi.eoppimispalvelut.fi\/peppi-ohjeet\/files\/2020\/05\/Koulutussuunnittelu-768x318.png 768w, https:\/\/blogi.eoppimispalvelut.fi\/peppi-ohjeet\/files\/2020\/05\/Koulutussuunnittelu-1536x636.png 1536w, https:\/\/blogi.eoppimispalvelut.fi\/peppi-ohjeet\/files\/2020\/05\/Koulutussuunnittelu-500x207.png 500w, https:\/\/blogi.eoppimispalvelut.fi\/peppi-ohjeet\/files\/2020\/05\/Koulutussuunnittelu.png 1725w\" sizes=\"auto, (max-width: 584px) 100vw, 584px\" \/><\/a><p id=\"caption-attachment-2467\" class=\"wp-caption-text\">Klikkaa kuva suuremmaksi<\/p><\/div>\n<p>Katso video, osa 1. (tekstityksen saa p\u00e4\u00e4lle [cc]-painikkeesta).<\/p>\n<p><strong>Koulutussuunnittelu<\/strong><\/p>\n<p>Koulutussuunnittelun avulla hallinnoidaan koulutusten kuvauksia ja niihin liittyvien hakukohteiden ja valintaperusteiden suunnittelua. Koulutussuunnittelun kautta tiedot voidaan julkaista automaattisesti Opintopolussa.<\/p>\n<ul>\n<li>Osaamisp\u00e4\u00e4llik\u00f6t ja hakijapalveluiden edustajat laativat koulutusten ja hakukohteiden kuvaukset<\/li>\n<li>Koulutusten ja hakukohteiden kuvaukset tarkastetaan kehitt\u00e4misp\u00e4\u00e4llik\u00f6iden ja viestinn\u00e4n edustajien toimesta ennen julkaisua<\/li>\n<li>Syksyn hakukohteiden valmistelun aloituspalaveri vko 14, hakukohteet julkaistaan opintopolussa vko 22<\/li>\n<li>Kev\u00e4\u00e4n hakukohteiden valmistelun aloituspalaveri vko 32, hakukohteet julkaistaan Opintopolussa vko 40<\/li>\n<li>Peppiin vied\u00e4\u00e4n koulutusten osalta seuraavat tiedot:\n<ul>\n<li><a href=\"https:\/\/blogi.eoppimispalvelut.fi\/peppi-ohjeet\/koulutus-ja-opetussuunnittelu\/koulutuksen-suunnittelu\/koulutuksen-perustaminen\/\">Koulutuksen kuvaus<\/a><\/li>\n<li><a href=\"https:\/\/blogi.eoppimispalvelut.fi\/peppi-ohjeet\/koulutus-ja-opetussuunnittelu\/koulutuksen-suunnittelu\/hakukohteiden-ja-valintaperusteiden-suunnittelu\/\">Hakukohteen kuvaus ja Valintaperusteet<\/a><\/li>\n<\/ul>\n<\/li>\n<\/ul>\n<hr \/>\n<p>Takaisin <a href=\"https:\/\/blogi.eoppimispalvelut.fi\/peppi-ohjeet\/koulutus-ja-opetussuunnittelu\/\">Koulutus- ja opetussuunnittelu<\/a> sivulle<\/p>\n","protected":false},"excerpt":{"rendered":"<p>Katso video, osa 1. (tekstityksen saa p\u00e4\u00e4lle [cc]-painikkeesta). Koulutussuunnittelu Koulutussuunnittelun avulla hallinnoidaan koulutusten kuvauksia ja niihin liittyvien hakukohteiden ja valintaperusteiden suunnittelua. Koulutussuunnittelun kautta tiedot voidaan julkaista automaattisesti Opintopolussa. Osaamisp\u00e4\u00e4llik\u00f6t ja hakijapalveluiden edustajat laativat koulutusten ja hakukohteiden kuvaukset Koulutusten ja hakukohteiden &hellip; <a href=\"https:\/\/blogi.eoppimispalvelut.fi\/peppi-ohjeet\/koulutus-ja-opetussuunnittelu\/koulutuksen-suunnittelu\/\">Continue reading <span class=\"meta-nav\">&rarr;<\/span><\/a><\/p>\n","protected":false},"author":4339,"featured_media":0,"parent":209,"menu_order":0,"comment_status":"closed","ping_status":"closed","template":"","meta":{"_monsterinsights_skip_tracking":false,"_monsterinsights_sitenote_active":false,"_monsterinsights_sitenote_note":"","_monsterinsights_sitenote_category":0,"footnotes":""},"class_list":["post-2111","page","type-page","status-publish","hentry"],"_links":{"self":[{"href":"https:\/\/blogi.eoppimispalvelut.fi\/peppi-ohjeet\/wp-json\/wp\/v2\/pages\/2111","targetHints":{"allow":["GET"]}}],"collection":[{"href":"https:\/\/blogi.eoppimispalvelut.fi\/peppi-ohjeet\/wp-json\/wp\/v2\/pages"}],"about":[{"href":"https:\/\/blogi.eoppimispalvelut.fi\/peppi-ohjeet\/wp-json\/wp\/v2\/types\/page"}],"author":[{"embeddable":true,"href":"https:\/\/blogi.eoppimispalvelut.fi\/peppi-ohjeet\/wp-json\/wp\/v2\/users\/4339"}],"replies":[{"embeddable":true,"href":"https:\/\/blogi.eoppimispalvelut.fi\/peppi-ohjeet\/wp-json\/wp\/v2\/comments?post=2111"}],"version-history":[{"count":10,"href":"https:\/\/blogi.eoppimispalvelut.fi\/peppi-ohjeet\/wp-json\/wp\/v2\/pages\/2111\/revisions"}],"predecessor-version":[{"id":4926,"href":"https:\/\/blogi.eoppimispalvelut.fi\/peppi-ohjeet\/wp-json\/wp\/v2\/pages\/2111\/revisions\/4926"}],"up":[{"embeddable":true,"href":"https:\/\/blogi.eoppimispalvelut.fi\/peppi-ohjeet\/wp-json\/wp\/v2\/pages\/209"}],"wp:attachment":[{"href":"https:\/\/blogi.eoppimispalvelut.fi\/peppi-ohjeet\/wp-json\/wp\/v2\/media?parent=2111"}],"curies":[{"name":"wp","href":"https:\/\/api.w.org\/{rel}","templated":true}]}}