{"id":2136,"date":"2020-04-22T09:55:38","date_gmt":"2020-04-22T06:55:38","guid":{"rendered":"https:\/\/blogi.eoppimispalvelut.fi\/peppi-ohjeet\/?page_id=2136"},"modified":"2020-06-10T08:18:43","modified_gmt":"2020-06-10T05:18:43","slug":"opintopolut","status":"publish","type":"page","link":"https:\/\/blogi.eoppimispalvelut.fi\/peppi-ohjeet\/koulutus-ja-opetussuunnittelu\/opetussuunnitelmat\/opetussuunnitelman-rakentaminen\/opintopolut\/","title":{"rendered":"Opintopolut"},"content":{"rendered":"<p>Katso <a href=\"https:\/\/youtu.be\/3ToY2Ufm0XM\" target=\"_blank\" rel=\"noopener noreferrer\">video <\/a>(tekstityksen saa p\u00e4\u00e4lle [cc]-painikkeesta).<\/p>\n<p>Pepiss\u00e4\u00a0<em>Opintopolku<\/em>-toiminnon kautta voidaan kuvata opetussuunnitelman sis\u00e4ll\u00e4 olevia reittej\u00e4 suorittaa vaadittavat opetussuunnitelman opinnot.<\/p>\n<p>Opintopolut rakennetaan Opetussuunnitelma-n\u00e4kym\u00e4ss\u00e4 valitsemalla Opintopolut.<\/p>\n<div id=\"attachment_2707\" style=\"width: 1290px\" class=\"wp-caption alignnone\"><a href=\"https:\/\/blogi.eoppimispalvelut.fi\/peppi-ohjeet\/koulutus-ja-opetussuunnittelu\/opetussuunnitelmat\/opetussuunnitelman-rakentaminen\/opintopolut\/opintopolut-opsissa\/\" rel=\"attachment wp-att-2707\"><img loading=\"lazy\" decoding=\"async\" aria-describedby=\"caption-attachment-2707\" class=\"size-full wp-image-2707\" src=\"https:\/\/blogi.eoppimispalvelut.fi\/peppi-ohjeet\/files\/2020\/05\/Opintopolut-opsissa.png\" alt=\"Opintopolut opetussuunnitelmassa\" width=\"1280\" height=\"606\" srcset=\"https:\/\/blogi.eoppimispalvelut.fi\/peppi-ohjeet\/files\/2020\/05\/Opintopolut-opsissa.png 1280w, https:\/\/blogi.eoppimispalvelut.fi\/peppi-ohjeet\/files\/2020\/05\/Opintopolut-opsissa-900x426.png 900w, https:\/\/blogi.eoppimispalvelut.fi\/peppi-ohjeet\/files\/2020\/05\/Opintopolut-opsissa-768x364.png 768w, https:\/\/blogi.eoppimispalvelut.fi\/peppi-ohjeet\/files\/2020\/05\/Opintopolut-opsissa-500x237.png 500w\" sizes=\"auto, (max-width: 1280px) 100vw, 1280px\" \/><\/a><p id=\"caption-attachment-2707\" class=\"wp-caption-text\">Klikkaa kuva suuremmaksi<\/p><\/div>\n<p>Luo uusi opintopolku valitsemalla Lis\u00e4\u00e4 opintopolku.<\/p>\n<div id=\"attachment_2708\" style=\"width: 1026px\" class=\"wp-caption alignnone\"><a href=\"https:\/\/blogi.eoppimispalvelut.fi\/peppi-ohjeet\/koulutus-ja-opetussuunnittelu\/opetussuunnitelmat\/opetussuunnitelman-rakentaminen\/opintopolut\/opintopolun-luominen\/\" rel=\"attachment wp-att-2708\"><img loading=\"lazy\" decoding=\"async\" aria-describedby=\"caption-attachment-2708\" class=\"size-full wp-image-2708\" src=\"https:\/\/blogi.eoppimispalvelut.fi\/peppi-ohjeet\/files\/2020\/05\/Opintopolun-luominen.png\" alt=\"Uuden opintopolun lis\u00e4\u00e4minen\" width=\"1016\" height=\"619\" srcset=\"https:\/\/blogi.eoppimispalvelut.fi\/peppi-ohjeet\/files\/2020\/05\/Opintopolun-luominen.png 1016w, https:\/\/blogi.eoppimispalvelut.fi\/peppi-ohjeet\/files\/2020\/05\/Opintopolun-luominen-900x548.png 900w, https:\/\/blogi.eoppimispalvelut.fi\/peppi-ohjeet\/files\/2020\/05\/Opintopolun-luominen-768x468.png 768w, https:\/\/blogi.eoppimispalvelut.fi\/peppi-ohjeet\/files\/2020\/05\/Opintopolun-luominen-492x300.png 492w\" sizes=\"auto, (max-width: 1016px) 100vw, 1016px\" \/><\/a><p id=\"caption-attachment-2708\" class=\"wp-caption-text\">Klikkaa kuva suuremmaksi<\/p><\/div>\n<ol>\n<li>Sy\u00f6t\u00e4 v\u00e4hint\u00e4\u00e4n pakolliset tiedot eli opintopolun nimi ja kuvaus. Mik\u00e4li opintopolkuja on useita, sy\u00f6t\u00e4 opintopolulle lyhenne.<\/li>\n<li>Voit halutessasi m\u00e4\u00e4ritt\u00e4\u00e4 my\u00f6s ryhm\u00e4n, jota opintopolku koskee<\/li>\n<li><strong>\u00a0Tallenna<\/strong><\/li>\n<\/ol>\n<p>Opintopolun lyhenne ilmestyy n\u00e4yt\u00f6n oikeaan reunaan. Rastita niiden opintokokonaisuuksien ja -jaksojen valintaruudut, jotka haluat sis\u00e4llytt\u00e4\u00e4 opintopolkuun.<br \/>\nValinnat tallentuvat automaattisesti.<\/p>\n<div id=\"attachment_2709\" style=\"width: 1290px\" class=\"wp-caption alignnone\"><a href=\"https:\/\/blogi.eoppimispalvelut.fi\/peppi-ohjeet\/koulutus-ja-opetussuunnittelu\/opetussuunnitelmat\/opetussuunnitelman-rakentaminen\/opintopolut\/opintopolun-tietojen-maarittely\/\" rel=\"attachment wp-att-2709\"><img loading=\"lazy\" decoding=\"async\" aria-describedby=\"caption-attachment-2709\" class=\"size-full wp-image-2709\" src=\"https:\/\/blogi.eoppimispalvelut.fi\/peppi-ohjeet\/files\/2020\/05\/Opintopolun-tietojen-m\u00e4\u00e4rittely.png\" alt=\"Opintopolun tietojen m\u00e4\u00e4rittely\" width=\"1280\" height=\"532\" srcset=\"https:\/\/blogi.eoppimispalvelut.fi\/peppi-ohjeet\/files\/2020\/05\/Opintopolun-tietojen-m\u00e4\u00e4rittely.png 1280w, https:\/\/blogi.eoppimispalvelut.fi\/peppi-ohjeet\/files\/2020\/05\/Opintopolun-tietojen-m\u00e4\u00e4rittely-900x374.png 900w, https:\/\/blogi.eoppimispalvelut.fi\/peppi-ohjeet\/files\/2020\/05\/Opintopolun-tietojen-m\u00e4\u00e4rittely-768x319.png 768w, https:\/\/blogi.eoppimispalvelut.fi\/peppi-ohjeet\/files\/2020\/05\/Opintopolun-tietojen-m\u00e4\u00e4rittely-500x208.png 500w\" sizes=\"auto, (max-width: 1280px) 100vw, 1280px\" \/><\/a><p id=\"caption-attachment-2709\" class=\"wp-caption-text\">Klikkaa kuva suuremmaksi<\/p><\/div>\n<p>Voit tarkastella opintopolun mukaista opetussuunnitelmaa valitsemalla Rakenne-n\u00e4kym\u00e4ss\u00e4 suodatukseksi opintopolku, jota haluat tarkastella.<\/p>\n<div id=\"attachment_2711\" style=\"width: 594px\" class=\"wp-caption alignnone\"><a href=\"https:\/\/blogi.eoppimispalvelut.fi\/peppi-ohjeet\/koulutus-ja-opetussuunnittelu\/opetussuunnitelmat\/opetussuunnitelman-rakentaminen\/opintopolut\/opintopolun-mukainen-opetussuunnitelma\/\" rel=\"attachment wp-att-2711\"><img loading=\"lazy\" decoding=\"async\" aria-describedby=\"caption-attachment-2711\" class=\"size-large wp-image-2711\" src=\"https:\/\/blogi.eoppimispalvelut.fi\/peppi-ohjeet\/files\/2020\/05\/Opintopolun-mukainen-opetussuunnitelma-1280x869.png\" alt=\"Opintopolun mukainen opetussuunnitelma\" width=\"584\" height=\"396\" srcset=\"https:\/\/blogi.eoppimispalvelut.fi\/peppi-ohjeet\/files\/2020\/05\/Opintopolun-mukainen-opetussuunnitelma-1280x869.png 1280w, https:\/\/blogi.eoppimispalvelut.fi\/peppi-ohjeet\/files\/2020\/05\/Opintopolun-mukainen-opetussuunnitelma-900x611.png 900w, https:\/\/blogi.eoppimispalvelut.fi\/peppi-ohjeet\/files\/2020\/05\/Opintopolun-mukainen-opetussuunnitelma-768x521.png 768w, https:\/\/blogi.eoppimispalvelut.fi\/peppi-ohjeet\/files\/2020\/05\/Opintopolun-mukainen-opetussuunnitelma-1536x1042.png 1536w, https:\/\/blogi.eoppimispalvelut.fi\/peppi-ohjeet\/files\/2020\/05\/Opintopolun-mukainen-opetussuunnitelma-442x300.png 442w, https:\/\/blogi.eoppimispalvelut.fi\/peppi-ohjeet\/files\/2020\/05\/Opintopolun-mukainen-opetussuunnitelma.png 1658w\" sizes=\"auto, (max-width: 584px) 100vw, 584px\" \/><\/a><p id=\"caption-attachment-2711\" class=\"wp-caption-text\">Klikkaa kuva suuremmaksi<\/p><\/div>\n<p>Opetussuunnitelmia voidaan tarkastella opintopolun mukaisesti my\u00f6s opinto-oppaassa. My\u00f6s opiskeijan HOPS voidaan alustaan opintopolun mukaiseksi.<\/p>\n<hr \/>\n<p>Takaisin <a href=\"https:\/\/blogi.eoppimispalvelut.fi\/peppi-ohjeet\/koulutus-ja-opetussuunnittelu\/\">Koulutus- ja opetussuunnittelu<\/a> \u2013 sivulle<\/p>\n","protected":false},"excerpt":{"rendered":"<p>Katso video (tekstityksen saa p\u00e4\u00e4lle [cc]-painikkeesta). Pepiss\u00e4\u00a0Opintopolku-toiminnon kautta voidaan kuvata opetussuunnitelman sis\u00e4ll\u00e4 olevia reittej\u00e4 suorittaa vaadittavat opetussuunnitelman opinnot. Opintopolut rakennetaan Opetussuunnitelma-n\u00e4kym\u00e4ss\u00e4 valitsemalla Opintopolut. Luo uusi opintopolku valitsemalla Lis\u00e4\u00e4 opintopolku. Sy\u00f6t\u00e4 v\u00e4hint\u00e4\u00e4n pakolliset tiedot eli opintopolun nimi ja kuvaus. Mik\u00e4li opintopolkuja &hellip; <a href=\"https:\/\/blogi.eoppimispalvelut.fi\/peppi-ohjeet\/koulutus-ja-opetussuunnittelu\/opetussuunnitelmat\/opetussuunnitelman-rakentaminen\/opintopolut\/\">Continue reading <span class=\"meta-nav\">&rarr;<\/span><\/a><\/p>\n","protected":false},"author":4339,"featured_media":0,"parent":2117,"menu_order":0,"comment_status":"closed","ping_status":"closed","template":"","meta":{"_monsterinsights_skip_tracking":false,"_monsterinsights_sitenote_active":false,"_monsterinsights_sitenote_note":"","_monsterinsights_sitenote_category":0,"footnotes":""},"class_list":["post-2136","page","type-page","status-publish","hentry"],"_links":{"self":[{"href":"https:\/\/blogi.eoppimispalvelut.fi\/peppi-ohjeet\/wp-json\/wp\/v2\/pages\/2136","targetHints":{"allow":["GET"]}}],"collection":[{"href":"https:\/\/blogi.eoppimispalvelut.fi\/peppi-ohjeet\/wp-json\/wp\/v2\/pages"}],"about":[{"href":"https:\/\/blogi.eoppimispalvelut.fi\/peppi-ohjeet\/wp-json\/wp\/v2\/types\/page"}],"author":[{"embeddable":true,"href":"https:\/\/blogi.eoppimispalvelut.fi\/peppi-ohjeet\/wp-json\/wp\/v2\/users\/4339"}],"replies":[{"embeddable":true,"href":"https:\/\/blogi.eoppimispalvelut.fi\/peppi-ohjeet\/wp-json\/wp\/v2\/comments?post=2136"}],"version-history":[{"count":11,"href":"https:\/\/blogi.eoppimispalvelut.fi\/peppi-ohjeet\/wp-json\/wp\/v2\/pages\/2136\/revisions"}],"predecessor-version":[{"id":3281,"href":"https:\/\/blogi.eoppimispalvelut.fi\/peppi-ohjeet\/wp-json\/wp\/v2\/pages\/2136\/revisions\/3281"}],"up":[{"embeddable":true,"href":"https:\/\/blogi.eoppimispalvelut.fi\/peppi-ohjeet\/wp-json\/wp\/v2\/pages\/2117"}],"wp:attachment":[{"href":"https:\/\/blogi.eoppimispalvelut.fi\/peppi-ohjeet\/wp-json\/wp\/v2\/media?parent=2136"}],"curies":[{"name":"wp","href":"https:\/\/api.w.org\/{rel}","templated":true}]}}