{"id":2138,"date":"2020-04-22T09:56:01","date_gmt":"2020-04-22T06:56:01","guid":{"rendered":"https:\/\/blogi.eoppimispalvelut.fi\/peppi-ohjeet\/?page_id=2138"},"modified":"2020-06-10T09:22:21","modified_gmt":"2020-06-10T06:22:21","slug":"ajoitussuunnitelmat","status":"publish","type":"page","link":"https:\/\/blogi.eoppimispalvelut.fi\/peppi-ohjeet\/koulutus-ja-opetussuunnittelu\/opetussuunnitelmat\/opetussuunnitelman-rakentaminen\/ajoitussuunnitelmat\/","title":{"rendered":"Ajoitussuunnitelmat"},"content":{"rendered":"<p>Katso <a href=\"https:\/\/youtu.be\/7WYEgysbm-k\" target=\"_blank\" rel=\"noopener noreferrer\">video<\/a> (tekstityksen saa p\u00e4\u00e4lle [cc]-painikkeesta).<\/p>\n<p>Voit lis\u00e4t\u00e4 OPSille ajoitussuunnitelman, joka m\u00e4\u00e4ritt\u00e4\u00e4 sen, milloin opetus j\u00e4rjestet\u00e4\u00e4n. Ajoitussuunnitelmassa opintojaksot kiinnitet\u00e4\u00e4n lukuvuosille, lukukausille ja periodeille tutkinnon keston mukaisesti.<\/p>\n<ul>\n<li>Lapin yliopiston ja Lapin ammattikorkeakoulun<br \/>\nperiodit on yhten\u00e4istetty yhteisen suunnitteluj\u00e4rjestelm\u00e4n vuoksi<\/li>\n<li>Molemmilla korkeakouluilla on kolme periodia: syksy, kev\u00e4t ja kes\u00e4<\/li>\n<\/ul>\n<p>Opetussuunnitelmiin tehd\u00e4\u00e4n aina tarkka ajoitussuunnitelma, jolloin opintopisteet voidaan kohdentaa oikein eri periodeille.<\/p>\n<p>Valitse opetussuunnitelma n\u00e4kym\u00e4ss\u00e4 Ajoitussuunnitelmat<\/p>\n<div id=\"attachment_2714\" style=\"width: 1062px\" class=\"wp-caption alignnone\"><a href=\"https:\/\/blogi.eoppimispalvelut.fi\/peppi-ohjeet\/koulutus-ja-opetussuunnittelu\/opetussuunnitelmat\/opetussuunnitelman-rakentaminen\/ajoitussuunnitelmat\/ajoitussuunnitelman-lisaaminen\/\" rel=\"attachment wp-att-2714\"><img loading=\"lazy\" decoding=\"async\" aria-describedby=\"caption-attachment-2714\" class=\"size-full wp-image-2714\" src=\"https:\/\/blogi.eoppimispalvelut.fi\/peppi-ohjeet\/files\/2020\/05\/Ajoitussuunnitelman-lis\u00e4\u00e4minen.png\" alt=\"Ajoitussuunnitelman lis\u00e4\u00e4minen\" width=\"1052\" height=\"466\" srcset=\"https:\/\/blogi.eoppimispalvelut.fi\/peppi-ohjeet\/files\/2020\/05\/Ajoitussuunnitelman-lis\u00e4\u00e4minen.png 1052w, https:\/\/blogi.eoppimispalvelut.fi\/peppi-ohjeet\/files\/2020\/05\/Ajoitussuunnitelman-lis\u00e4\u00e4minen-900x399.png 900w, https:\/\/blogi.eoppimispalvelut.fi\/peppi-ohjeet\/files\/2020\/05\/Ajoitussuunnitelman-lis\u00e4\u00e4minen-768x340.png 768w, https:\/\/blogi.eoppimispalvelut.fi\/peppi-ohjeet\/files\/2020\/05\/Ajoitussuunnitelman-lis\u00e4\u00e4minen-500x221.png 500w\" sizes=\"auto, (max-width: 1052px) 100vw, 1052px\" \/><\/a><p id=\"caption-attachment-2714\" class=\"wp-caption-text\">Klikkaa kuva suuremmaksi<\/p><\/div>\n<p>&nbsp;<\/p>\n<p>Valitse Lis\u00e4\u00e4 ajoitussuunnitelma<\/p>\n<p>&nbsp;<\/p>\n<div id=\"attachment_2715\" style=\"width: 684px\" class=\"wp-caption alignnone\"><a href=\"https:\/\/blogi.eoppimispalvelut.fi\/peppi-ohjeet\/koulutus-ja-opetussuunnittelu\/opetussuunnitelmat\/opetussuunnitelman-rakentaminen\/ajoitussuunnitelmat\/ajoitussuunnitelman-perustiedot\/\" rel=\"attachment wp-att-2715\"><img loading=\"lazy\" decoding=\"async\" aria-describedby=\"caption-attachment-2715\" class=\"size-full wp-image-2715\" src=\"https:\/\/blogi.eoppimispalvelut.fi\/peppi-ohjeet\/files\/2020\/05\/Ajoitussuunnitelman-perustiedot.png\" alt=\"Ajoitussuunnitelman perustiedot\" width=\"674\" height=\"548\" srcset=\"https:\/\/blogi.eoppimispalvelut.fi\/peppi-ohjeet\/files\/2020\/05\/Ajoitussuunnitelman-perustiedot.png 674w, https:\/\/blogi.eoppimispalvelut.fi\/peppi-ohjeet\/files\/2020\/05\/Ajoitussuunnitelman-perustiedot-369x300.png 369w\" sizes=\"auto, (max-width: 674px) 100vw, 674px\" \/><\/a><p id=\"caption-attachment-2715\" class=\"wp-caption-text\">Klikkaa kuva suuremmaksi<\/p><\/div>\n<p>&nbsp;<\/p>\n<ol>\n<li>Nimi<\/li>\n<li>Ajoituksen tyyppi = Tarkka ajoitus<\/li>\n<li>Aloituslukuvuosi<\/li>\n<li>Aloituslukukausi<\/li>\n<li>Opintopolku, jota ajoitussuunnitelma koskee (koko opetussuunnitelma \/ opintopolku).<\/li>\n<li>Voit my\u00f6s lis\u00e4t\u00e4 ajoitussuunnitelmalle tarvittaessa ryhm\u00e4n.<\/li>\n<\/ol>\n<p>Ajoituksella on kolme eri tyyppi\u00e4:<\/p>\n<ul>\n<li><strong>Karkea ajoitus<\/strong>: j\u00e4rjestelm\u00e4 jakaa automaattisesti opintojakson kokonaislaajuuden tasan valittujen sarakkeiden (lukuvuodet, lukukaudet tai periodit) kesken.<\/li>\n<li><strong>Tarkka ajoitus<\/strong>: voit itse kirjoittaa opintopisteet sarakkeiden soluihin.<\/li>\n<li><strong>Yksinkertainen ajoitus<\/strong>: voit valita napsauttamalla sarakkeen solun, johon haluat opintojakson kaikkien opintopisteiden kuuluvan.<\/li>\n<\/ul>\n<p>Lapin ammattikorkeakoulussa ajoituksen tyyppin\u00e4 k\u00e4ytet\u00e4\u00e4n aina Tarkkaa ajoitusta. T\u00e4ll\u00f6in opiskelijan HOPSin opintojen ajoitus saadaan jakautumaan oikein periodeille.<\/p>\n<p>Kun ajoitus on luotu, t\u00e4ytyy luotu ajoitussuunnitelmataulukko k\u00e4yd\u00e4 muokkaamassa. Valitse Ajoitussuunnitelma-n\u00e4kym\u00e4ss\u00e4 ajoitussuunnitelman nimen oikeassa reunassa olevasta pudotusvalikosta Muokkaa.<\/p>\n<p>&nbsp;<\/p>\n<div id=\"attachment_2716\" style=\"width: 594px\" class=\"wp-caption alignnone\"><a href=\"https:\/\/blogi.eoppimispalvelut.fi\/peppi-ohjeet\/koulutus-ja-opetussuunnittelu\/opetussuunnitelmat\/opetussuunnitelman-rakentaminen\/ajoitussuunnitelmat\/ajoituksen-muokkaaminen\/\" rel=\"attachment wp-att-2716\"><img loading=\"lazy\" decoding=\"async\" aria-describedby=\"caption-attachment-2716\" class=\"size-large wp-image-2716\" src=\"https:\/\/blogi.eoppimispalvelut.fi\/peppi-ohjeet\/files\/2020\/05\/Ajoituksen-muokkaaminen-1280x279.png\" alt=\"Ajoituksen muokkaaminen\" width=\"584\" height=\"127\" srcset=\"https:\/\/blogi.eoppimispalvelut.fi\/peppi-ohjeet\/files\/2020\/05\/Ajoituksen-muokkaaminen-1280x279.png 1280w, https:\/\/blogi.eoppimispalvelut.fi\/peppi-ohjeet\/files\/2020\/05\/Ajoituksen-muokkaaminen-900x196.png 900w, https:\/\/blogi.eoppimispalvelut.fi\/peppi-ohjeet\/files\/2020\/05\/Ajoituksen-muokkaaminen-768x167.png 768w, https:\/\/blogi.eoppimispalvelut.fi\/peppi-ohjeet\/files\/2020\/05\/Ajoituksen-muokkaaminen-1536x335.png 1536w, https:\/\/blogi.eoppimispalvelut.fi\/peppi-ohjeet\/files\/2020\/05\/Ajoituksen-muokkaaminen-500x109.png 500w, https:\/\/blogi.eoppimispalvelut.fi\/peppi-ohjeet\/files\/2020\/05\/Ajoituksen-muokkaaminen.png 1867w\" sizes=\"auto, (max-width: 584px) 100vw, 584px\" \/><\/a><p id=\"caption-attachment-2716\" class=\"wp-caption-text\">Klikkaa kuva suuremmaksi<\/p><\/div>\n<p>&nbsp;<\/p>\n<p>Valitse ajoitussuunnitelman n\u00e4kym\u00e4ksi Periodi. Kiinnit\u00e4 kukin opintojakso oikealle lukuvuodelle ja periodille kirjoittamalla itse opintopisteet sarakkeiden soluihin.<\/p>\n<p>&nbsp;<\/p>\n<div id=\"attachment_2717\" style=\"width: 594px\" class=\"wp-caption alignnone\"><a href=\"https:\/\/blogi.eoppimispalvelut.fi\/peppi-ohjeet\/koulutus-ja-opetussuunnittelu\/opetussuunnitelmat\/opetussuunnitelman-rakentaminen\/ajoitussuunnitelmat\/ajoitustietojen-taydentaminen-ajoitussuunnitelmataulukkoon\/\" rel=\"attachment wp-att-2717\"><img loading=\"lazy\" decoding=\"async\" aria-describedby=\"caption-attachment-2717\" class=\"size-large wp-image-2717\" src=\"https:\/\/blogi.eoppimispalvelut.fi\/peppi-ohjeet\/files\/2020\/05\/Ajoitustietojen-t\u00e4ydent\u00e4minen-ajoitussuunnitelmataulukkoon-1280x518.png\" alt=\"Ajoitustietojen t\u00e4ydent\u00e4minen ajoitussuunnitelmataulukkoon\" width=\"584\" height=\"236\" srcset=\"https:\/\/blogi.eoppimispalvelut.fi\/peppi-ohjeet\/files\/2020\/05\/Ajoitustietojen-t\u00e4ydent\u00e4minen-ajoitussuunnitelmataulukkoon-1280x518.png 1280w, https:\/\/blogi.eoppimispalvelut.fi\/peppi-ohjeet\/files\/2020\/05\/Ajoitustietojen-t\u00e4ydent\u00e4minen-ajoitussuunnitelmataulukkoon-900x364.png 900w, https:\/\/blogi.eoppimispalvelut.fi\/peppi-ohjeet\/files\/2020\/05\/Ajoitustietojen-t\u00e4ydent\u00e4minen-ajoitussuunnitelmataulukkoon-768x311.png 768w, https:\/\/blogi.eoppimispalvelut.fi\/peppi-ohjeet\/files\/2020\/05\/Ajoitustietojen-t\u00e4ydent\u00e4minen-ajoitussuunnitelmataulukkoon-1536x622.png 1536w, https:\/\/blogi.eoppimispalvelut.fi\/peppi-ohjeet\/files\/2020\/05\/Ajoitustietojen-t\u00e4ydent\u00e4minen-ajoitussuunnitelmataulukkoon-500x202.png 500w, https:\/\/blogi.eoppimispalvelut.fi\/peppi-ohjeet\/files\/2020\/05\/Ajoitustietojen-t\u00e4ydent\u00e4minen-ajoitussuunnitelmataulukkoon.png 2028w\" sizes=\"auto, (max-width: 584px) 100vw, 584px\" \/><\/a><p id=\"caption-attachment-2717\" class=\"wp-caption-text\">Klikkaa kuva suuremmaksi<\/p><\/div>\n<p>&nbsp;<\/p>\n<p>Kun muutat ajoitussuunnitelmataulukon tietoja, tekem\u00e4si muutokset tallentuvat automaattisesti.<\/p>\n<hr \/>\n<p>Takaisin\u00a0<a href=\"https:\/\/blogi.eoppimispalvelut.fi\/peppi-ohjeet\/koulutus-ja-opetussuunnittelu\/\">Koulutus- ja opetussuunnittelu<\/a>\u00a0\u2013 sivulle<\/p>\n","protected":false},"excerpt":{"rendered":"<p>Katso video (tekstityksen saa p\u00e4\u00e4lle [cc]-painikkeesta). Voit lis\u00e4t\u00e4 OPSille ajoitussuunnitelman, joka m\u00e4\u00e4ritt\u00e4\u00e4 sen, milloin opetus j\u00e4rjestet\u00e4\u00e4n. Ajoitussuunnitelmassa opintojaksot kiinnitet\u00e4\u00e4n lukuvuosille, lukukausille ja periodeille tutkinnon keston mukaisesti. Lapin yliopiston ja Lapin ammattikorkeakoulun periodit on yhten\u00e4istetty yhteisen suunnitteluj\u00e4rjestelm\u00e4n vuoksi Molemmilla korkeakouluilla on &hellip; <a href=\"https:\/\/blogi.eoppimispalvelut.fi\/peppi-ohjeet\/koulutus-ja-opetussuunnittelu\/opetussuunnitelmat\/opetussuunnitelman-rakentaminen\/ajoitussuunnitelmat\/\">Continue reading <span class=\"meta-nav\">&rarr;<\/span><\/a><\/p>\n","protected":false},"author":4339,"featured_media":0,"parent":2117,"menu_order":0,"comment_status":"closed","ping_status":"closed","template":"","meta":{"_monsterinsights_skip_tracking":false,"_monsterinsights_sitenote_active":false,"_monsterinsights_sitenote_note":"","_monsterinsights_sitenote_category":0,"footnotes":""},"class_list":["post-2138","page","type-page","status-publish","hentry"],"_links":{"self":[{"href":"https:\/\/blogi.eoppimispalvelut.fi\/peppi-ohjeet\/wp-json\/wp\/v2\/pages\/2138","targetHints":{"allow":["GET"]}}],"collection":[{"href":"https:\/\/blogi.eoppimispalvelut.fi\/peppi-ohjeet\/wp-json\/wp\/v2\/pages"}],"about":[{"href":"https:\/\/blogi.eoppimispalvelut.fi\/peppi-ohjeet\/wp-json\/wp\/v2\/types\/page"}],"author":[{"embeddable":true,"href":"https:\/\/blogi.eoppimispalvelut.fi\/peppi-ohjeet\/wp-json\/wp\/v2\/users\/4339"}],"replies":[{"embeddable":true,"href":"https:\/\/blogi.eoppimispalvelut.fi\/peppi-ohjeet\/wp-json\/wp\/v2\/comments?post=2138"}],"version-history":[{"count":15,"href":"https:\/\/blogi.eoppimispalvelut.fi\/peppi-ohjeet\/wp-json\/wp\/v2\/pages\/2138\/revisions"}],"predecessor-version":[{"id":3288,"href":"https:\/\/blogi.eoppimispalvelut.fi\/peppi-ohjeet\/wp-json\/wp\/v2\/pages\/2138\/revisions\/3288"}],"up":[{"embeddable":true,"href":"https:\/\/blogi.eoppimispalvelut.fi\/peppi-ohjeet\/wp-json\/wp\/v2\/pages\/2117"}],"wp:attachment":[{"href":"https:\/\/blogi.eoppimispalvelut.fi\/peppi-ohjeet\/wp-json\/wp\/v2\/media?parent=2138"}],"curies":[{"name":"wp","href":"https:\/\/api.w.org\/{rel}","templated":true}]}}