{"id":2180,"date":"2020-04-22T16:43:53","date_gmt":"2020-04-22T13:43:53","guid":{"rendered":"https:\/\/blogi.eoppimispalvelut.fi\/peppi-ohjeet\/?page_id=2180"},"modified":"2024-08-14T15:05:34","modified_gmt":"2024-08-14T12:05:34","slug":"projektitehtavat","status":"publish","type":"page","link":"https:\/\/blogi.eoppimispalvelut.fi\/peppi-ohjeet\/koulutus-ja-opetussuunnittelu\/vuosisuunnittelu\/projektitehtavat\/","title":{"rendered":"Projektiteht\u00e4v\u00e4t"},"content":{"rendered":"<p>Katso <a href=\"https:\/\/youtu.be\/V3V5fgjoQuE\" target=\"_blank\" rel=\"noopener noreferrer\">video, osa 1.<\/a> (tekstityksen saa p\u00e4\u00e4lle [cc]-painikkeesta).<\/p>\n<p>Projekti t\u00e4ytyy perustaa ensin ennen kuin siihen voidaan liitt\u00e4\u00e4 teht\u00e4vi\u00e4. Projektit luodaan siit\u00e4 vastaavaan yksikk\u00f6\u00f6n.<\/p>\n<p>Projekti voidaan luoda kahdella tapaa, joko Yksikk\u00f6-valikon alta l\u00f6ytyv\u00e4n Yksik\u00f6t kautta tai vuosisuunnittelun yhteydess\u00e4. Molemmat tavat toimivat samalla tavalla.<\/p>\n<p>Projektiteht\u00e4v\u00e4t resurssoi projektista vastaavan yksik\u00f6n osaamisp\u00e4\u00e4llikk\u00f6. Mik\u00e4li projektiin tarvitaan toisen yksik\u00f6n osaajaa, projektista vastaavan yksik\u00f6n osaamisp\u00e4\u00e4llikk\u00f6 sopii resursseista tarvittavan asiantuntijan esimiehen kanssa.<\/p>\n<p>&nbsp;<\/p>\n<p><strong>Projektin perustaminen vuosisuunnittelun yhteydess\u00e4<\/strong><\/p>\n<p>Valitse Vuosisuunnittelu-n\u00e4kym\u00e4ss\u00e4 Lis\u00e4\u00e4 Projekti.<\/p>\n<p>&nbsp;<\/p>\n<div id=\"attachment_2928\" style=\"width: 594px\" class=\"wp-caption alignnone\"><a href=\"https:\/\/blogi.eoppimispalvelut.fi\/peppi-ohjeet\/koulutus-ja-opetussuunnittelu\/vuosisuunnittelu\/projektitehtavat\/projektin-perustaminen-vuosisuunnittelun-yhteydessa\/\" rel=\"attachment wp-att-2928\"><img loading=\"lazy\" decoding=\"async\" aria-describedby=\"caption-attachment-2928\" class=\"size-large wp-image-2928\" src=\"https:\/\/blogi.eoppimispalvelut.fi\/peppi-ohjeet\/files\/2020\/05\/Projektin-perustaminen-vuosisuunnittelun-yhteydess\u00e4-1280x213.png\" alt=\"Projektin perustaminen vuosisuunnittelun yhteydess\u00e4\" width=\"584\" height=\"97\" srcset=\"https:\/\/blogi.eoppimispalvelut.fi\/peppi-ohjeet\/files\/2020\/05\/Projektin-perustaminen-vuosisuunnittelun-yhteydess\u00e4-1280x213.png 1280w, https:\/\/blogi.eoppimispalvelut.fi\/peppi-ohjeet\/files\/2020\/05\/Projektin-perustaminen-vuosisuunnittelun-yhteydess\u00e4-900x149.png 900w, https:\/\/blogi.eoppimispalvelut.fi\/peppi-ohjeet\/files\/2020\/05\/Projektin-perustaminen-vuosisuunnittelun-yhteydess\u00e4-768x128.png 768w, https:\/\/blogi.eoppimispalvelut.fi\/peppi-ohjeet\/files\/2020\/05\/Projektin-perustaminen-vuosisuunnittelun-yhteydess\u00e4-1536x255.png 1536w, https:\/\/blogi.eoppimispalvelut.fi\/peppi-ohjeet\/files\/2020\/05\/Projektin-perustaminen-vuosisuunnittelun-yhteydess\u00e4-500x83.png 500w, https:\/\/blogi.eoppimispalvelut.fi\/peppi-ohjeet\/files\/2020\/05\/Projektin-perustaminen-vuosisuunnittelun-yhteydess\u00e4.png 2005w\" sizes=\"auto, (max-width: 584px) 100vw, 584px\" \/><\/a><p id=\"caption-attachment-2928\" class=\"wp-caption-text\">Klikkaa kuva suuremmaksi<\/p><\/div>\n<p>&nbsp;<\/p>\n<p>Tallenna projektia koskevat tiedot avautuvalla ikkunalla.<\/p>\n<p>&nbsp;<\/p>\n<div id=\"attachment_2929\" style=\"width: 1263px\" class=\"wp-caption alignnone\"><a href=\"https:\/\/blogi.eoppimispalvelut.fi\/peppi-ohjeet\/koulutus-ja-opetussuunnittelu\/vuosisuunnittelu\/projektitehtavat\/projektin-tietojen-tallentaminen-vuosisuunnittelun-yhteydessa\/\" rel=\"attachment wp-att-2929\"><img loading=\"lazy\" decoding=\"async\" aria-describedby=\"caption-attachment-2929\" class=\"size-full wp-image-2929\" src=\"https:\/\/blogi.eoppimispalvelut.fi\/peppi-ohjeet\/files\/2020\/05\/Projektin-tietojen-tallentaminen-vuosisuunnittelun-yhteydess\u00e4.png\" alt=\"Projektin tietojen tallentaminen vuosisuunnittelun yhteydess\u00e4\" width=\"1253\" height=\"544\" srcset=\"https:\/\/blogi.eoppimispalvelut.fi\/peppi-ohjeet\/files\/2020\/05\/Projektin-tietojen-tallentaminen-vuosisuunnittelun-yhteydess\u00e4.png 1253w, https:\/\/blogi.eoppimispalvelut.fi\/peppi-ohjeet\/files\/2020\/05\/Projektin-tietojen-tallentaminen-vuosisuunnittelun-yhteydess\u00e4-900x391.png 900w, https:\/\/blogi.eoppimispalvelut.fi\/peppi-ohjeet\/files\/2020\/05\/Projektin-tietojen-tallentaminen-vuosisuunnittelun-yhteydess\u00e4-768x333.png 768w, https:\/\/blogi.eoppimispalvelut.fi\/peppi-ohjeet\/files\/2020\/05\/Projektin-tietojen-tallentaminen-vuosisuunnittelun-yhteydess\u00e4-500x217.png 500w\" sizes=\"auto, (max-width: 1253px) 100vw, 1253px\" \/><\/a><p id=\"caption-attachment-2929\" class=\"wp-caption-text\">Klikkaa kuva suuremmaksi<\/p><\/div>\n<p>&nbsp;<\/p>\n<p>Kun olet sy\u00f6tt\u00e4nyt tarvittavat tiedot valitse Tallenna. Lis\u00e4\u00e4 t\u00e4m\u00e4n j\u00e4lkeen kustannustunniste valitsemalla +Lis\u00e4\u00e4.<\/p>\n<p>&nbsp;<\/p>\n<hr \/>\n<p><strong>Teht\u00e4vien kiinnitt\u00e4minen projektiin<\/strong><\/p>\n<p>Katso <a href=\"https:\/\/youtu.be\/UNI4Zw0M5T8\" target=\"_blank\" rel=\"noopener noreferrer\">video, osa 2.<\/a> (tekstityksen saa p\u00e4\u00e4lle [cc]-painikkeesta).<\/p>\n<p>Kun projekti on perustettu voidaan siihen kiinnitt\u00e4\u00e4 teht\u00e4vi\u00e4. Teht\u00e4vi\u00e4 voidaan kiinnitt\u00e4\u00e4 joko yksitt\u00e4iselle henkil\u00f6lle tai useammalle henkil\u00f6lle samalla kertaa. Teht\u00e4v\u00e4t kannattaa kiinnitt\u00e4\u00e4 projektille lukukausittain ty\u00f6n jaksottumiseksi oikein ty\u00f6aikasuunnitelmaan. Kiinnitetyt teht\u00e4v\u00e4t siirtyv\u00e4t suoraan osaksi ty\u00f6aikasuunnitelmaa.<\/p>\n<p><strong>Teht\u00e4v\u00e4n kiinnitt\u00e4minen yhdelle henkil\u00f6lle<\/strong><\/p>\n<p>Valitse Projekti-ikkunassa Lis\u00e4\u00e4 teht\u00e4v\u00e4.<\/p>\n<p>&nbsp;<\/p>\n<div id=\"attachment_2931\" style=\"width: 1290px\" class=\"wp-caption alignnone\"><a href=\"https:\/\/blogi.eoppimispalvelut.fi\/peppi-ohjeet\/koulutus-ja-opetussuunnittelu\/vuosisuunnittelu\/projektitehtavat\/projektitehtavan-lisaaminen-yhdelle-henkilolle\/\" rel=\"attachment wp-att-2931\"><img loading=\"lazy\" decoding=\"async\" aria-describedby=\"caption-attachment-2931\" class=\"size-full wp-image-2931\" src=\"https:\/\/blogi.eoppimispalvelut.fi\/peppi-ohjeet\/files\/2020\/05\/Projektiteht\u00e4v\u00e4n-lis\u00e4\u00e4minen-yhdelle-henkil\u00f6lle.png\" alt=\"Projektiteht\u00e4v\u00e4n lis\u00e4\u00e4minen yhdelle henkil\u00f6lle\" width=\"1280\" height=\"122\" srcset=\"https:\/\/blogi.eoppimispalvelut.fi\/peppi-ohjeet\/files\/2020\/05\/Projektiteht\u00e4v\u00e4n-lis\u00e4\u00e4minen-yhdelle-henkil\u00f6lle.png 1280w, https:\/\/blogi.eoppimispalvelut.fi\/peppi-ohjeet\/files\/2020\/05\/Projektiteht\u00e4v\u00e4n-lis\u00e4\u00e4minen-yhdelle-henkil\u00f6lle-900x86.png 900w, https:\/\/blogi.eoppimispalvelut.fi\/peppi-ohjeet\/files\/2020\/05\/Projektiteht\u00e4v\u00e4n-lis\u00e4\u00e4minen-yhdelle-henkil\u00f6lle-768x73.png 768w, https:\/\/blogi.eoppimispalvelut.fi\/peppi-ohjeet\/files\/2020\/05\/Projektiteht\u00e4v\u00e4n-lis\u00e4\u00e4minen-yhdelle-henkil\u00f6lle-500x48.png 500w\" sizes=\"auto, (max-width: 1280px) 100vw, 1280px\" \/><\/a><p id=\"caption-attachment-2931\" class=\"wp-caption-text\">Klikkaa kuva suuremmaksi<\/p><\/div>\n<p>&nbsp;<\/p>\n<p>Tallenna (tiedot tallentuvat automaattisesti)<\/p>\n<ul>\n<li>teht\u00e4v\u00e4n nimi<\/li>\n<li>milloin teht\u00e4v\u00e4 alkaa ja p\u00e4\u00e4ttyy<\/li>\n<li>opettaja, jolle teht\u00e4v\u00e4 kiinnitet\u00e4\u00e4n<\/li>\n<li>teht\u00e4v\u00e4\u00e4n annettava ty\u00f6aika tunteina<\/li>\n<\/ul>\n<p>&nbsp;<\/p>\n<p><strong>Teht\u00e4v\u00e4n lis\u00e4\u00e4minen usealle henkil\u00f6lle samalla kertaa<\/strong><\/p>\n<p>Valitse Projekti-ikkunassa Lis\u00e4\u00e4 monelle henkil\u00f6lle. Lis\u00e4tt\u00e4v\u00e4t henkil\u00f6t valitaan avautuvassa ikkunassa. Voit lis\u00e4t\u00e4 esimerkiksi teht\u00e4v\u00e4n koko yksik\u00f6n henkil\u00f6ille valitsemalla Yksikk\u00f6. T\u00e4m\u00e4n j\u00e4lkeen yksik\u00f6n henkil\u00f6st\u00f6 tulee n\u00e4yviin ikkunalle.<\/p>\n<p>&nbsp;<\/p>\n<div id=\"attachment_2932\" style=\"width: 685px\" class=\"wp-caption alignnone\"><a href=\"https:\/\/blogi.eoppimispalvelut.fi\/peppi-ohjeet\/koulutus-ja-opetussuunnittelu\/vuosisuunnittelu\/projektitehtavat\/projektitehtavan-lisaaminen-monelle-henkilolle\/\" rel=\"attachment wp-att-2932\"><img loading=\"lazy\" decoding=\"async\" aria-describedby=\"caption-attachment-2932\" class=\"size-full wp-image-2932\" src=\"https:\/\/blogi.eoppimispalvelut.fi\/peppi-ohjeet\/files\/2020\/05\/Projektiteht\u00e4v\u00e4n-lis\u00e4\u00e4minen-monelle-henkil\u00f6lle.png\" alt=\"Projektiteht\u00e4v\u00e4n lis\u00e4\u00e4minen monelle henkil\u00f6lle\" width=\"675\" height=\"639\" srcset=\"https:\/\/blogi.eoppimispalvelut.fi\/peppi-ohjeet\/files\/2020\/05\/Projektiteht\u00e4v\u00e4n-lis\u00e4\u00e4minen-monelle-henkil\u00f6lle.png 675w, https:\/\/blogi.eoppimispalvelut.fi\/peppi-ohjeet\/files\/2020\/05\/Projektiteht\u00e4v\u00e4n-lis\u00e4\u00e4minen-monelle-henkil\u00f6lle-317x300.png 317w\" sizes=\"auto, (max-width: 675px) 100vw, 675px\" \/><\/a><p id=\"caption-attachment-2932\" class=\"wp-caption-text\">Klikkaa kuva suuremmaksi<\/p><\/div>\n<p>&nbsp;<\/p>\n<p>Voit poistaa ne henkil\u00f6t listalta, joille teht\u00e4v\u00e4\u00e4 ei kiinnitet\u00e4. T\u00e4m\u00e4n j\u00e4lkeen voit sy\u00f6tt\u00e4\u00e4 teht\u00e4v\u00e4n tiedot: Teht\u00e4v\u00e4n nimi, alkaa-p\u00e4\u00e4ttyy sek\u00e4 teht\u00e4v\u00e4n tunnit. Valitse lopuksi Lis\u00e4\u00e4 teht\u00e4v\u00e4t. Teht\u00e4v\u00e4t tulevat n\u00e4kyviin teht\u00e4vitt\u00e4in eriteltyin\u00e4 Projekti-ikkunan alalaitaan.<\/p>\n<p>&nbsp;<\/p>\n<div id=\"attachment_2933\" style=\"width: 1290px\" class=\"wp-caption alignnone\"><a href=\"https:\/\/blogi.eoppimispalvelut.fi\/peppi-ohjeet\/koulutus-ja-opetussuunnittelu\/vuosisuunnittelu\/projektitehtavat\/projektiin-kiinnitetyt-tehtavat\/\" rel=\"attachment wp-att-2933\"><img loading=\"lazy\" decoding=\"async\" aria-describedby=\"caption-attachment-2933\" class=\"size-full wp-image-2933\" src=\"https:\/\/blogi.eoppimispalvelut.fi\/peppi-ohjeet\/files\/2020\/05\/Projektiin-kiinnitetyt-teht\u00e4v\u00e4t.png\" alt=\"Projektiin kiinnitetyt teht\u00e4v\u00e4t\" width=\"1280\" height=\"284\" srcset=\"https:\/\/blogi.eoppimispalvelut.fi\/peppi-ohjeet\/files\/2020\/05\/Projektiin-kiinnitetyt-teht\u00e4v\u00e4t.png 1280w, https:\/\/blogi.eoppimispalvelut.fi\/peppi-ohjeet\/files\/2020\/05\/Projektiin-kiinnitetyt-teht\u00e4v\u00e4t-900x200.png 900w, https:\/\/blogi.eoppimispalvelut.fi\/peppi-ohjeet\/files\/2020\/05\/Projektiin-kiinnitetyt-teht\u00e4v\u00e4t-768x170.png 768w, https:\/\/blogi.eoppimispalvelut.fi\/peppi-ohjeet\/files\/2020\/05\/Projektiin-kiinnitetyt-teht\u00e4v\u00e4t-500x111.png 500w\" sizes=\"auto, (max-width: 1280px) 100vw, 1280px\" \/><\/a><p id=\"caption-attachment-2933\" class=\"wp-caption-text\">Klikkaa kuva suuremmaksi<\/p><\/div>\n<p>&nbsp;<\/p>\n<p>Mik\u00e4li sinulla on tarvetta muokata projektiin kiinnitettyj\u00e4 teht\u00e4vi\u00e4, p\u00e4\u00e4set muokkaamaan niit\u00e4 valitsemalla teht\u00e4v\u00e4luettelon yl\u00e4puolelta Massatoiminnot. Valitse avautuvasta muokkauspalkista Muokkaa.<\/p>\n<p>&nbsp;<\/p>\n<div id=\"attachment_2934\" style=\"width: 864px\" class=\"wp-caption alignnone\"><a href=\"https:\/\/blogi.eoppimispalvelut.fi\/peppi-ohjeet\/koulutus-ja-opetussuunnittelu\/vuosisuunnittelu\/projektitehtavat\/projektitehtavien-muokkaaminen\/\" rel=\"attachment wp-att-2934\"><img loading=\"lazy\" decoding=\"async\" aria-describedby=\"caption-attachment-2934\" class=\"size-full wp-image-2934\" src=\"https:\/\/blogi.eoppimispalvelut.fi\/peppi-ohjeet\/files\/2020\/05\/Projektiteht\u00e4vien-muokkaaminen.png\" alt=\"Projektiteht\u00e4vien muokkaaminen\" width=\"854\" height=\"100\" srcset=\"https:\/\/blogi.eoppimispalvelut.fi\/peppi-ohjeet\/files\/2020\/05\/Projektiteht\u00e4vien-muokkaaminen.png 854w, https:\/\/blogi.eoppimispalvelut.fi\/peppi-ohjeet\/files\/2020\/05\/Projektiteht\u00e4vien-muokkaaminen-768x90.png 768w, https:\/\/blogi.eoppimispalvelut.fi\/peppi-ohjeet\/files\/2020\/05\/Projektiteht\u00e4vien-muokkaaminen-500x59.png 500w\" sizes=\"auto, (max-width: 854px) 100vw, 854px\" \/><\/a><p id=\"caption-attachment-2934\" class=\"wp-caption-text\">Klikkaa kuva suuremmaksi<\/p><\/div>\n<p>&nbsp;<\/p>\n<p>Avautuvassa Massamuokkaus-ikkunassa voit m\u00e4\u00e4ritell\u00e4 mit\u00e4 tietoja haluat muokata.<\/p>\n<p>&nbsp;<\/p>\n<div id=\"attachment_2935\" style=\"width: 608px\" class=\"wp-caption alignnone\"><a href=\"https:\/\/blogi.eoppimispalvelut.fi\/peppi-ohjeet\/koulutus-ja-opetussuunnittelu\/vuosisuunnittelu\/projektitehtavat\/projektitehtavien-massamuokkaus\/\" rel=\"attachment wp-att-2935\"><img loading=\"lazy\" decoding=\"async\" aria-describedby=\"caption-attachment-2935\" class=\"size-full wp-image-2935\" src=\"https:\/\/blogi.eoppimispalvelut.fi\/peppi-ohjeet\/files\/2020\/05\/Projektiteht\u00e4vien-massamuokkaus.png\" alt=\"Projektiteht\u00e4vien massamuokkaus\" width=\"598\" height=\"543\" srcset=\"https:\/\/blogi.eoppimispalvelut.fi\/peppi-ohjeet\/files\/2020\/05\/Projektiteht\u00e4vien-massamuokkaus.png 598w, https:\/\/blogi.eoppimispalvelut.fi\/peppi-ohjeet\/files\/2020\/05\/Projektiteht\u00e4vien-massamuokkaus-330x300.png 330w\" sizes=\"auto, (max-width: 598px) 100vw, 598px\" \/><\/a><p id=\"caption-attachment-2935\" class=\"wp-caption-text\">Klikkaa kuva suuremmaksi<\/p><\/div>\n<p>&nbsp;<\/p>\n<p>Valitse Tallenna muutosten p\u00e4ivitt\u00e4miseksi.<\/p>\n<hr \/>\n<p>Takaisin <a href=\"https:\/\/blogi.eoppimispalvelut.fi\/peppi-ohjeet\/koulutus-ja-opetussuunnittelu\/\">Koulutus- ja opetussuunnittelu<\/a> -sivulle<\/p>\n","protected":false},"excerpt":{"rendered":"<p>Katso video, osa 1. (tekstityksen saa p\u00e4\u00e4lle [cc]-painikkeesta). Projekti t\u00e4ytyy perustaa ensin ennen kuin siihen voidaan liitt\u00e4\u00e4 teht\u00e4vi\u00e4. Projektit luodaan siit\u00e4 vastaavaan yksikk\u00f6\u00f6n. Projekti voidaan luoda kahdella tapaa, joko Yksikk\u00f6-valikon alta l\u00f6ytyv\u00e4n Yksik\u00f6t kautta tai vuosisuunnittelun yhteydess\u00e4. Molemmat tavat toimivat &hellip; <a href=\"https:\/\/blogi.eoppimispalvelut.fi\/peppi-ohjeet\/koulutus-ja-opetussuunnittelu\/vuosisuunnittelu\/projektitehtavat\/\">Continue reading <span class=\"meta-nav\">&rarr;<\/span><\/a><\/p>\n","protected":false},"author":4339,"featured_media":0,"parent":2147,"menu_order":0,"comment_status":"closed","ping_status":"closed","template":"","meta":{"_monsterinsights_skip_tracking":false,"_monsterinsights_sitenote_active":false,"_monsterinsights_sitenote_note":"","_monsterinsights_sitenote_category":0,"footnotes":""},"class_list":["post-2180","page","type-page","status-publish","hentry"],"_links":{"self":[{"href":"https:\/\/blogi.eoppimispalvelut.fi\/peppi-ohjeet\/wp-json\/wp\/v2\/pages\/2180","targetHints":{"allow":["GET"]}}],"collection":[{"href":"https:\/\/blogi.eoppimispalvelut.fi\/peppi-ohjeet\/wp-json\/wp\/v2\/pages"}],"about":[{"href":"https:\/\/blogi.eoppimispalvelut.fi\/peppi-ohjeet\/wp-json\/wp\/v2\/types\/page"}],"author":[{"embeddable":true,"href":"https:\/\/blogi.eoppimispalvelut.fi\/peppi-ohjeet\/wp-json\/wp\/v2\/users\/4339"}],"replies":[{"embeddable":true,"href":"https:\/\/blogi.eoppimispalvelut.fi\/peppi-ohjeet\/wp-json\/wp\/v2\/comments?post=2180"}],"version-history":[{"count":18,"href":"https:\/\/blogi.eoppimispalvelut.fi\/peppi-ohjeet\/wp-json\/wp\/v2\/pages\/2180\/revisions"}],"predecessor-version":[{"id":7023,"href":"https:\/\/blogi.eoppimispalvelut.fi\/peppi-ohjeet\/wp-json\/wp\/v2\/pages\/2180\/revisions\/7023"}],"up":[{"embeddable":true,"href":"https:\/\/blogi.eoppimispalvelut.fi\/peppi-ohjeet\/wp-json\/wp\/v2\/pages\/2147"}],"wp:attachment":[{"href":"https:\/\/blogi.eoppimispalvelut.fi\/peppi-ohjeet\/wp-json\/wp\/v2\/media?parent=2180"}],"curies":[{"name":"wp","href":"https:\/\/api.w.org\/{rel}","templated":true}]}}