{"id":2190,"date":"2020-04-24T10:08:50","date_gmt":"2020-04-24T07:08:50","guid":{"rendered":"https:\/\/blogi.eoppimispalvelut.fi\/peppi-ohjeet\/?page_id=2190"},"modified":"2021-06-23T12:58:25","modified_gmt":"2021-06-23T09:58:25","slug":"opiskelijoiden-hallinta","status":"publish","type":"page","link":"https:\/\/blogi.eoppimispalvelut.fi\/peppi-ohjeet\/oppimis-ja-ohjauspalvelut\/opiskelijoiden-hallinta\/","title":{"rendered":"HOPS-ohjaus"},"content":{"rendered":"<div id=\"attachment_3529\" style=\"width: 594px\" class=\"wp-caption alignnone\"><a href=\"https:\/\/blogi.eoppimispalvelut.fi\/peppi-ohjeet\/files\/2020\/06\/korkeakoulu-28.png\"><img loading=\"lazy\" decoding=\"async\" aria-describedby=\"caption-attachment-3529\" class=\"size-large wp-image-3529\" src=\"https:\/\/blogi.eoppimispalvelut.fi\/peppi-ohjeet\/files\/2020\/06\/korkeakoulu-28-1280x308.png\" alt=\"Hops ohjaus\" width=\"584\" height=\"141\" srcset=\"https:\/\/blogi.eoppimispalvelut.fi\/peppi-ohjeet\/files\/2020\/06\/korkeakoulu-28-1280x308.png 1280w, https:\/\/blogi.eoppimispalvelut.fi\/peppi-ohjeet\/files\/2020\/06\/korkeakoulu-28-900x217.png 900w, https:\/\/blogi.eoppimispalvelut.fi\/peppi-ohjeet\/files\/2020\/06\/korkeakoulu-28-768x185.png 768w, https:\/\/blogi.eoppimispalvelut.fi\/peppi-ohjeet\/files\/2020\/06\/korkeakoulu-28-1536x370.png 1536w, https:\/\/blogi.eoppimispalvelut.fi\/peppi-ohjeet\/files\/2020\/06\/korkeakoulu-28-500x120.png 500w, https:\/\/blogi.eoppimispalvelut.fi\/peppi-ohjeet\/files\/2020\/06\/korkeakoulu-28.png 1718w\" sizes=\"auto, (max-width: 584px) 100vw, 584px\" \/><\/a><p id=\"caption-attachment-3529\" class=\"wp-caption-text\">Klikkaa kuvaa suuremmaksi<\/p><\/div>\n<p>P\u00e4\u00e4set HOPS-ohjaukseen Opiskelijat-valikon kautta.<\/p>\n<p>&nbsp;<\/p>\n<div id=\"attachment_3535\" style=\"width: 594px\" class=\"wp-caption alignnone\"><a href=\"https:\/\/blogi.eoppimispalvelut.fi\/peppi-ohjeet\/files\/2020\/06\/korkeakoulu-29.png\"><img loading=\"lazy\" decoding=\"async\" aria-describedby=\"caption-attachment-3535\" class=\"size-large wp-image-3535\" src=\"https:\/\/blogi.eoppimispalvelut.fi\/peppi-ohjeet\/files\/2020\/06\/korkeakoulu-29-1280x592.png\" alt=\"Hops ohjaus\" width=\"584\" height=\"270\" srcset=\"https:\/\/blogi.eoppimispalvelut.fi\/peppi-ohjeet\/files\/2020\/06\/korkeakoulu-29-1280x592.png 1280w, https:\/\/blogi.eoppimispalvelut.fi\/peppi-ohjeet\/files\/2020\/06\/korkeakoulu-29-900x416.png 900w, https:\/\/blogi.eoppimispalvelut.fi\/peppi-ohjeet\/files\/2020\/06\/korkeakoulu-29-768x355.png 768w, https:\/\/blogi.eoppimispalvelut.fi\/peppi-ohjeet\/files\/2020\/06\/korkeakoulu-29-1536x710.png 1536w, https:\/\/blogi.eoppimispalvelut.fi\/peppi-ohjeet\/files\/2020\/06\/korkeakoulu-29-500x231.png 500w, https:\/\/blogi.eoppimispalvelut.fi\/peppi-ohjeet\/files\/2020\/06\/korkeakoulu-29.png 1971w\" sizes=\"auto, (max-width: 584px) 100vw, 584px\" \/><\/a><p id=\"caption-attachment-3535\" class=\"wp-caption-text\">Klikkaa kuvaa suuremmaksi<\/p><\/div>\n<p>Avautuvassa n\u00e4kym\u00e4ss\u00e4 on lista opiskelijoista, joille sinut on merkitty opintosuunnittelijaksi.<\/p>\n<p>Klikkaamalla opiskelijan nime\u00e4 tai opiskelijanumeroa, p\u00e4\u00e4set tarkastelemaan opiskelijan tietoja. Klikkaamalla koulutuksen nime\u00e4, p\u00e4\u00e4set siirtym\u00e4\u00e4n suoraan opiskelijan HOPSiin. N\u00e4kym\u00e4ss\u00e4 n\u00e4kyy automaattisesti vain aktiiviset opiskelijat. Klikkaamalla oikeassa yl\u00e4reunassa &#8220;Kaikki&#8221;-painiketta, saat listaan n\u00e4kyville my\u00f6s ei-aktiiviset opiskelijat. Sarakkeet-valikosta voit halutessasi valita n\u00e4kyville lis\u00e4\u00e4 opiskelijoiden opiskeluoikeuden tietoja.<\/p>\n<p>N\u00e4kym\u00e4ss\u00e4 voi my\u00f6s hyv\u00e4ksy\u00e4 useampia HOPSeja kerrallaan. Valitse t\u00e4pp\u00e4 niiden opiskelijoiden kohdalle, joiden HOPS pit\u00e4\u00e4 hyv\u00e4ksy\u00e4 ja klikkaa yl\u00e4laidassa olevaa &#8220;Hyv\u00e4ksy valitut HOPSit&#8221; -painiketta.<\/p>\n<p>Lis\u00e4ksi voit halutessasi tehd\u00e4 omia ryhmi\u00e4 ja sijoittaa sinne opiskelijoita esim. saapumisryhm\u00e4n mukaan.<\/p>\n<p>Tapahtumat-v\u00e4lilehdell\u00e4 n\u00e4kyv\u00e4t kaikki viestit, joita opiskelijat ovat sinulle l\u00e4hett\u00e4neet Pepin kautta.<\/p>\n<p>&nbsp;<\/p>\n<p>Oheisista linkeist\u00e4 p\u00e4\u00e4set tarkastelemaan tarkemmin HOPSin toimintojen ohjeita:<\/p>\n<ul>\n<li><em>Opinto-ohjaajien tai opintosuunnittelijoiden ohjeeseen p\u00e4\u00e4set <a href=\"https:\/\/blogi.eoppimispalvelut.fi\/peppi-ohjeet\/opetus_ohjaus\/hops-ohjaus\/opiskelijan-ohjaus\/\">t\u00e4st\u00e4.<\/a><\/em><\/li>\n<li><em>Opiskelijoiden suomenkieliseen ohjeeseen p\u00e4\u00e4set <a href=\"https:\/\/blogi.eoppimispalvelut.fi\/peppi-ohjeet\/opiskelijalle\/minun-opintoni\/hops-2\/\">t\u00e4st\u00e4.<\/a><\/em><\/li>\n<li><em>Opiskelijoiden englanninkieliseen ohjeeseen p\u00e4\u00e4set <a href=\"https:\/\/blogi.eoppimispalvelut.fi\/peppi-ohjeet\/for-student\/my-studies\/isp\/\">t\u00e4st\u00e4.<\/a><\/em><\/li>\n<\/ul>\n<p>&nbsp;<\/p>\n<hr \/>\n<p>Takaisin\u00a0<a href=\"https:\/\/blogi.eoppimispalvelut.fi\/peppi-ohjeet\/oppimis-ja-ohjauspalvelut\/\">Oppimis- ja ohjauspalveluiden<\/a> sivulle<\/p>\n","protected":false},"excerpt":{"rendered":"<p>P\u00e4\u00e4set HOPS-ohjaukseen Opiskelijat-valikon kautta. &nbsp; Avautuvassa n\u00e4kym\u00e4ss\u00e4 on lista opiskelijoista, joille sinut on merkitty opintosuunnittelijaksi. Klikkaamalla opiskelijan nime\u00e4 tai opiskelijanumeroa, p\u00e4\u00e4set tarkastelemaan opiskelijan tietoja. Klikkaamalla koulutuksen nime\u00e4, p\u00e4\u00e4set siirtym\u00e4\u00e4n suoraan opiskelijan HOPSiin. N\u00e4kym\u00e4ss\u00e4 n\u00e4kyy automaattisesti vain aktiiviset opiskelijat. Klikkaamalla oikeassa &hellip; <a href=\"https:\/\/blogi.eoppimispalvelut.fi\/peppi-ohjeet\/oppimis-ja-ohjauspalvelut\/opiskelijoiden-hallinta\/\">Continue reading <span class=\"meta-nav\">&rarr;<\/span><\/a><\/p>\n","protected":false},"author":2214,"featured_media":0,"parent":211,"menu_order":0,"comment_status":"closed","ping_status":"closed","template":"","meta":{"_monsterinsights_skip_tracking":false,"_monsterinsights_sitenote_active":false,"_monsterinsights_sitenote_note":"","_monsterinsights_sitenote_category":0,"footnotes":""},"class_list":["post-2190","page","type-page","status-publish","hentry"],"_links":{"self":[{"href":"https:\/\/blogi.eoppimispalvelut.fi\/peppi-ohjeet\/wp-json\/wp\/v2\/pages\/2190","targetHints":{"allow":["GET"]}}],"collection":[{"href":"https:\/\/blogi.eoppimispalvelut.fi\/peppi-ohjeet\/wp-json\/wp\/v2\/pages"}],"about":[{"href":"https:\/\/blogi.eoppimispalvelut.fi\/peppi-ohjeet\/wp-json\/wp\/v2\/types\/page"}],"author":[{"embeddable":true,"href":"https:\/\/blogi.eoppimispalvelut.fi\/peppi-ohjeet\/wp-json\/wp\/v2\/users\/2214"}],"replies":[{"embeddable":true,"href":"https:\/\/blogi.eoppimispalvelut.fi\/peppi-ohjeet\/wp-json\/wp\/v2\/comments?post=2190"}],"version-history":[{"count":22,"href":"https:\/\/blogi.eoppimispalvelut.fi\/peppi-ohjeet\/wp-json\/wp\/v2\/pages\/2190\/revisions"}],"predecessor-version":[{"id":4908,"href":"https:\/\/blogi.eoppimispalvelut.fi\/peppi-ohjeet\/wp-json\/wp\/v2\/pages\/2190\/revisions\/4908"}],"up":[{"embeddable":true,"href":"https:\/\/blogi.eoppimispalvelut.fi\/peppi-ohjeet\/wp-json\/wp\/v2\/pages\/211"}],"wp:attachment":[{"href":"https:\/\/blogi.eoppimispalvelut.fi\/peppi-ohjeet\/wp-json\/wp\/v2\/media?parent=2190"}],"curies":[{"name":"wp","href":"https:\/\/api.w.org\/{rel}","templated":true}]}}