{"id":243,"date":"2020-02-10T11:59:43","date_gmt":"2020-02-10T09:59:43","guid":{"rendered":"https:\/\/blogi.eoppimispalvelut.fi\/peppi-ohjeet\/?page_id=243"},"modified":"2025-11-10T12:44:39","modified_gmt":"2025-11-10T10:44:39","slug":"toteutussuunnitelman-taydentaminen","status":"publish","type":"page","link":"https:\/\/blogi.eoppimispalvelut.fi\/peppi-ohjeet\/opetus_ohjaus\/omat-toteutukset\/toteutussuunnitelman-taydentaminen\/","title":{"rendered":"Toteutussuunnitelman t\u00e4ydent\u00e4minen"},"content":{"rendered":"<div id=\"s4-workspace\">\n<div id=\"s4-bodyContainer\">\n<div id=\"mainsection\">\n<div id=\"contentBox\">\n<div class=\"article article-left contentpage\">\n<div id=\"pagemiddle\">\n<div id=\"topleft\">\n<div id=\"pagebtm\">\n<p>Osaamisp\u00e4\u00e4llikk\u00f6 luo opintojakson toteutukselle pohjan ja kiinnitt\u00e4\u00e4 toteutuksen periodille sek\u00e4 m\u00e4\u00e4rittelee vastuunjaon. Osaamisp\u00e4\u00e4llikk\u00f6 kiinnitt\u00e4\u00e4 my\u00f6s ryhm\u00e4n \/ ryhm\u00e4t ja opettajat toteutukselle.<\/p>\n<p>Opettaja tai opettajatiimi t\u00e4ydent\u00e4\u00e4 toteutuksen laadukkaan toteutussuunnitelman ohjeiden mukaisesti. Ohjeet l\u00f6ytyv\u00e4t <a href=\"https:\/\/lucit.sharepoint.com\/:w:\/r\/sites\/Koulutus-ja-TKI-toiminta-AMK\/Jaetut%20asiakirjat\/Koulutus\/Peppi-ohjeet\/Opettajan%20ohje%20laadukkaan%20toteutussuunnitelman%20laatimiseen_8.9.2025.docx?d=w9e4aeb124d9042b8960ae1f08e9bfdb2&amp;csf=1&amp;web=1&amp;e=19pEtE\" target=\"_blank\" rel=\"noopener\">intrasta<\/a>.<\/p>\n<p>&nbsp;<\/p>\n<div id=\"s4-workspace\">\n<div id=\"s4-bodyContainer\">\n<div id=\"mainsection\">\n<div id=\"contentBox\">\n<div class=\"article article-left contentpage\">\n<div id=\"pagemiddle\">\n<div id=\"topleft\">\n<div id=\"s4-workspace\">\n<div id=\"s4-bodyContainer\">\n<div id=\"mainsection\">\n<div id=\"contentBox\">\n<div class=\"article article-left contentpage\">\n<div id=\"pagemiddle\"><\/div>\n<\/div>\n<\/div>\n<\/div>\n<\/div>\n<\/div>\n<\/div>\n<\/div>\n<\/div>\n<\/div>\n<\/div>\n<\/div>\n<\/div>\n<\/div>\n<\/div>\n<\/div>\n<\/div>\n<\/div>\n<\/div>\n<\/div>\n<\/div>\n<div id=\"s4-workspace\">\n<div id=\"s4-bodyContainer\">\n<div id=\"mainsection\">\n<div id=\"contentBox\">\n<div class=\"article article-left contentpage\">\n<div id=\"pagemiddle\">\n<div id=\"topleft\">\n<div id=\"pagebtm\">\n<div id=\"s4-workspace\">\n<div id=\"s4-bodyContainer\">\n<div id=\"mainsection\">\n<div id=\"contentBox\">\n<div class=\"article article-left contentpage\">\n<div id=\"pagemiddle\">\n<div id=\"topleft\">\n<div id=\"s4-workspace\">\n<div id=\"s4-bodyContainer\">\n<div id=\"mainsection\">\n<div id=\"contentBox\">\n<div class=\"article article-left contentpage\">\n<div id=\"s4-workspace\">\n<div id=\"s4-bodyContainer\">\n<div id=\"mainsection\">\n<div id=\"contentBox\">\n<div class=\"article article-left contentpage\">\n<hr \/>\n<p>Takaisin <a href=\"https:\/\/blogi.eoppimispalvelut.fi\/peppi-ohjeet\/opetus_ohjaus\/\">Opetus ja ohjaus -sivulle<\/a><\/p>\n<\/div>\n<\/div>\n<\/div>\n<\/div>\n<\/div>\n<\/div>\n<\/div>\n<\/div>\n<\/div>\n<\/div>\n<\/div>\n<\/div>\n<\/div>\n<\/div>\n<\/div>\n<\/div>\n<\/div>\n<\/div>\n<\/div>\n<\/div>\n<\/div>\n<\/div>\n<\/div>\n<\/div>\n<\/div>\n","protected":false},"excerpt":{"rendered":"<p>Osaamisp\u00e4\u00e4llikk\u00f6 luo opintojakson toteutukselle pohjan ja kiinnitt\u00e4\u00e4 toteutuksen periodille sek\u00e4 m\u00e4\u00e4rittelee vastuunjaon. Osaamisp\u00e4\u00e4llikk\u00f6 kiinnitt\u00e4\u00e4 my\u00f6s ryhm\u00e4n \/ ryhm\u00e4t ja opettajat toteutukselle. Opettaja tai opettajatiimi t\u00e4ydent\u00e4\u00e4 toteutuksen laadukkaan toteutussuunnitelman ohjeiden mukaisesti. Ohjeet l\u00f6ytyv\u00e4t intrasta. &nbsp; Takaisin Opetus ja ohjaus -sivulle<\/p>\n","protected":false},"author":6,"featured_media":0,"parent":233,"menu_order":0,"comment_status":"closed","ping_status":"closed","template":"","meta":{"_monsterinsights_skip_tracking":false,"_monsterinsights_sitenote_active":false,"_monsterinsights_sitenote_note":"","_monsterinsights_sitenote_category":0,"footnotes":""},"class_list":["post-243","page","type-page","status-publish","hentry"],"_links":{"self":[{"href":"https:\/\/blogi.eoppimispalvelut.fi\/peppi-ohjeet\/wp-json\/wp\/v2\/pages\/243","targetHints":{"allow":["GET"]}}],"collection":[{"href":"https:\/\/blogi.eoppimispalvelut.fi\/peppi-ohjeet\/wp-json\/wp\/v2\/pages"}],"about":[{"href":"https:\/\/blogi.eoppimispalvelut.fi\/peppi-ohjeet\/wp-json\/wp\/v2\/types\/page"}],"author":[{"embeddable":true,"href":"https:\/\/blogi.eoppimispalvelut.fi\/peppi-ohjeet\/wp-json\/wp\/v2\/users\/6"}],"replies":[{"embeddable":true,"href":"https:\/\/blogi.eoppimispalvelut.fi\/peppi-ohjeet\/wp-json\/wp\/v2\/comments?post=243"}],"version-history":[{"count":41,"href":"https:\/\/blogi.eoppimispalvelut.fi\/peppi-ohjeet\/wp-json\/wp\/v2\/pages\/243\/revisions"}],"predecessor-version":[{"id":7263,"href":"https:\/\/blogi.eoppimispalvelut.fi\/peppi-ohjeet\/wp-json\/wp\/v2\/pages\/243\/revisions\/7263"}],"up":[{"embeddable":true,"href":"https:\/\/blogi.eoppimispalvelut.fi\/peppi-ohjeet\/wp-json\/wp\/v2\/pages\/233"}],"wp:attachment":[{"href":"https:\/\/blogi.eoppimispalvelut.fi\/peppi-ohjeet\/wp-json\/wp\/v2\/media?parent=243"}],"curies":[{"name":"wp","href":"https:\/\/api.w.org\/{rel}","templated":true}]}}