{"id":247,"date":"2020-02-10T12:01:07","date_gmt":"2020-02-10T10:01:07","guid":{"rendered":"https:\/\/blogi.eoppimispalvelut.fi\/peppi-ohjeet\/?page_id=247"},"modified":"2024-07-01T16:57:58","modified_gmt":"2024-07-01T13:57:58","slug":"opetusryhmat-eli-pienryhmat","status":"publish","type":"page","link":"https:\/\/blogi.eoppimispalvelut.fi\/peppi-ohjeet\/opetus_ohjaus\/omat-toteutukset\/opetusryhmat-eli-pienryhmat\/","title":{"rendered":"Opetusryhm\u00e4t eli pienryhm\u00e4t"},"content":{"rendered":"<p>Katso <a href=\"https:\/\/youtu.be\/nWTD89pf2oI\" target=\"_blank\" rel=\"noopener noreferrer\">video<\/a> (tekstityksen saa p\u00e4\u00e4lle [cc]-painikkeesta).<\/p>\n<p>Toteutukselle on mahdollista lis\u00e4t\u00e4 opetusryhmi\u00e4 eli pienryhmi\u00e4. Jos toteutuksessa on erillisi\u00e4 harjoitusryhmi\u00e4 tai ohjausryhmi\u00e4, ne voidaan luoda Peppiin, jolloin ne voidaan huomioida my\u00f6s lukuj\u00e4rjestyksiss\u00e4.<\/p>\n<p>Opettaja\/opettajatiimi suunnittelee toteutuksen tueksi tarvittavat opetusryhm\u00e4t ja luo ne toteutussuunnitelman t\u00e4ydent\u00e4misen yhteydess\u00e4.<\/p>\n<ol>\n<li>Valitse Toteutussuunnitelma n\u00e4kym\u00e4ss\u00e4 Opetusryhm\u00e4t<\/li>\n<li>Valitse Lis\u00e4\u00e4 opetusryhmien joukko<\/li>\n<\/ol>\n<div id=\"attachment_6764\" style=\"width: 594px\" class=\"wp-caption alignnone\"><a href=\"https:\/\/blogi.eoppimispalvelut.fi\/peppi-ohjeet\/files\/2024\/07\/Opetusryhmat.png\"><img loading=\"lazy\" decoding=\"async\" aria-describedby=\"caption-attachment-6764\" class=\"size-large wp-image-6764\" src=\"https:\/\/blogi.eoppimispalvelut.fi\/peppi-ohjeet\/files\/2024\/07\/Opetusryhmat-1280x1032.png\" alt=\"Opetusryhm\u00e4t\" width=\"584\" height=\"471\" srcset=\"https:\/\/blogi.eoppimispalvelut.fi\/peppi-ohjeet\/files\/2024\/07\/Opetusryhmat-1280x1032.png 1280w, https:\/\/blogi.eoppimispalvelut.fi\/peppi-ohjeet\/files\/2024\/07\/Opetusryhmat-600x484.png 600w, https:\/\/blogi.eoppimispalvelut.fi\/peppi-ohjeet\/files\/2024\/07\/Opetusryhmat-768x619.png 768w, https:\/\/blogi.eoppimispalvelut.fi\/peppi-ohjeet\/files\/2024\/07\/Opetusryhmat-1536x1238.png 1536w, https:\/\/blogi.eoppimispalvelut.fi\/peppi-ohjeet\/files\/2024\/07\/Opetusryhmat-2048x1651.png 2048w, https:\/\/blogi.eoppimispalvelut.fi\/peppi-ohjeet\/files\/2024\/07\/Opetusryhmat-372x300.png 372w\" sizes=\"auto, (max-width: 584px) 100vw, 584px\" \/><\/a><p id=\"caption-attachment-6764\" class=\"wp-caption-text\">Klikkaa kuvaa suuremmaksi<\/p><\/div>\n<p>Avautuvassa ikkunassa t\u00e4ydennet\u00e4\u00e4n opetusryhmien tarkemmat tiedot.<\/p>\n<div id=\"attachment_6765\" style=\"width: 1237px\" class=\"wp-caption alignnone\"><a href=\"https:\/\/blogi.eoppimispalvelut.fi\/peppi-ohjeet\/files\/2024\/07\/Opetusryhmien-tiedot.png\" rel=\"attachment wp-att-1313\"><img loading=\"lazy\" decoding=\"async\" aria-describedby=\"caption-attachment-6765\" class=\"wp-image-6765 size-full\" src=\"https:\/\/blogi.eoppimispalvelut.fi\/peppi-ohjeet\/files\/2024\/07\/Opetusryhmien-tiedot.png\" alt=\"Opetusryhmien tiedot\" width=\"1227\" height=\"934\" srcset=\"https:\/\/blogi.eoppimispalvelut.fi\/peppi-ohjeet\/files\/2024\/07\/Opetusryhmien-tiedot.png 1227w, https:\/\/blogi.eoppimispalvelut.fi\/peppi-ohjeet\/files\/2024\/07\/Opetusryhmien-tiedot-600x457.png 600w, https:\/\/blogi.eoppimispalvelut.fi\/peppi-ohjeet\/files\/2024\/07\/Opetusryhmien-tiedot-768x585.png 768w, https:\/\/blogi.eoppimispalvelut.fi\/peppi-ohjeet\/files\/2024\/07\/Opetusryhmien-tiedot-394x300.png 394w\" sizes=\"auto, (max-width: 1227px) 100vw, 1227px\" \/><\/a><p id=\"caption-attachment-6765\" class=\"wp-caption-text\">Klikkaa kuvaa suuremmaksi<\/p><\/div>\n<ol>\n<li>Valitse opetusryhmien joukon tyyppi<\/li>\n<li>Lis\u00e4\u00e4 opetusryhmien m\u00e4\u00e4r\u00e4. Ryhmien nimeksi tulee automaattisesti joukon tyyppi. Voit my\u00f6s itse muuttaa ryhmien nimi\u00e4.<\/li>\n<li>Lis\u00e4\u00e4 moneenko ryhm\u00e4\u00e4n opiskelija voi\/tulee ilmoittautua<\/li>\n<li>Lis\u00e4\u00e4 ilmoittautujien min \u2013 max m\u00e4\u00e4r\u00e4\/opetusryhm\u00e4<\/li>\n<li>Tallenna tiedot valitsemalla\u00a0 Tallenna<\/li>\n<\/ol>\n<p>HUOM! Ilmoittautumisohjeet eiv\u00e4t viel\u00e4 k\u00e4ytett\u00e4viss\u00e4!<\/p>\n<p>&nbsp;<\/p>\n<hr \/>\n<p>Takaisin\u00a0<a href=\"https:\/\/blogi.eoppimispalvelut.fi\/peppi-ohjeet\/opetus_ohjaus\/\">Opetus ja ohjaus -sivulle<\/a><\/p>\n","protected":false},"excerpt":{"rendered":"<p>Katso video (tekstityksen saa p\u00e4\u00e4lle [cc]-painikkeesta). Toteutukselle on mahdollista lis\u00e4t\u00e4 opetusryhmi\u00e4 eli pienryhmi\u00e4. Jos toteutuksessa on erillisi\u00e4 harjoitusryhmi\u00e4 tai ohjausryhmi\u00e4, ne voidaan luoda Peppiin, jolloin ne voidaan huomioida my\u00f6s lukuj\u00e4rjestyksiss\u00e4. Opettaja\/opettajatiimi suunnittelee toteutuksen tueksi tarvittavat opetusryhm\u00e4t ja luo ne toteutussuunnitelman &hellip; <a href=\"https:\/\/blogi.eoppimispalvelut.fi\/peppi-ohjeet\/opetus_ohjaus\/omat-toteutukset\/opetusryhmat-eli-pienryhmat\/\">Continue reading <span class=\"meta-nav\">&rarr;<\/span><\/a><\/p>\n","protected":false},"author":6,"featured_media":0,"parent":233,"menu_order":0,"comment_status":"closed","ping_status":"closed","template":"","meta":{"_monsterinsights_skip_tracking":false,"_monsterinsights_sitenote_active":false,"_monsterinsights_sitenote_note":"","_monsterinsights_sitenote_category":0,"footnotes":""},"class_list":["post-247","page","type-page","status-publish","hentry"],"_links":{"self":[{"href":"https:\/\/blogi.eoppimispalvelut.fi\/peppi-ohjeet\/wp-json\/wp\/v2\/pages\/247","targetHints":{"allow":["GET"]}}],"collection":[{"href":"https:\/\/blogi.eoppimispalvelut.fi\/peppi-ohjeet\/wp-json\/wp\/v2\/pages"}],"about":[{"href":"https:\/\/blogi.eoppimispalvelut.fi\/peppi-ohjeet\/wp-json\/wp\/v2\/types\/page"}],"author":[{"embeddable":true,"href":"https:\/\/blogi.eoppimispalvelut.fi\/peppi-ohjeet\/wp-json\/wp\/v2\/users\/6"}],"replies":[{"embeddable":true,"href":"https:\/\/blogi.eoppimispalvelut.fi\/peppi-ohjeet\/wp-json\/wp\/v2\/comments?post=247"}],"version-history":[{"count":18,"href":"https:\/\/blogi.eoppimispalvelut.fi\/peppi-ohjeet\/wp-json\/wp\/v2\/pages\/247\/revisions"}],"predecessor-version":[{"id":6766,"href":"https:\/\/blogi.eoppimispalvelut.fi\/peppi-ohjeet\/wp-json\/wp\/v2\/pages\/247\/revisions\/6766"}],"up":[{"embeddable":true,"href":"https:\/\/blogi.eoppimispalvelut.fi\/peppi-ohjeet\/wp-json\/wp\/v2\/pages\/233"}],"wp:attachment":[{"href":"https:\/\/blogi.eoppimispalvelut.fi\/peppi-ohjeet\/wp-json\/wp\/v2\/media?parent=247"}],"curies":[{"name":"wp","href":"https:\/\/api.w.org\/{rel}","templated":true}]}}