{"id":261,"date":"2020-02-10T12:48:16","date_gmt":"2020-02-10T10:48:16","guid":{"rendered":"https:\/\/blogi.eoppimispalvelut.fi\/peppi-ohjeet\/?page_id=261"},"modified":"2024-07-02T16:26:27","modified_gmt":"2024-07-02T13:26:27","slug":"rytmitys","status":"publish","type":"page","link":"https:\/\/blogi.eoppimispalvelut.fi\/peppi-ohjeet\/opetus_ohjaus\/omat-toteutukset\/rytmitys\/","title":{"rendered":"Rytmitys- ja tilatoiveet ja ajoitus"},"content":{"rendered":"<p>Katso <a href=\"https:\/\/youtu.be\/I9f47FvhwLI\" target=\"_blank\" rel=\"noopener noreferrer\">video<\/a> (tekstityksen saa p\u00e4\u00e4lle [cc]-painikkeesta).<\/p>\n<p>Opettajat m\u00e4\u00e4rittelev\u00e4t toteutuksen ajoituksen ja esitt\u00e4v\u00e4t lukuj\u00e4rjestystoiveensa Pepin Rytmitys- ja tilatoiveet ja ajoitus -n\u00e4kym\u00e4ss\u00e4. Valitse Toteutussuunnitelma n\u00e4kym\u00e4ss\u00e4 Rytmitys- ja tilatoiveet ja ajoitus -v\u00e4lilehti.<\/p>\n<p><span style=\"color: #dc143c\"><strong>Huom! Mik\u00e4li teet muutoksia tai lis\u00e4yksi\u00e4 Rytmitys-ja tilatoiveisiin sen j\u00e4lkeen, kun lukuj\u00e4rjestysten laatiminen on aloitettu, ILMOITA muutoksista suunnittelijalle.<\/strong><\/span><\/p>\n<div id=\"attachment_6771\" style=\"width: 594px\" class=\"wp-caption alignnone\"><a href=\"https:\/\/blogi.eoppimispalvelut.fi\/peppi-ohjeet\/files\/2024\/07\/Rytmitys-ja-tilatoiveet-ja-ajoitus.png\"><img loading=\"lazy\" decoding=\"async\" aria-describedby=\"caption-attachment-6771\" class=\"size-large wp-image-6771\" src=\"https:\/\/blogi.eoppimispalvelut.fi\/peppi-ohjeet\/files\/2024\/07\/Rytmitys-ja-tilatoiveet-ja-ajoitus-1280x555.png\" alt=\"Rytmitys- ja tilatoiveet ja ajoitus\" width=\"584\" height=\"253\" srcset=\"https:\/\/blogi.eoppimispalvelut.fi\/peppi-ohjeet\/files\/2024\/07\/Rytmitys-ja-tilatoiveet-ja-ajoitus-1280x555.png 1280w, https:\/\/blogi.eoppimispalvelut.fi\/peppi-ohjeet\/files\/2024\/07\/Rytmitys-ja-tilatoiveet-ja-ajoitus-600x260.png 600w, https:\/\/blogi.eoppimispalvelut.fi\/peppi-ohjeet\/files\/2024\/07\/Rytmitys-ja-tilatoiveet-ja-ajoitus-768x333.png 768w, https:\/\/blogi.eoppimispalvelut.fi\/peppi-ohjeet\/files\/2024\/07\/Rytmitys-ja-tilatoiveet-ja-ajoitus-1536x665.png 1536w, https:\/\/blogi.eoppimispalvelut.fi\/peppi-ohjeet\/files\/2024\/07\/Rytmitys-ja-tilatoiveet-ja-ajoitus-2048x887.png 2048w, https:\/\/blogi.eoppimispalvelut.fi\/peppi-ohjeet\/files\/2024\/07\/Rytmitys-ja-tilatoiveet-ja-ajoitus-500x217.png 500w\" sizes=\"auto, (max-width: 584px) 100vw, 584px\" \/><\/a><p id=\"caption-attachment-6771\" class=\"wp-caption-text\">Klikkaa kuvaa suuremmaksi<\/p><\/div>\n<p>&nbsp;<\/p>\n<p><strong>Ajoitus<\/strong><\/p>\n<ul>\n<li>Pepiss\u00e4 toteutuksen alkamis- ja p\u00e4\u00e4ttymisajankohta voidaan m\u00e4\u00e4ritell\u00e4 vuosisuunnittelussa min\/max toteutusajan puitteissa<\/li>\n<li>Osaamisp\u00e4\u00e4llikk\u00f6 m\u00e4\u00e4rittelee periodin (kev\u00e4t, kes\u00e4, syksy), jolloin toteutus pidet\u00e4\u00e4n<\/li>\n<li>Lukukauden opettajatiimien tulee sopia, miten lukukaudelle suunnitellut toteutukset ajoitetaan ja tallentaa sen mukaisesti toteutuksen ajoitustiedot<\/li>\n<li>Lukuj\u00e4rjestystoiveita voi tehd\u00e4 useita: koko tiimin yhteisi\u00e4, opettajakohtaisia, opetusryhmitt\u00e4in jne.<\/li>\n<li>Ajoitus m\u00e4\u00e4rittelee opiskelijan ilmoittautumisajan: ilmoittautuminen k\u00e4ynnistyy heti toteutuksen julkaisemisesta ja p\u00e4\u00e4ttyy viikko ennen toteutuksen alkua.<\/li>\n<li><strong>Huom! Toteutus alkaa jo silloin, kun opiskelijat alkavat tehd\u00e4 esim. Moodlessa ennakkoteht\u00e4vi\u00e4, vaikka opetus ei olisi viel\u00e4 alkanutkaan. Silloin toteutuksen alkamisp\u00e4iv\u00e4m\u00e4\u00e4r\u00e4ksi m\u00e4\u00e4ritell\u00e4\u00e4n se p\u00e4iv\u00e4, jolloin opiskelijat alkavat tehd\u00e4 toteutuksen teht\u00e4vi\u00e4.<\/strong><\/li>\n<li>P\u00e4\u00e4k\u00e4ytt\u00e4j\u00e4t asettavat ilmoittautumisajat oikein ennen toteutusten julkaisua. Mik\u00e4li ilmoittautumisaikaa on tarvetta pident\u00e4\u00e4, ota yhteytt\u00e4 osaamisp\u00e4\u00e4llikk\u00f6\u00f6n\/tiiminvet\u00e4j\u00e4\u00e4n.<\/li>\n<li>Mik\u00e4li toteutuksella on tarve ryhm\u00e4jakoon (eli Opetusryhmiin), on <a href=\"https:\/\/blogi.eoppimispalvelut.fi\/peppi-ohjeet\/opetusryhmat-eli-pienryhmat\/\">ne luotava (ohje)<\/a> ensin<\/li>\n<\/ul>\n<p><strong>Ajoituksen muokkaaminen<\/strong><\/p>\n<ol>\n<li>Valitse Rytmitys- ja tilatoiveet ja ajoitus -v\u00e4lilehti ja &#8220;Muokkaa ajoitusta ja lis\u00e4tietoja&#8221;: toteutuksen min\/max aika tulee vuosisuunnittelusta<\/li>\n<li>P\u00e4ivit\u00e4 toteutusaika. Voit m\u00e4\u00e4ritell\u00e4 tarkemman toteutusajan, jonka tulee olla min ja max arvojen v\u00e4lill\u00e4 ja joka on varsinaisen toteutuksen (opetus) aikav\u00e4li<\/li>\n<li>Lis\u00e4tietoa lukuj\u00e4rjestyksen suunnittelijalle: T\u00e4ydenn\u00e4 lis\u00e4tietoja lukuj\u00e4rjestyksen suunnittelijoille kentt\u00e4\u00e4n t\u00e4rke\u00e4t toteutukseen liittyv\u00e4t tiedot esim. erityistilat tai sovellusvaatimukset<\/li>\n<li>Tallenna tiedot valitsemalla Tallenna.<\/li>\n<\/ol>\n<div id=\"attachment_6772\" style=\"width: 838px\" class=\"wp-caption alignnone\"><a href=\"https:\/\/blogi.eoppimispalvelut.fi\/peppi-ohjeet\/files\/2024\/07\/Toteutuksen-ajoitus.png\"><img loading=\"lazy\" decoding=\"async\" aria-describedby=\"caption-attachment-6772\" class=\"size-full wp-image-6772\" src=\"https:\/\/blogi.eoppimispalvelut.fi\/peppi-ohjeet\/files\/2024\/07\/Toteutuksen-ajoitus.png\" alt=\"Toteutuksen ajoitus\" width=\"828\" height=\"613\" srcset=\"https:\/\/blogi.eoppimispalvelut.fi\/peppi-ohjeet\/files\/2024\/07\/Toteutuksen-ajoitus.png 828w, https:\/\/blogi.eoppimispalvelut.fi\/peppi-ohjeet\/files\/2024\/07\/Toteutuksen-ajoitus-600x444.png 600w, https:\/\/blogi.eoppimispalvelut.fi\/peppi-ohjeet\/files\/2024\/07\/Toteutuksen-ajoitus-768x569.png 768w, https:\/\/blogi.eoppimispalvelut.fi\/peppi-ohjeet\/files\/2024\/07\/Toteutuksen-ajoitus-405x300.png 405w\" sizes=\"auto, (max-width: 828px) 100vw, 828px\" \/><\/a><p id=\"caption-attachment-6772\" class=\"wp-caption-text\">Klikkaa kuvaa suuremmaksi<\/p><\/div>\n<p>&nbsp;<\/p>\n<p><strong>Tuntitoiveiden tallentaminen<\/strong><\/p>\n<p>Aloita rivitietojen lis\u00e4\u00e4minen valitsemalla Rytmitys- ja tilatoiveet ja ajoitus -v\u00e4lilehti ja valitse v\u00e4lilehdelt\u00e4 &#8220;Lis\u00e4\u00e4 rytmitys- ja tilatoive&#8221;.<\/p>\n<div id=\"attachment_6773\" style=\"width: 1243px\" class=\"wp-caption alignnone\"><a href=\"https:\/\/blogi.eoppimispalvelut.fi\/peppi-ohjeet\/files\/2024\/07\/Rytmitys-ja-tilatoiveen-lisaaminen.png\" rel=\"attachment wp-att-1319\"><img loading=\"lazy\" decoding=\"async\" aria-describedby=\"caption-attachment-6773\" class=\"wp-image-6773 size-full\" src=\"https:\/\/blogi.eoppimispalvelut.fi\/peppi-ohjeet\/files\/2024\/07\/Rytmitys-ja-tilatoiveen-lisaaminen.png\" alt=\"Rytmitys- ja tilatoiveen lis\u00e4\u00e4minen\" width=\"1233\" height=\"927\" srcset=\"https:\/\/blogi.eoppimispalvelut.fi\/peppi-ohjeet\/files\/2024\/07\/Rytmitys-ja-tilatoiveen-lisaaminen.png 1233w, https:\/\/blogi.eoppimispalvelut.fi\/peppi-ohjeet\/files\/2024\/07\/Rytmitys-ja-tilatoiveen-lisaaminen-600x451.png 600w, https:\/\/blogi.eoppimispalvelut.fi\/peppi-ohjeet\/files\/2024\/07\/Rytmitys-ja-tilatoiveen-lisaaminen-768x577.png 768w, https:\/\/blogi.eoppimispalvelut.fi\/peppi-ohjeet\/files\/2024\/07\/Rytmitys-ja-tilatoiveen-lisaaminen-399x300.png 399w\" sizes=\"auto, (max-width: 1233px) 100vw, 1233px\" \/><\/a><p id=\"caption-attachment-6773\" class=\"wp-caption-text\">Klikkaa kuvaa suuremmaksi<\/p><\/div>\n<ol>\n<li>Rytmitystoiveen nimi esim. opetus, Zoom-opetus, harjoitukset, tutoriaali, seminaari, tentti. <strong>Huom! t\u00e4m\u00e4 tieto ei tule n\u00e4kyviin lukuj\u00e4rjestykseen<\/strong>, vaan on vain suunnittelijaa varten<\/li>\n<li>Valitse opettajat. Voit poistaa ylim\u00e4\u00e4r\u00e4iset opettajat, jos teet varausta vain itsellesi.<\/li>\n<li>Alkaa-P\u00e4\u00e4ttyy: laita p\u00e4iv\u00e4m\u00e4\u00e4r\u00e4t ajalle, jolle opetus sijoittuu<\/li>\n<li>Lis\u00e4\u00e4 Opetuskertojen m\u00e4\u00e4r\u00e4: kertoo, kuinka monta opetuskertaa edell\u00e4 mainittujen aikarajojen sis\u00e4ll\u00e4 tulisi olla, jos tunnit kerran viikossa =viikkojen m\u00e4\u00e4r\u00e4<\/li>\n<li>Opetuskerran kesto merkit\u00e4\u00e4n kokonaisina tunteina, 1h, 2h, 3h, 4h, 8h, <strong>Huom! merkitse yksikk\u00f6 eli h, muuten n\u00e4kyy suunnittelijalle 0 tuntia. Yksikk\u00f6 tulee merkit\u00e4 keston per\u00e4\u00e4n ilman v\u00e4lily\u00f6nti\u00e4!<\/strong><\/li>\n<li>Toistuvuus-kohdassa voit kertoa varauksen toistuvuudesta<\/li>\n<li>Jos totuksella on pienryhmi\u00e4 (opetusryhmi\u00e4), voit lis\u00e4t\u00e4 ne Opetusryhm\u00e4t-kohtaan<\/li>\n<li>Valitse tilatyyppi ja tilatoive (ehdotus)<\/li>\n<li>Tallenna<\/li>\n<\/ol>\n<p>Kun toive on tallennettu, voit muokata ja kopioida rivej\u00e4, rivin lopussa olevan painikkeen valikosta klikkaamalla.<\/p>\n<div id=\"attachment_2614\" style=\"width: 907px\" class=\"wp-caption alignleft\"><a href=\"https:\/\/blogi.eoppimispalvelut.fi\/peppi-ohjeet\/opetus_ohjaus\/omat-toteutukset\/rytmitys\/muokkaatoivetta\/\" rel=\"attachment wp-att-2614\"><img loading=\"lazy\" decoding=\"async\" aria-describedby=\"caption-attachment-2614\" class=\"size-full wp-image-2614\" src=\"https:\/\/blogi.eoppimispalvelut.fi\/peppi-ohjeet\/files\/2020\/05\/MuokkaaToivetta.png\" alt=\"Muokkaa toivetta\" width=\"897\" height=\"440\" srcset=\"https:\/\/blogi.eoppimispalvelut.fi\/peppi-ohjeet\/files\/2020\/05\/MuokkaaToivetta.png 897w, https:\/\/blogi.eoppimispalvelut.fi\/peppi-ohjeet\/files\/2020\/05\/MuokkaaToivetta-768x377.png 768w, https:\/\/blogi.eoppimispalvelut.fi\/peppi-ohjeet\/files\/2020\/05\/MuokkaaToivetta-500x245.png 500w\" sizes=\"auto, (max-width: 897px) 100vw, 897px\" \/><\/a><p id=\"caption-attachment-2614\" class=\"wp-caption-text\">Klikkaa kuva suuremmaksi.<\/p><\/div>\n<p>Opettajan ei tarvitse menn\u00e4 Muokkaa tilavarauksia -valikkoon.<\/p>\n<div id=\"attachment_2616\" style=\"width: 910px\" class=\"wp-caption alignleft\"><a href=\"https:\/\/blogi.eoppimispalvelut.fi\/peppi-ohjeet\/opetus_ohjaus\/omat-toteutukset\/rytmitys\/eimuokkaavarauksia\/\" rel=\"attachment wp-att-2616\"><img loading=\"lazy\" decoding=\"async\" aria-describedby=\"caption-attachment-2616\" class=\"size-medium wp-image-2616\" src=\"https:\/\/blogi.eoppimispalvelut.fi\/peppi-ohjeet\/files\/2020\/05\/EiMuokkaaVarauksia-900x142.png\" alt=\"Ei saa muokkata varauksia\" width=\"900\" height=\"142\" srcset=\"https:\/\/blogi.eoppimispalvelut.fi\/peppi-ohjeet\/files\/2020\/05\/EiMuokkaaVarauksia-900x142.png 900w, https:\/\/blogi.eoppimispalvelut.fi\/peppi-ohjeet\/files\/2020\/05\/EiMuokkaaVarauksia-768x121.png 768w, https:\/\/blogi.eoppimispalvelut.fi\/peppi-ohjeet\/files\/2020\/05\/EiMuokkaaVarauksia-500x79.png 500w, https:\/\/blogi.eoppimispalvelut.fi\/peppi-ohjeet\/files\/2020\/05\/EiMuokkaaVarauksia.png 1045w\" sizes=\"auto, (max-width: 900px) 100vw, 900px\" \/><\/a><p id=\"caption-attachment-2616\" class=\"wp-caption-text\">Klikkaa kuva suuremmaksi.<\/p><\/div>\n<p>Esimerkkej\u00e4 <a href=\"https:\/\/blogi.eoppimispalvelut.fi\/peppi-ohjeet\/esimerkkeja-toiveista\/\">erilaisista varauksista<\/a>.<\/p>\n<p>&nbsp;<\/p>\n<hr \/>\n<p>Takaisin <a href=\"https:\/\/blogi.eoppimispalvelut.fi\/peppi-ohjeet\/opetus_ohjaus\/\">Opetus ja ohjaus -sivulle<\/a><\/p>\n","protected":false},"excerpt":{"rendered":"<p>Katso video (tekstityksen saa p\u00e4\u00e4lle [cc]-painikkeesta). Opettajat m\u00e4\u00e4rittelev\u00e4t toteutuksen ajoituksen ja esitt\u00e4v\u00e4t lukuj\u00e4rjestystoiveensa Pepin Rytmitys- ja tilatoiveet ja ajoitus -n\u00e4kym\u00e4ss\u00e4. Valitse Toteutussuunnitelma n\u00e4kym\u00e4ss\u00e4 Rytmitys- ja tilatoiveet ja ajoitus -v\u00e4lilehti. Huom! Mik\u00e4li teet muutoksia tai lis\u00e4yksi\u00e4 Rytmitys-ja tilatoiveisiin sen j\u00e4lkeen, kun &hellip; <a href=\"https:\/\/blogi.eoppimispalvelut.fi\/peppi-ohjeet\/opetus_ohjaus\/omat-toteutukset\/rytmitys\/\">Continue reading <span class=\"meta-nav\">&rarr;<\/span><\/a><\/p>\n","protected":false},"author":6,"featured_media":0,"parent":233,"menu_order":0,"comment_status":"closed","ping_status":"closed","template":"","meta":{"_monsterinsights_skip_tracking":false,"_monsterinsights_sitenote_active":false,"_monsterinsights_sitenote_note":"","_monsterinsights_sitenote_category":0,"footnotes":""},"class_list":["post-261","page","type-page","status-publish","hentry"],"_links":{"self":[{"href":"https:\/\/blogi.eoppimispalvelut.fi\/peppi-ohjeet\/wp-json\/wp\/v2\/pages\/261","targetHints":{"allow":["GET"]}}],"collection":[{"href":"https:\/\/blogi.eoppimispalvelut.fi\/peppi-ohjeet\/wp-json\/wp\/v2\/pages"}],"about":[{"href":"https:\/\/blogi.eoppimispalvelut.fi\/peppi-ohjeet\/wp-json\/wp\/v2\/types\/page"}],"author":[{"embeddable":true,"href":"https:\/\/blogi.eoppimispalvelut.fi\/peppi-ohjeet\/wp-json\/wp\/v2\/users\/6"}],"replies":[{"embeddable":true,"href":"https:\/\/blogi.eoppimispalvelut.fi\/peppi-ohjeet\/wp-json\/wp\/v2\/comments?post=261"}],"version-history":[{"count":57,"href":"https:\/\/blogi.eoppimispalvelut.fi\/peppi-ohjeet\/wp-json\/wp\/v2\/pages\/261\/revisions"}],"predecessor-version":[{"id":6775,"href":"https:\/\/blogi.eoppimispalvelut.fi\/peppi-ohjeet\/wp-json\/wp\/v2\/pages\/261\/revisions\/6775"}],"up":[{"embeddable":true,"href":"https:\/\/blogi.eoppimispalvelut.fi\/peppi-ohjeet\/wp-json\/wp\/v2\/pages\/233"}],"wp:attachment":[{"href":"https:\/\/blogi.eoppimispalvelut.fi\/peppi-ohjeet\/wp-json\/wp\/v2\/media?parent=261"}],"curies":[{"name":"wp","href":"https:\/\/api.w.org\/{rel}","templated":true}]}}