{"id":2861,"date":"2020-05-16T11:44:15","date_gmt":"2020-05-16T08:44:15","guid":{"rendered":"https:\/\/blogi.eoppimispalvelut.fi\/peppi-ohjeet\/?page_id=2861"},"modified":"2020-07-01T10:57:24","modified_gmt":"2020-07-01T07:57:24","slug":"siirtyminen-vuosisuunnitteluun","status":"publish","type":"page","link":"https:\/\/blogi.eoppimispalvelut.fi\/peppi-ohjeet\/koulutus-ja-opetussuunnittelu\/vuosisuunnittelu\/siirtyminen-vuosisuunnitteluun\/","title":{"rendered":"Siirtyminen vuosisuunnitteluun"},"content":{"rendered":"<p>Katso <a href=\"https:\/\/youtu.be\/YfV-ncea1fo\" target=\"_blank\" rel=\"noopener noreferrer\">video<\/a> (tekstityksen saa p\u00e4\u00e4lle [cc]-painikkeesta).<\/p>\n<p>Siirtyminen vuosisuunnitteluun tapahtuu valitsemalla Vuosisuunnittelu-valikon alta Vuosisuunnittelu.<\/p>\n<p>&nbsp;<\/p>\n<div id=\"attachment_2812\" class=\"wp-caption alignnone\">\n<p><a href=\"https:\/\/blogi.eoppimispalvelut.fi\/peppi-ohjeet\/koulutus-ja-opetussuunnittelu\/vuosisuunnittelu\/opsien-mukaisen-opetustarjonnan-suunnittelu\/vuosisuunnitteluun-siirtyminen\/\" rel=\"attachment wp-att-2812\" data-slb-active=\"1\" data-slb-asset=\"909998173\" data-slb-internal=\"2812\" data-slb-group=\"2178\"><img loading=\"lazy\" decoding=\"async\" class=\"size-large wp-image-2812\" src=\"https:\/\/blogi.eoppimispalvelut.fi\/peppi-ohjeet\/files\/2020\/05\/Vuosisuunnitteluun-siirtyminen-1280x483.png\" alt=\"Vuosisuunnitteluun siirtyminen\" width=\"584\" height=\"220\" aria-describedby=\"caption-attachment-2812\" srcset=\"https:\/\/blogi.eoppimispalvelut.fi\/peppi-ohjeet\/files\/2020\/05\/Vuosisuunnitteluun-siirtyminen-1280x483.png 1280w, https:\/\/blogi.eoppimispalvelut.fi\/peppi-ohjeet\/files\/2020\/05\/Vuosisuunnitteluun-siirtyminen-900x340.png 900w, https:\/\/blogi.eoppimispalvelut.fi\/peppi-ohjeet\/files\/2020\/05\/Vuosisuunnitteluun-siirtyminen-768x290.png 768w, https:\/\/blogi.eoppimispalvelut.fi\/peppi-ohjeet\/files\/2020\/05\/Vuosisuunnitteluun-siirtyminen-500x189.png 500w, https:\/\/blogi.eoppimispalvelut.fi\/peppi-ohjeet\/files\/2020\/05\/Vuosisuunnitteluun-siirtyminen.png 1325w\" sizes=\"auto, (max-width: 584px) 100vw, 584px\" \/><\/a><\/p>\n<p id=\"caption-attachment-2812\" class=\"wp-caption-text\">Klikkaa kuva suuremmaksi<\/p>\n<\/div>\n<p>&nbsp;<\/p>\n<p>Avautuvassa ikkunassa m\u00e4\u00e4ritell\u00e4\u00e4n yksikk\u00f6 ja opetussuunnitelma, jolle vuosisuunnittelua tehd\u00e4\u00e4n sek\u00e4 valitaan suunniteltava ajanjakso.<\/p>\n<p>&nbsp;<\/p>\n<div id=\"attachment_2813\" class=\"wp-caption alignnone\">\n<p><a href=\"https:\/\/blogi.eoppimispalvelut.fi\/peppi-ohjeet\/koulutus-ja-opetussuunnittelu\/vuosisuunnittelu\/opsien-mukaisen-opetustarjonnan-suunnittelu\/vuosisuunnittelu-lukukaudelle\/\" rel=\"attachment wp-att-2813\" data-slb-active=\"1\" data-slb-asset=\"526021940\" data-slb-internal=\"2813\" data-slb-group=\"2178\"><img loading=\"lazy\" decoding=\"async\" class=\"size-large wp-image-2813\" src=\"https:\/\/blogi.eoppimispalvelut.fi\/peppi-ohjeet\/files\/2020\/05\/Vuosisuunnittelu-lukukaudelle-1280x333.png\" alt=\"Vuosisuunnittelu lukukaudelle\" width=\"584\" height=\"152\" aria-describedby=\"caption-attachment-2813\" srcset=\"https:\/\/blogi.eoppimispalvelut.fi\/peppi-ohjeet\/files\/2020\/05\/Vuosisuunnittelu-lukukaudelle-1280x333.png 1280w, https:\/\/blogi.eoppimispalvelut.fi\/peppi-ohjeet\/files\/2020\/05\/Vuosisuunnittelu-lukukaudelle-900x234.png 900w, https:\/\/blogi.eoppimispalvelut.fi\/peppi-ohjeet\/files\/2020\/05\/Vuosisuunnittelu-lukukaudelle-768x200.png 768w, https:\/\/blogi.eoppimispalvelut.fi\/peppi-ohjeet\/files\/2020\/05\/Vuosisuunnittelu-lukukaudelle-1536x400.png 1536w, https:\/\/blogi.eoppimispalvelut.fi\/peppi-ohjeet\/files\/2020\/05\/Vuosisuunnittelu-lukukaudelle-500x130.png 500w, https:\/\/blogi.eoppimispalvelut.fi\/peppi-ohjeet\/files\/2020\/05\/Vuosisuunnittelu-lukukaudelle.png 2000w\" sizes=\"auto, (max-width: 584px) 100vw, 584px\" \/><\/a><\/p>\n<p id=\"caption-attachment-2813\" class=\"wp-caption-text\">Klikkaa kuva suuremmaksi<\/p>\n<\/div>\n<p>&nbsp;<\/p>\n<p>Valitse Lataa OPS:n koulutus. Ikkunaan avautuu valitun OPS:n mukainen ajoitus valitulle lukukaudelle. Ajoituksen mukaisten toteutuksien v\u00e4ri muuttuu toteutuksen statuksen mukaisesti. Saat toteutusten statusten koodit klikkaamalla kysymysmerkki\u00e4(?).<\/p>\n<p>Toteutussuunnitelmat ovat luonnostilassa, kunnes ne julkaistaan opettajille. Sit\u00e4 ennen ne eiv\u00e4t n\u00e4y muille kuin suunnittelijoille.<\/p>\n<p>&nbsp;<\/p>\n<div id=\"attachment_2814\" class=\"wp-caption alignnone\">\n<p><a href=\"https:\/\/blogi.eoppimispalvelut.fi\/peppi-ohjeet\/koulutus-ja-opetussuunnittelu\/vuosisuunnittelu\/opsien-mukaisen-opetustarjonnan-suunnittelu\/vuosisuunnittelun-toteutusnakyma\/\" rel=\"attachment wp-att-2814\" data-slb-active=\"1\" data-slb-asset=\"1363452861\" data-slb-internal=\"2814\" data-slb-group=\"2178\"><img loading=\"lazy\" decoding=\"async\" class=\"size-large wp-image-2814\" src=\"https:\/\/blogi.eoppimispalvelut.fi\/peppi-ohjeet\/files\/2020\/05\/Vuosisuunnittelun-toteutusn%C3%A4kym%C3%A4-1280x682.png\" alt=\"Vuosisuunnittelun toteutusn\u00e4kym\u00e4\" width=\"584\" height=\"311\" aria-describedby=\"caption-attachment-2814\" \/><\/a><\/p>\n<p id=\"caption-attachment-2814\" class=\"wp-caption-text\">Klikkaa kuva suuremmaksi<\/p>\n<\/div>\n<p>&nbsp;<\/p>\n<hr \/>\n<p>Takaisin\u00a0<a href=\"https:\/\/blogi.eoppimispalvelut.fi\/peppi-ohjeet\/koulutus-ja-opetussuunnittelu\/\">Koulutus- ja opetussuunnittelu<\/a> -sivulle<\/p>\n","protected":false},"excerpt":{"rendered":"<p>Katso video (tekstityksen saa p\u00e4\u00e4lle [cc]-painikkeesta). Siirtyminen vuosisuunnitteluun tapahtuu valitsemalla Vuosisuunnittelu-valikon alta Vuosisuunnittelu. &nbsp; Klikkaa kuva suuremmaksi &nbsp; Avautuvassa ikkunassa m\u00e4\u00e4ritell\u00e4\u00e4n yksikk\u00f6 ja opetussuunnitelma, jolle vuosisuunnittelua tehd\u00e4\u00e4n sek\u00e4 valitaan suunniteltava ajanjakso. &nbsp; Klikkaa kuva suuremmaksi &nbsp; Valitse Lataa OPS:n koulutus. &hellip; <a href=\"https:\/\/blogi.eoppimispalvelut.fi\/peppi-ohjeet\/koulutus-ja-opetussuunnittelu\/vuosisuunnittelu\/siirtyminen-vuosisuunnitteluun\/\">Continue reading <span class=\"meta-nav\">&rarr;<\/span><\/a><\/p>\n","protected":false},"author":4339,"featured_media":0,"parent":2147,"menu_order":0,"comment_status":"closed","ping_status":"closed","template":"","meta":{"_monsterinsights_skip_tracking":false,"_monsterinsights_sitenote_active":false,"_monsterinsights_sitenote_note":"","_monsterinsights_sitenote_category":0,"footnotes":""},"class_list":["post-2861","page","type-page","status-publish","hentry"],"_links":{"self":[{"href":"https:\/\/blogi.eoppimispalvelut.fi\/peppi-ohjeet\/wp-json\/wp\/v2\/pages\/2861","targetHints":{"allow":["GET"]}}],"collection":[{"href":"https:\/\/blogi.eoppimispalvelut.fi\/peppi-ohjeet\/wp-json\/wp\/v2\/pages"}],"about":[{"href":"https:\/\/blogi.eoppimispalvelut.fi\/peppi-ohjeet\/wp-json\/wp\/v2\/types\/page"}],"author":[{"embeddable":true,"href":"https:\/\/blogi.eoppimispalvelut.fi\/peppi-ohjeet\/wp-json\/wp\/v2\/users\/4339"}],"replies":[{"embeddable":true,"href":"https:\/\/blogi.eoppimispalvelut.fi\/peppi-ohjeet\/wp-json\/wp\/v2\/comments?post=2861"}],"version-history":[{"count":11,"href":"https:\/\/blogi.eoppimispalvelut.fi\/peppi-ohjeet\/wp-json\/wp\/v2\/pages\/2861\/revisions"}],"predecessor-version":[{"id":3694,"href":"https:\/\/blogi.eoppimispalvelut.fi\/peppi-ohjeet\/wp-json\/wp\/v2\/pages\/2861\/revisions\/3694"}],"up":[{"embeddable":true,"href":"https:\/\/blogi.eoppimispalvelut.fi\/peppi-ohjeet\/wp-json\/wp\/v2\/pages\/2147"}],"wp:attachment":[{"href":"https:\/\/blogi.eoppimispalvelut.fi\/peppi-ohjeet\/wp-json\/wp\/v2\/media?parent=2861"}],"curies":[{"name":"wp","href":"https:\/\/api.w.org\/{rel}","templated":true}]}}