{"id":2867,"date":"2020-05-16T11:45:50","date_gmt":"2020-05-16T08:45:50","guid":{"rendered":"https:\/\/blogi.eoppimispalvelut.fi\/peppi-ohjeet\/?page_id=2867"},"modified":"2020-07-02T09:10:48","modified_gmt":"2020-07-02T06:10:48","slug":"resurssien-kiinnittaminen-toteutukselle","status":"publish","type":"page","link":"https:\/\/blogi.eoppimispalvelut.fi\/peppi-ohjeet\/koulutus-ja-opetussuunnittelu\/vuosisuunnittelu\/resurssien-kiinnittaminen-toteutukselle\/","title":{"rendered":"Opettajien ty\u00f6ajan kiinnitt\u00e4minen toteutukselle"},"content":{"rendered":"<p>Katso <a href=\"https:\/\/youtu.be\/hmi-g8-F8dM\" target=\"_blank\" rel=\"noopener noreferrer\">video<\/a>, osa 1. (tekstityksen saa p\u00e4\u00e4lle [cc]-painikkeesta).<\/p>\n<p>Klikattaessa Resurssit-toimintoa, avautuu n\u00e4kyviin toiminnot, joiden kautta p\u00e4\u00e4set lis\u00e4\u00e4m\u00e4\u00e4n toteutuksesta vastaavat henkil\u00f6t sek\u00e4 toteutuksen tekij\u00e4t ja heid\u00e4n teht\u00e4v\u00e4ns\u00e4.<\/p>\n<p>&nbsp;<\/p>\n<div id=\"attachment_2832\" class=\"wp-caption alignnone\">\n<p><a href=\"https:\/\/blogi.eoppimispalvelut.fi\/peppi-ohjeet\/koulutus-ja-opetussuunnittelu\/vuosisuunnittelu\/opsien-mukaisen-opetustarjonnan-suunnittelu\/resurssien-lisaaminen-toteutukselle\/\" rel=\"attachment wp-att-2832\" data-slb-active=\"1\" data-slb-asset=\"547544461\" data-slb-internal=\"2832\" data-slb-group=\"2178\"><img loading=\"lazy\" decoding=\"async\" class=\"size-full wp-image-2832\" src=\"https:\/\/blogi.eoppimispalvelut.fi\/peppi-ohjeet\/files\/2020\/05\/Resurssien-lis%C3%A4%C3%A4minen-toteutukselle.png\" alt=\"Resurssien lis\u00e4\u00e4minen toteutukselle\" width=\"1169\" height=\"556\" aria-describedby=\"caption-attachment-2832\" \/><\/a><\/p>\n<p id=\"caption-attachment-2832\" class=\"wp-caption-text\">Klikkaa kuva suuremmaksi<\/p>\n<\/div>\n<p>&nbsp;<\/p>\n<p>Muokkaa henkil\u00f6it\u00e4 -painikkeen kautta voit asettaa vastuuhenkil\u00f6ksi toteutuksen vastuuopettajan.<\/p>\n<p>&nbsp;<\/p>\n<div id=\"attachment_2833\" class=\"wp-caption alignnone\">\n<p><a href=\"https:\/\/blogi.eoppimispalvelut.fi\/peppi-ohjeet\/koulutus-ja-opetussuunnittelu\/vuosisuunnittelu\/opsien-mukaisen-opetustarjonnan-suunnittelu\/vastuuhenkiloiden-lisaaminen-toteutukselle\/\" rel=\"attachment wp-att-2833\" data-slb-active=\"1\" data-slb-asset=\"371434134\" data-slb-internal=\"2833\" data-slb-group=\"2178\"><img loading=\"lazy\" decoding=\"async\" class=\"size-full wp-image-2833\" src=\"https:\/\/blogi.eoppimispalvelut.fi\/peppi-ohjeet\/files\/2020\/05\/Vastuuhenkil%C3%B6iden-lis%C3%A4%C3%A4minen-toteutukselle.png\" alt=\"Vastuuhenkil\u00f6iden lis\u00e4\u00e4minen toteutukselle\" width=\"947\" height=\"826\" aria-describedby=\"caption-attachment-2833\" \/><\/a><\/p>\n<p id=\"caption-attachment-2833\" class=\"wp-caption-text\">Klikkaa kuva suuremmaksi<\/p>\n<\/div>\n<p>&nbsp;<\/p>\n<p>Aseta yll\u00e4pit\u00e4j\u00e4ksi itsesi lis\u00e4ksi osaamisalan opintosuunnittelija, t\u00e4ll\u00f6in molemmat p\u00e4\u00e4sev\u00e4t tarvittaessa tekem\u00e4\u00e4n muutoksia tai lis\u00e4yksi\u00e4 tai tallentamaan esim. toteutuksen arvosanoja. Tallenna tiedot.<\/p>\n<p>Lis\u00e4\u00e4 teht\u00e4v\u00e4 -painikkeen kautta p\u00e4\u00e4set lis\u00e4\u00e4m\u00e4\u00e4n toteutuksesta vastaavat henkil\u00f6t sek\u00e4 toteutuksen tekij\u00e4t ja heid\u00e4n teht\u00e4v\u00e4ns\u00e4.<\/p>\n<p>&nbsp;<\/p>\n<div id=\"attachment_2834\" class=\"wp-caption alignnone\">\n<p><a href=\"https:\/\/blogi.eoppimispalvelut.fi\/peppi-ohjeet\/koulutus-ja-opetussuunnittelu\/vuosisuunnittelu\/opsien-mukaisen-opetustarjonnan-suunnittelu\/tehtavien-lisaaminen-toteutuksen-opettajille\/\" rel=\"attachment wp-att-2834\" data-slb-active=\"1\" data-slb-asset=\"1811676679\" data-slb-internal=\"2834\" data-slb-group=\"2178\"><img loading=\"lazy\" decoding=\"async\" class=\"size-full wp-image-2834\" src=\"https:\/\/blogi.eoppimispalvelut.fi\/peppi-ohjeet\/files\/2020\/05\/Teht%C3%A4vien-lis%C3%A4%C3%A4minen-toteutuksen-opettajille.png\" alt=\"Teht\u00e4vien lis\u00e4\u00e4minen toteutuksen opettajille\" width=\"600\" height=\"380\" aria-describedby=\"caption-attachment-2834\" \/><\/a><\/p>\n<p id=\"caption-attachment-2834\" class=\"wp-caption-text\">Klikkaa kuva suuremmaksi<\/p>\n<\/div>\n<p>&nbsp;<\/p>\n<p>Hae opettaja alavetovalikosta. Lis\u00e4\u00e4 toteutuksen teht\u00e4v\u00e4n nimi ja muokkaa tarvittaessa aikaa. Toteutuksella voi olla my\u00f6s muita osallistuja, kuten projektip\u00e4\u00e4llikk\u00f6, informaatikko, eOppimispalveluiden suunnittelija jne. Jokaiselle toteutukseen osallistuvalle henkil\u00f6lle t\u00e4ytyy lis\u00e4t\u00e4 teht\u00e4v\u00e4t erikseen.<\/p>\n<p>Katso <a href=\"https:\/\/youtu.be\/66uOQg8fpYU\" target=\"_blank\" rel=\"noopener noreferrer\">video<\/a>, osa 2. (tekstityksen saa p\u00e4\u00e4lle [cc]-painikkeesta).<\/p>\n<p>Ty\u00f6ajan kiinnitt\u00e4minen toteutukselle tapahtuu toteutusten luontivaiheessa. Mik\u00e4li toteutuksella on vain yksi opettaja, suunniteltu ty\u00f6aika kiinnitet\u00e4\u00e4n h\u00e4nelle. Mik\u00e4li toteutuksesta vastaa opettajatiimi, toteutuksen vastuuopettajalle merkit\u00e4\u00e4n koko toteutukselle suunnattu opetusresurssi. T\u00e4ss\u00e4 vaiheessa muille toteutukseen osallistuville opettajille ei resursseja tallenneta, ellei niist\u00e4 ole sovittu ennakkoon. Mik\u00e4li ty\u00f6ajan jakoa ei ole sovittu ennakkoon, k\u00e4y opettajatiimi toteutussuunnitelmien laatimisen yhteydess\u00e4 vastuuopettajan johdolla keskustelun, miten toteutuksen suunnattu ty\u00f6aika jaetaan tiimin j\u00e4senten kesken. Osaamisp\u00e4\u00e4llikk\u00f6 muokkaa k\u00e4ydyn keskustelun pohjalta kunkin opettajan k\u00e4ytett\u00e4viss\u00e4 olevan ty\u00f6ajan sovitun jaon mukaisesti.<\/p>\n<p>Tallenna tiedot.<\/p>\n<hr \/>\n<p>Katso <a href=\"https:\/\/youtu.be\/jpsiPcLimK8\" target=\"_blank\" rel=\"noopener noreferrer\">video<\/a>, osa 3. (tekstityksen saa p\u00e4\u00e4lle [cc]-painikkeesta).<\/p>\n<p><strong>Tietojen muokkaaminen tai t\u00e4ydent\u00e4minen<\/strong><\/p>\n<p>Mik\u00e4li toteutuksen opettajien kiinnityksi\u00e4 tai toteutukselle merkitty\u00e4 tuntijakoa on tarve muuttaa, muutokset tehd\u00e4\u00e4n Toteutus-ikkunan Resurssit-v\u00e4lilehdell\u00e4.<\/p>\n<p>Hae ensin toteutus, jonka tiedot halua p\u00e4ivitt\u00e4\u00e4 valitsemalla Vuosisuunnittelu-valikon alta Toteutuksen haku.<\/p>\n<p>&nbsp;<\/p>\n<p>Avautuvassa Haku-ikkunassa voit hakea haluamasi toteutukset erilaisten kriteerien avulla.<\/p>\n<p>&nbsp;<\/p>\n<div id=\"attachment_2895\" class=\"wp-caption alignnone\">\n<p><a href=\"https:\/\/blogi.eoppimispalvelut.fi\/peppi-ohjeet\/koulutus-ja-opetussuunnittelu\/vuosisuunnittelu\/toteutusten-muokkaaminen\/yksittaisen-toteutuksen-haku\/\" rel=\"attachment wp-att-2895\" data-slb-active=\"1\" data-slb-asset=\"1799585349\" data-slb-internal=\"2895\" data-slb-group=\"2871\"><img loading=\"lazy\" decoding=\"async\" class=\"size-full wp-image-2895\" src=\"https:\/\/blogi.eoppimispalvelut.fi\/peppi-ohjeet\/files\/2020\/05\/%C3%9Dksitt%C3%A4isen-toteutuksen-haku.png\" alt=\"\u00ddksitt\u00e4isen toteutuksen haku\" width=\"1268\" height=\"528\" aria-describedby=\"caption-attachment-2895\" \/><\/a><\/p>\n<p id=\"caption-attachment-2895\" class=\"wp-caption-text\">Klikkaa kuva suuremmaksi<\/p>\n<\/div>\n<p>&nbsp;<\/p>\n<p>Avaa toteutus muokkausta varten valitsemalla toteutuksen nimen oikeasta reunasta Toiminnot \u2013 N\u00e4yt\u00e4 toteutus.<\/p>\n<p>&nbsp;<\/p>\n<div id=\"attachment_2906\" style=\"width: 594px\" class=\"wp-caption alignnone\"><a href=\"https:\/\/blogi.eoppimispalvelut.fi\/peppi-ohjeet\/koulutus-ja-opetussuunnittelu\/vuosisuunnittelu\/resurssien-kiinnittaminen-toteutukselle\/toteutuksen-resurssien-muokkaaminen\/\" rel=\"attachment wp-att-2906\"><img loading=\"lazy\" decoding=\"async\" aria-describedby=\"caption-attachment-2906\" class=\"size-large wp-image-2906\" src=\"https:\/\/blogi.eoppimispalvelut.fi\/peppi-ohjeet\/files\/2020\/05\/Toteutuksen-resurssien-muokkaaminen-1280x388.png\" alt=\"Toteutuksen resurssien muokkaaminen\" width=\"584\" height=\"177\" srcset=\"https:\/\/blogi.eoppimispalvelut.fi\/peppi-ohjeet\/files\/2020\/05\/Toteutuksen-resurssien-muokkaaminen-1280x388.png 1280w, https:\/\/blogi.eoppimispalvelut.fi\/peppi-ohjeet\/files\/2020\/05\/Toteutuksen-resurssien-muokkaaminen-900x273.png 900w, https:\/\/blogi.eoppimispalvelut.fi\/peppi-ohjeet\/files\/2020\/05\/Toteutuksen-resurssien-muokkaaminen-768x233.png 768w, https:\/\/blogi.eoppimispalvelut.fi\/peppi-ohjeet\/files\/2020\/05\/Toteutuksen-resurssien-muokkaaminen-1536x466.png 1536w, https:\/\/blogi.eoppimispalvelut.fi\/peppi-ohjeet\/files\/2020\/05\/Toteutuksen-resurssien-muokkaaminen-500x152.png 500w, https:\/\/blogi.eoppimispalvelut.fi\/peppi-ohjeet\/files\/2020\/05\/Toteutuksen-resurssien-muokkaaminen.png 2009w\" sizes=\"auto, (max-width: 584px) 100vw, 584px\" \/><\/a><p id=\"caption-attachment-2906\" class=\"wp-caption-text\">Klikkaa kuva suuremmaksi<\/p><\/div>\n<p>&nbsp;<\/p>\n<p>Valitse Resurssit-v\u00e4lilehti. Valitse muokattavan opettajan nimen oikeassa reunassa olevasta pudotusvalikosta Muokkaa.<\/p>\n<p>&nbsp;<\/p>\n<div id=\"attachment_2907\" style=\"width: 607px\" class=\"wp-caption alignnone\"><a href=\"https:\/\/blogi.eoppimispalvelut.fi\/peppi-ohjeet\/koulutus-ja-opetussuunnittelu\/vuosisuunnittelu\/resurssien-kiinnittaminen-toteutukselle\/tehtavan-muokkaaminen\/\" rel=\"attachment wp-att-2907\"><img loading=\"lazy\" decoding=\"async\" aria-describedby=\"caption-attachment-2907\" class=\"size-full wp-image-2907\" src=\"https:\/\/blogi.eoppimispalvelut.fi\/peppi-ohjeet\/files\/2020\/05\/Teht\u00e4v\u00e4n-muokkaaminen.png\" alt=\"Teht\u00e4v\u00e4n tietojen muokkaaminen\" width=\"597\" height=\"386\" srcset=\"https:\/\/blogi.eoppimispalvelut.fi\/peppi-ohjeet\/files\/2020\/05\/Teht\u00e4v\u00e4n-muokkaaminen.png 597w, https:\/\/blogi.eoppimispalvelut.fi\/peppi-ohjeet\/files\/2020\/05\/Teht\u00e4v\u00e4n-muokkaaminen-464x300.png 464w\" sizes=\"auto, (max-width: 597px) 100vw, 597px\" \/><\/a><p id=\"caption-attachment-2907\" class=\"wp-caption-text\">Klikkaa kuva suuremmaksi<\/p><\/div>\n<p>&nbsp;<\/p>\n<p>Avautuvassa ikkunassa voit vaihtaa opettajaa, teht\u00e4v\u00e4n nime\u00e4, ajoitusta sek\u00e4 tunteja. Tallenna muutokset valisemalla Tallenna.<\/p>\n<p>Samassa n\u00e4kym\u00e4ss\u00e4 voit my\u00f6s kopioida teht\u00e4v\u00e4n, jonka j\u00e4lkeen voit lis\u00e4t\u00e4 opettajan, m\u00e4\u00e4ritell\u00e4 teht\u00e4v\u00e4lle nimen ja lis\u00e4t\u00e4 tunnit. Voit my\u00f6s poistaa teht\u00e4v\u00e4n valitsemalla Poista.<\/p>\n<p>&nbsp;<\/p>\n<div id=\"attachment_2908\" style=\"width: 594px\" class=\"wp-caption alignnone\"><a href=\"https:\/\/blogi.eoppimispalvelut.fi\/peppi-ohjeet\/koulutus-ja-opetussuunnittelu\/vuosisuunnittelu\/resurssien-kiinnittaminen-toteutukselle\/tehtavan-muokkaaminen-muut\/\" rel=\"attachment wp-att-2908\"><img loading=\"lazy\" decoding=\"async\" aria-describedby=\"caption-attachment-2908\" class=\"size-large wp-image-2908\" src=\"https:\/\/blogi.eoppimispalvelut.fi\/peppi-ohjeet\/files\/2020\/05\/Teht\u00e4v\u00e4n-muokkaaminen-muut-1280x388.png\" alt=\"Teht\u00e4vien muokkaaminen muut ominaisuudet\" width=\"584\" height=\"177\" srcset=\"https:\/\/blogi.eoppimispalvelut.fi\/peppi-ohjeet\/files\/2020\/05\/Teht\u00e4v\u00e4n-muokkaaminen-muut-1280x388.png 1280w, https:\/\/blogi.eoppimispalvelut.fi\/peppi-ohjeet\/files\/2020\/05\/Teht\u00e4v\u00e4n-muokkaaminen-muut-900x273.png 900w, https:\/\/blogi.eoppimispalvelut.fi\/peppi-ohjeet\/files\/2020\/05\/Teht\u00e4v\u00e4n-muokkaaminen-muut-768x233.png 768w, https:\/\/blogi.eoppimispalvelut.fi\/peppi-ohjeet\/files\/2020\/05\/Teht\u00e4v\u00e4n-muokkaaminen-muut-1536x466.png 1536w, https:\/\/blogi.eoppimispalvelut.fi\/peppi-ohjeet\/files\/2020\/05\/Teht\u00e4v\u00e4n-muokkaaminen-muut-500x152.png 500w, https:\/\/blogi.eoppimispalvelut.fi\/peppi-ohjeet\/files\/2020\/05\/Teht\u00e4v\u00e4n-muokkaaminen-muut.png 2009w\" sizes=\"auto, (max-width: 584px) 100vw, 584px\" \/><\/a><p id=\"caption-attachment-2908\" class=\"wp-caption-text\">Klikkaa kuva suuremmaksi<\/p><\/div>\n<p>&nbsp;<\/p>\n<p>Jokaiselle henkil\u00f6lle voidaan my\u00f6s m\u00e4\u00e4ritell\u00e4 oma teht\u00e4v\u00e4kohtainen kustannuspaikka. P\u00e4\u00e4set lis\u00e4\u00e4m\u00e4\u00e4n teht\u00e4v\u00e4kohtaisen kustannuspaikan valitsemalla Kustannuspaikat.<\/p>\n<p>&nbsp;<\/p>\n<div id=\"attachment_2909\" style=\"width: 1290px\" class=\"wp-caption alignnone\"><a href=\"https:\/\/blogi.eoppimispalvelut.fi\/peppi-ohjeet\/koulutus-ja-opetussuunnittelu\/vuosisuunnittelu\/resurssien-kiinnittaminen-toteutukselle\/tehtavakohtainen-kustannuspaikka\/\" rel=\"attachment wp-att-2909\"><img loading=\"lazy\" decoding=\"async\" aria-describedby=\"caption-attachment-2909\" class=\"size-full wp-image-2909\" src=\"https:\/\/blogi.eoppimispalvelut.fi\/peppi-ohjeet\/files\/2020\/05\/Teht\u00e4v\u00e4kohtainen-kustannuspaikka.png\" alt=\"Teht\u00e4v\u00e4kohtainen kustannuspaikka\" width=\"1280\" height=\"130\" srcset=\"https:\/\/blogi.eoppimispalvelut.fi\/peppi-ohjeet\/files\/2020\/05\/Teht\u00e4v\u00e4kohtainen-kustannuspaikka.png 1280w, https:\/\/blogi.eoppimispalvelut.fi\/peppi-ohjeet\/files\/2020\/05\/Teht\u00e4v\u00e4kohtainen-kustannuspaikka-900x91.png 900w, https:\/\/blogi.eoppimispalvelut.fi\/peppi-ohjeet\/files\/2020\/05\/Teht\u00e4v\u00e4kohtainen-kustannuspaikka-768x78.png 768w, https:\/\/blogi.eoppimispalvelut.fi\/peppi-ohjeet\/files\/2020\/05\/Teht\u00e4v\u00e4kohtainen-kustannuspaikka-500x51.png 500w\" sizes=\"auto, (max-width: 1280px) 100vw, 1280px\" \/><\/a><p id=\"caption-attachment-2909\" class=\"wp-caption-text\">Klikkaa kuva suuremmaksi<\/p><\/div>\n<p>&nbsp;<\/p>\n<p>Valitse haluamasi kustannuspaikka ja m\u00e4\u00e4rittele osuus. Tallenna tiedot valitsemalla Tallenna.<\/p>\n<hr \/>\n<p>Takaisin\u00a0<a href=\"https:\/\/blogi.eoppimispalvelut.fi\/peppi-ohjeet\/koulutus-ja-opetussuunnittelu\/\">Koulutus- ja opetussuunnittelu<\/a>\u00a0\u2013 sivulle<\/p>\n","protected":false},"excerpt":{"rendered":"<p>Katso video, osa 1. (tekstityksen saa p\u00e4\u00e4lle [cc]-painikkeesta). Klikattaessa Resurssit-toimintoa, avautuu n\u00e4kyviin toiminnot, joiden kautta p\u00e4\u00e4set lis\u00e4\u00e4m\u00e4\u00e4n toteutuksesta vastaavat henkil\u00f6t sek\u00e4 toteutuksen tekij\u00e4t ja heid\u00e4n teht\u00e4v\u00e4ns\u00e4. &nbsp; Klikkaa kuva suuremmaksi &nbsp; Muokkaa henkil\u00f6it\u00e4 -painikkeen kautta voit asettaa vastuuhenkil\u00f6ksi toteutuksen vastuuopettajan. &hellip; <a href=\"https:\/\/blogi.eoppimispalvelut.fi\/peppi-ohjeet\/koulutus-ja-opetussuunnittelu\/vuosisuunnittelu\/resurssien-kiinnittaminen-toteutukselle\/\">Continue reading <span class=\"meta-nav\">&rarr;<\/span><\/a><\/p>\n","protected":false},"author":4339,"featured_media":0,"parent":2147,"menu_order":0,"comment_status":"closed","ping_status":"closed","template":"","meta":{"_monsterinsights_skip_tracking":false,"_monsterinsights_sitenote_active":false,"_monsterinsights_sitenote_note":"","_monsterinsights_sitenote_category":0,"footnotes":""},"class_list":["post-2867","page","type-page","status-publish","hentry"],"_links":{"self":[{"href":"https:\/\/blogi.eoppimispalvelut.fi\/peppi-ohjeet\/wp-json\/wp\/v2\/pages\/2867","targetHints":{"allow":["GET"]}}],"collection":[{"href":"https:\/\/blogi.eoppimispalvelut.fi\/peppi-ohjeet\/wp-json\/wp\/v2\/pages"}],"about":[{"href":"https:\/\/blogi.eoppimispalvelut.fi\/peppi-ohjeet\/wp-json\/wp\/v2\/types\/page"}],"author":[{"embeddable":true,"href":"https:\/\/blogi.eoppimispalvelut.fi\/peppi-ohjeet\/wp-json\/wp\/v2\/users\/4339"}],"replies":[{"embeddable":true,"href":"https:\/\/blogi.eoppimispalvelut.fi\/peppi-ohjeet\/wp-json\/wp\/v2\/comments?post=2867"}],"version-history":[{"count":22,"href":"https:\/\/blogi.eoppimispalvelut.fi\/peppi-ohjeet\/wp-json\/wp\/v2\/pages\/2867\/revisions"}],"predecessor-version":[{"id":3761,"href":"https:\/\/blogi.eoppimispalvelut.fi\/peppi-ohjeet\/wp-json\/wp\/v2\/pages\/2867\/revisions\/3761"}],"up":[{"embeddable":true,"href":"https:\/\/blogi.eoppimispalvelut.fi\/peppi-ohjeet\/wp-json\/wp\/v2\/pages\/2147"}],"wp:attachment":[{"href":"https:\/\/blogi.eoppimispalvelut.fi\/peppi-ohjeet\/wp-json\/wp\/v2\/media?parent=2867"}],"curies":[{"name":"wp","href":"https:\/\/api.w.org\/{rel}","templated":true}]}}