{"id":2915,"date":"2020-05-16T14:15:40","date_gmt":"2020-05-16T11:15:40","guid":{"rendered":"https:\/\/blogi.eoppimispalvelut.fi\/peppi-ohjeet\/?page_id=2915"},"modified":"2020-08-05T06:48:42","modified_gmt":"2020-08-05T03:48:42","slug":"toteutusten-kopiointi","status":"publish","type":"page","link":"https:\/\/blogi.eoppimispalvelut.fi\/peppi-ohjeet\/koulutus-ja-opetussuunnittelu\/vuosisuunnittelu\/opsien-mukaisen-opetustarjonnan-suunnittelu\/toteutusten-kopiointi\/","title":{"rendered":"Toteutusten kopiointi"},"content":{"rendered":"<p>Katso <a href=\"https:\/\/youtu.be\/v7_Ci09bYdU\" target=\"_blank\" rel=\"noopener noreferrer\">video<\/a>, osa 1. (tekstityksen saa p\u00e4\u00e4lle [cc]-painikkeesta).<\/p>\n<p>Mik\u00e4li vuosisuunnittelussa teht\u00e4v\u00e4t toteutukset noudattavat edellisen\u00e4 vuonna tehtyj\u00e4 toteutuksia, voit tehd\u00e4 vuosisuunnittelun toteutusten kopioinnin kautta. Voit kopioida toteutuksia, jotka on julkaistu tilassa. Luonnostilassa olevia tai ehdotuksia ei voi kopioida.<\/p>\n<p>Valitse Vuosisuunnittelu-valikon alta Toteutusten kopiointi.<\/p>\n<p>&nbsp;<\/p>\n<div id=\"attachment_2918\" style=\"width: 1290px\" class=\"wp-caption alignnone\"><a href=\"https:\/\/blogi.eoppimispalvelut.fi\/peppi-ohjeet\/koulutus-ja-opetussuunnittelu\/vuosisuunnittelu\/opsien-mukaisen-opetustarjonnan-suunnittelu\/toteutusten-kopiointi\/toteutusten-kopiointi-lahteen-ja-kohteen-maarittely\/\" rel=\"attachment wp-att-2918\"><img loading=\"lazy\" decoding=\"async\" aria-describedby=\"caption-attachment-2918\" class=\"size-full wp-image-2918\" src=\"https:\/\/blogi.eoppimispalvelut.fi\/peppi-ohjeet\/files\/2020\/05\/Toteutusten-kopiointi-l\u00e4hteen-ja-kohteen-m\u00e4\u00e4rittely.png\" alt=\"Toteutusten kopiointi l\u00e4hteen ja kohteen m\u00e4\u00e4rittely\" width=\"1280\" height=\"292\" srcset=\"https:\/\/blogi.eoppimispalvelut.fi\/peppi-ohjeet\/files\/2020\/05\/Toteutusten-kopiointi-l\u00e4hteen-ja-kohteen-m\u00e4\u00e4rittely.png 1280w, https:\/\/blogi.eoppimispalvelut.fi\/peppi-ohjeet\/files\/2020\/05\/Toteutusten-kopiointi-l\u00e4hteen-ja-kohteen-m\u00e4\u00e4rittely-900x205.png 900w, https:\/\/blogi.eoppimispalvelut.fi\/peppi-ohjeet\/files\/2020\/05\/Toteutusten-kopiointi-l\u00e4hteen-ja-kohteen-m\u00e4\u00e4rittely-768x175.png 768w, https:\/\/blogi.eoppimispalvelut.fi\/peppi-ohjeet\/files\/2020\/05\/Toteutusten-kopiointi-l\u00e4hteen-ja-kohteen-m\u00e4\u00e4rittely-500x114.png 500w\" sizes=\"auto, (max-width: 1280px) 100vw, 1280px\" \/><\/a><p id=\"caption-attachment-2918\" class=\"wp-caption-text\">Klikkaa kuva suuremmaksi<\/p><\/div>\n<p>&nbsp;<\/p>\n<p>M\u00e4\u00e4rittele avautuvassa ikkunassa kopiointia varten tarvittavat tiedot:<\/p>\n<ul>\n<li>lukuvuosi, jolta toteutukset kopioidaan<\/li>\n<li>ryhm\u00e4 tai OPS, jolta toteutukset halutaan kopioida<\/li>\n<li>lukuvuosi, johon toteutukset halutaan kopioida<\/li>\n<li>OPS, johon toteutukset kopioidaan<\/li>\n<\/ul>\n<p>Valitse Hae.<\/p>\n<p>Avautuvassa ikkunassa n\u00e4hd\u00e4\u00e4n haun tulokset massamuokkausn\u00e4kym\u00e4ss\u00e4. Voit valita mitk\u00e4 toteutukset kopioidaan sek\u00e4 muokata kopioitavien toteutuksien tietoja.<\/p>\n<p>&nbsp;<\/p>\n<div id=\"attachment_2920\" style=\"width: 1290px\" class=\"wp-caption alignnone\"><a href=\"https:\/\/blogi.eoppimispalvelut.fi\/peppi-ohjeet\/koulutus-ja-opetussuunnittelu\/vuosisuunnittelu\/opsien-mukaisen-opetustarjonnan-suunnittelu\/toteutusten-kopiointi\/toteutusten-kopiointi-toteutusten-tietojen-massamuokkaus\/\" rel=\"attachment wp-att-2920\"><img loading=\"lazy\" decoding=\"async\" aria-describedby=\"caption-attachment-2920\" class=\"size-full wp-image-2920\" src=\"https:\/\/blogi.eoppimispalvelut.fi\/peppi-ohjeet\/files\/2020\/05\/Toteutusten-kopiointi-toteutusten-tietojen-massamuokkaus.png\" alt=\"Toteutusten kopiointi toteutusten tietojen massamuokkaus\" width=\"1280\" height=\"414\" srcset=\"https:\/\/blogi.eoppimispalvelut.fi\/peppi-ohjeet\/files\/2020\/05\/Toteutusten-kopiointi-toteutusten-tietojen-massamuokkaus.png 1280w, https:\/\/blogi.eoppimispalvelut.fi\/peppi-ohjeet\/files\/2020\/05\/Toteutusten-kopiointi-toteutusten-tietojen-massamuokkaus-900x291.png 900w, https:\/\/blogi.eoppimispalvelut.fi\/peppi-ohjeet\/files\/2020\/05\/Toteutusten-kopiointi-toteutusten-tietojen-massamuokkaus-768x248.png 768w, https:\/\/blogi.eoppimispalvelut.fi\/peppi-ohjeet\/files\/2020\/05\/Toteutusten-kopiointi-toteutusten-tietojen-massamuokkaus-500x162.png 500w\" sizes=\"auto, (max-width: 1280px) 100vw, 1280px\" \/><\/a><p id=\"caption-attachment-2920\" class=\"wp-caption-text\">Klikkaa kuva suuremmaksi<\/p><\/div>\n<p>&nbsp;<\/p>\n<p>K\u00e4y l\u00e4vitse kaikki toteutusten tiedot ja varmista, ett\u00e4 ajoitukset, ryhm\u00e4t, vastuunjako ja koulutusalat sek\u00e4 opetussuunnitelma ovat oikein. Kun olet muokannut tarvittavat tiedot, voit edet\u00e4 toteutuksen teht\u00e4vien tietojen muokkaamiseen valitsemalla taulukon yl\u00e4reunasta Siirry teht\u00e4vien m\u00e4\u00e4rittelyyn.<\/p>\n<p>&nbsp;<\/p>\n<div id=\"attachment_2921\" style=\"width: 1290px\" class=\"wp-caption alignnone\"><a href=\"https:\/\/blogi.eoppimispalvelut.fi\/peppi-ohjeet\/koulutus-ja-opetussuunnittelu\/vuosisuunnittelu\/opsien-mukaisen-opetustarjonnan-suunnittelu\/toteutusten-kopiointi\/toteutusten-kopionti-tehtavien-massamuokkaus\/\" rel=\"attachment wp-att-2921\"><img loading=\"lazy\" decoding=\"async\" aria-describedby=\"caption-attachment-2921\" class=\"size-full wp-image-2921\" src=\"https:\/\/blogi.eoppimispalvelut.fi\/peppi-ohjeet\/files\/2020\/05\/Toteutusten-kopionti-teht\u00e4vien-massamuokkaus.png\" alt=\"Toteutusten kopionti teht\u00e4vien massamuokkaus\" width=\"1280\" height=\"500\" srcset=\"https:\/\/blogi.eoppimispalvelut.fi\/peppi-ohjeet\/files\/2020\/05\/Toteutusten-kopionti-teht\u00e4vien-massamuokkaus.png 1280w, https:\/\/blogi.eoppimispalvelut.fi\/peppi-ohjeet\/files\/2020\/05\/Toteutusten-kopionti-teht\u00e4vien-massamuokkaus-900x352.png 900w, https:\/\/blogi.eoppimispalvelut.fi\/peppi-ohjeet\/files\/2020\/05\/Toteutusten-kopionti-teht\u00e4vien-massamuokkaus-768x300.png 768w, https:\/\/blogi.eoppimispalvelut.fi\/peppi-ohjeet\/files\/2020\/05\/Toteutusten-kopionti-teht\u00e4vien-massamuokkaus-500x195.png 500w\" sizes=\"auto, (max-width: 1280px) 100vw, 1280px\" \/><\/a><p id=\"caption-attachment-2921\" class=\"wp-caption-text\">Klikkaa kuva suuremmaksi<\/p><\/div>\n<p><a href=\"https:\/\/youtu.be\/gRgzqXsz_D4\" target=\"_blank\" rel=\"noopener noreferrer\">Katso video<\/a>, osa 2. (tekstityksen saa p\u00e4\u00e4lle [cc]-painikkeesta).<\/p>\n<p>Kun olet muokannut tai t\u00e4ydent\u00e4nyt teht\u00e4vien tiedot, voit edet\u00e4 toteutuksen teht\u00e4vien tietojen luomiseen valitsemalla taulukon yl\u00e4reunasta Luo toteutukset ja teht\u00e4v\u00e4t. Kun kopiointi on suoritettu, n\u00e4kyviin tulee kopioinnin status.<\/p>\n<p>&nbsp;<\/p>\n<div id=\"attachment_2922\" style=\"width: 1290px\" class=\"wp-caption alignnone\"><a href=\"https:\/\/blogi.eoppimispalvelut.fi\/peppi-ohjeet\/koulutus-ja-opetussuunnittelu\/vuosisuunnittelu\/opsien-mukaisen-opetustarjonnan-suunnittelu\/toteutusten-kopiointi\/toteutusten-kopiointi-kopioinnin-status\/\" rel=\"attachment wp-att-2922\"><img loading=\"lazy\" decoding=\"async\" aria-describedby=\"caption-attachment-2922\" class=\"size-full wp-image-2922\" src=\"https:\/\/blogi.eoppimispalvelut.fi\/peppi-ohjeet\/files\/2020\/05\/Toteutusten-kopiointi-kopioinnin-status.png\" alt=\"Toteutusten kopiointi kopioinnin status\" width=\"1280\" height=\"270\" srcset=\"https:\/\/blogi.eoppimispalvelut.fi\/peppi-ohjeet\/files\/2020\/05\/Toteutusten-kopiointi-kopioinnin-status.png 1280w, https:\/\/blogi.eoppimispalvelut.fi\/peppi-ohjeet\/files\/2020\/05\/Toteutusten-kopiointi-kopioinnin-status-900x190.png 900w, https:\/\/blogi.eoppimispalvelut.fi\/peppi-ohjeet\/files\/2020\/05\/Toteutusten-kopiointi-kopioinnin-status-768x162.png 768w, https:\/\/blogi.eoppimispalvelut.fi\/peppi-ohjeet\/files\/2020\/05\/Toteutusten-kopiointi-kopioinnin-status-500x105.png 500w\" sizes=\"auto, (max-width: 1280px) 100vw, 1280px\" \/><\/a><p id=\"caption-attachment-2922\" class=\"wp-caption-text\">Klikkaa kuva suuremmaksi<\/p><\/div>\n<p>&nbsp;<\/p>\n<p>Julkaise lopuksi toteutukset opettajille massamuokkauksen kautta.\u00a0Valitse ensin Vuosisuunnittelu-valikon alta Toteutusten haku.<\/p>\n<p>Avautuvassa Haku-ikkunassa voit hakea haluamasi toteutukset erilaisten kriteerien avulla.<\/p>\n<p>&nbsp;<\/p>\n<div id=\"attachment_2842\" class=\"wp-caption alignnone\">\n<p><a href=\"https:\/\/blogi.eoppimispalvelut.fi\/peppi-ohjeet\/koulutus-ja-opetussuunnittelu\/vuosisuunnittelu\/opsien-mukaisen-opetustarjonnan-suunnittelu\/toteutusten-haku\/\" rel=\"attachment wp-att-2842\" data-slb-active=\"1\" data-slb-asset=\"1707711994\" data-slb-internal=\"2842\" data-slb-group=\"2875_2178\"><img loading=\"lazy\" decoding=\"async\" class=\"size-large wp-image-2842\" src=\"https:\/\/blogi.eoppimispalvelut.fi\/peppi-ohjeet\/files\/2020\/05\/Toteutusten-haku-1280x593.png\" alt=\"Toteutusten haku\" width=\"584\" height=\"271\" aria-describedby=\"caption-attachment-2842\" srcset=\"https:\/\/blogi.eoppimispalvelut.fi\/peppi-ohjeet\/files\/2020\/05\/Toteutusten-haku-1280x593.png 1280w, https:\/\/blogi.eoppimispalvelut.fi\/peppi-ohjeet\/files\/2020\/05\/Toteutusten-haku-900x417.png 900w, https:\/\/blogi.eoppimispalvelut.fi\/peppi-ohjeet\/files\/2020\/05\/Toteutusten-haku-768x356.png 768w, https:\/\/blogi.eoppimispalvelut.fi\/peppi-ohjeet\/files\/2020\/05\/Toteutusten-haku-1536x712.png 1536w, https:\/\/blogi.eoppimispalvelut.fi\/peppi-ohjeet\/files\/2020\/05\/Toteutusten-haku-500x232.png 500w, https:\/\/blogi.eoppimispalvelut.fi\/peppi-ohjeet\/files\/2020\/05\/Toteutusten-haku.png 2000w\" sizes=\"auto, (max-width: 584px) 100vw, 584px\" \/><\/a><\/p>\n<p id=\"caption-attachment-2842\" class=\"wp-caption-text\">Klikkaa kuva suuremmaksi<\/p>\n<\/div>\n<p>&nbsp;<\/p>\n<p>M\u00e4\u00e4rittele haluamasi hakukriteerit ja valitse Hae. Haun tulokset tulevat n\u00e4kyviin Haku-ikkunan alapuolelle. Voit muokata useiden toteutusten tietoja samalla kertaa valitsemalla toteutukset, joihin haluat tehd\u00e4 muutoksia. Valitse t\u00e4m\u00e4n j\u00e4lkeen Siirry muokkaamaan toteutuksia.<\/p>\n<p>&nbsp;<\/p>\n<div id=\"attachment_2851\" class=\"wp-caption alignnone\">\n<p><a href=\"https:\/\/blogi.eoppimispalvelut.fi\/peppi-ohjeet\/koulutus-ja-opetussuunnittelu\/vuosisuunnittelu\/opsien-mukaisen-opetustarjonnan-suunnittelu\/toteutusten-tietojen-muokkaaminen\/\" rel=\"attachment wp-att-2851\" data-slb-active=\"1\" data-slb-asset=\"1200047586\" data-slb-internal=\"2851\" data-slb-group=\"2875_2178\"><img loading=\"lazy\" decoding=\"async\" class=\"size-large wp-image-2851\" src=\"https:\/\/blogi.eoppimispalvelut.fi\/peppi-ohjeet\/files\/2020\/05\/Toteutusten-tietojen-muokkaaminen-1280x248.png\" alt=\"Toteutusten tietojen muokkaaminen\" width=\"584\" height=\"113\" aria-describedby=\"caption-attachment-2851\" srcset=\"https:\/\/blogi.eoppimispalvelut.fi\/peppi-ohjeet\/files\/2020\/05\/Toteutusten-tietojen-muokkaaminen-1280x248.png 1280w, https:\/\/blogi.eoppimispalvelut.fi\/peppi-ohjeet\/files\/2020\/05\/Toteutusten-tietojen-muokkaaminen-900x175.png 900w, https:\/\/blogi.eoppimispalvelut.fi\/peppi-ohjeet\/files\/2020\/05\/Toteutusten-tietojen-muokkaaminen-768x149.png 768w, https:\/\/blogi.eoppimispalvelut.fi\/peppi-ohjeet\/files\/2020\/05\/Toteutusten-tietojen-muokkaaminen-1536x298.png 1536w, https:\/\/blogi.eoppimispalvelut.fi\/peppi-ohjeet\/files\/2020\/05\/Toteutusten-tietojen-muokkaaminen-500x97.png 500w, https:\/\/blogi.eoppimispalvelut.fi\/peppi-ohjeet\/files\/2020\/05\/Toteutusten-tietojen-muokkaaminen.png 2004w\" sizes=\"auto, (max-width: 584px) 100vw, 584px\" \/><\/a><\/p>\n<p id=\"caption-attachment-2851\" class=\"wp-caption-text\">Klikkaa kuva suuremmaksi<\/p>\n<\/div>\n<p>&nbsp;<\/p>\n<p>Valitse toteutusten tietojen muokkausn\u00e4kym\u00e4ss\u00e4 Tee massamuutos.<\/p>\n<p>&nbsp;<\/p>\n<div id=\"attachment_2853\" class=\"wp-caption alignnone\">\n<p><a href=\"https:\/\/blogi.eoppimispalvelut.fi\/peppi-ohjeet\/koulutus-ja-opetussuunnittelu\/vuosisuunnittelu\/opsien-mukaisen-opetustarjonnan-suunnittelu\/toteutusten-massamuutos\/\" rel=\"attachment wp-att-2853\" data-slb-active=\"1\" data-slb-asset=\"227412736\" data-slb-internal=\"2853\" data-slb-group=\"2875_2178\"><img loading=\"lazy\" decoding=\"async\" class=\"size-large wp-image-2853\" src=\"https:\/\/blogi.eoppimispalvelut.fi\/peppi-ohjeet\/files\/2020\/05\/Toteutusten-massamuutos-1280x257.png\" alt=\"Toteutusten massamuutos\" width=\"584\" height=\"117\" aria-describedby=\"caption-attachment-2853\" srcset=\"https:\/\/blogi.eoppimispalvelut.fi\/peppi-ohjeet\/files\/2020\/05\/Toteutusten-massamuutos-1280x257.png 1280w, https:\/\/blogi.eoppimispalvelut.fi\/peppi-ohjeet\/files\/2020\/05\/Toteutusten-massamuutos-900x181.png 900w, https:\/\/blogi.eoppimispalvelut.fi\/peppi-ohjeet\/files\/2020\/05\/Toteutusten-massamuutos-768x154.png 768w, https:\/\/blogi.eoppimispalvelut.fi\/peppi-ohjeet\/files\/2020\/05\/Toteutusten-massamuutos-1536x308.png 1536w, https:\/\/blogi.eoppimispalvelut.fi\/peppi-ohjeet\/files\/2020\/05\/Toteutusten-massamuutos-500x100.png 500w, https:\/\/blogi.eoppimispalvelut.fi\/peppi-ohjeet\/files\/2020\/05\/Toteutusten-massamuutos.png 2018w\" sizes=\"auto, (max-width: 584px) 100vw, 584px\" \/><\/a><\/p>\n<p id=\"caption-attachment-2853\" class=\"wp-caption-text\">Klikkaa kuva suuremmaksi<\/p>\n<\/div>\n<p>&nbsp;<\/p>\n<p>Voit asettaa haluamasi arvon avautuvassa ikkunassa.<\/p>\n<p>&nbsp;<\/p>\n<div id=\"attachment_2858\" class=\"wp-caption alignnone\">\n<p><a href=\"https:\/\/blogi.eoppimispalvelut.fi\/peppi-ohjeet\/koulutus-ja-opetussuunnittelu\/vuosisuunnittelu\/opsien-mukaisen-opetustarjonnan-suunnittelu\/toteutusten-julkaiseminen-massamuokkausena\/\" rel=\"attachment wp-att-2858\" data-slb-active=\"1\" data-slb-asset=\"650270132\" data-slb-internal=\"2858\" data-slb-group=\"2875_2178\"><img loading=\"lazy\" decoding=\"async\" class=\"size-full wp-image-2858\" src=\"https:\/\/blogi.eoppimispalvelut.fi\/peppi-ohjeet\/files\/2020\/05\/Toteutusten-julkaiseminen-massamuokkausena.png\" alt=\"Toteutusten julkaiseminen massamuokkausena\" width=\"578\" height=\"477\" aria-describedby=\"caption-attachment-2858\" srcset=\"https:\/\/blogi.eoppimispalvelut.fi\/peppi-ohjeet\/files\/2020\/05\/Toteutusten-julkaiseminen-massamuokkausena.png 578w, https:\/\/blogi.eoppimispalvelut.fi\/peppi-ohjeet\/files\/2020\/05\/Toteutusten-julkaiseminen-massamuokkausena-364x300.png 364w\" sizes=\"auto, (max-width: 578px) 100vw, 578px\" \/><\/a><\/p>\n<p id=\"caption-attachment-2858\" class=\"wp-caption-text\">Klikkaa kuva suuremmaksi<\/p>\n<\/div>\n<div class=\"mceTemp\"><\/div>\n<p>Muista tallentaa asetetut arvot klikkaamalla taulukon alla olevaa Tee muutokset-painiketta.<\/p>\n<hr \/>\n<p>Takaisin <a href=\"https:\/\/blogi.eoppimispalvelut.fi\/peppi-ohjeet\/koulutus-ja-opetussuunnittelu\/\">Koulutus- ja opetussuunnittelu<\/a> -sivulle<\/p>\n","protected":false},"excerpt":{"rendered":"<p>Katso video, osa 1. (tekstityksen saa p\u00e4\u00e4lle [cc]-painikkeesta). Mik\u00e4li vuosisuunnittelussa teht\u00e4v\u00e4t toteutukset noudattavat edellisen\u00e4 vuonna tehtyj\u00e4 toteutuksia, voit tehd\u00e4 vuosisuunnittelun toteutusten kopioinnin kautta. Voit kopioida toteutuksia, jotka on julkaistu tilassa. Luonnostilassa olevia tai ehdotuksia ei voi kopioida. Valitse Vuosisuunnittelu-valikon alta &hellip; <a href=\"https:\/\/blogi.eoppimispalvelut.fi\/peppi-ohjeet\/koulutus-ja-opetussuunnittelu\/vuosisuunnittelu\/opsien-mukaisen-opetustarjonnan-suunnittelu\/toteutusten-kopiointi\/\">Continue reading <span class=\"meta-nav\">&rarr;<\/span><\/a><\/p>\n","protected":false},"author":4339,"featured_media":0,"parent":2178,"menu_order":0,"comment_status":"closed","ping_status":"closed","template":"","meta":{"_monsterinsights_skip_tracking":false,"_monsterinsights_sitenote_active":false,"_monsterinsights_sitenote_note":"","_monsterinsights_sitenote_category":0,"footnotes":""},"class_list":["post-2915","page","type-page","status-publish","hentry"],"_links":{"self":[{"href":"https:\/\/blogi.eoppimispalvelut.fi\/peppi-ohjeet\/wp-json\/wp\/v2\/pages\/2915","targetHints":{"allow":["GET"]}}],"collection":[{"href":"https:\/\/blogi.eoppimispalvelut.fi\/peppi-ohjeet\/wp-json\/wp\/v2\/pages"}],"about":[{"href":"https:\/\/blogi.eoppimispalvelut.fi\/peppi-ohjeet\/wp-json\/wp\/v2\/types\/page"}],"author":[{"embeddable":true,"href":"https:\/\/blogi.eoppimispalvelut.fi\/peppi-ohjeet\/wp-json\/wp\/v2\/users\/4339"}],"replies":[{"embeddable":true,"href":"https:\/\/blogi.eoppimispalvelut.fi\/peppi-ohjeet\/wp-json\/wp\/v2\/comments?post=2915"}],"version-history":[{"count":17,"href":"https:\/\/blogi.eoppimispalvelut.fi\/peppi-ohjeet\/wp-json\/wp\/v2\/pages\/2915\/revisions"}],"predecessor-version":[{"id":3849,"href":"https:\/\/blogi.eoppimispalvelut.fi\/peppi-ohjeet\/wp-json\/wp\/v2\/pages\/2915\/revisions\/3849"}],"up":[{"embeddable":true,"href":"https:\/\/blogi.eoppimispalvelut.fi\/peppi-ohjeet\/wp-json\/wp\/v2\/pages\/2178"}],"wp:attachment":[{"href":"https:\/\/blogi.eoppimispalvelut.fi\/peppi-ohjeet\/wp-json\/wp\/v2\/media?parent=2915"}],"curies":[{"name":"wp","href":"https:\/\/api.w.org\/{rel}","templated":true}]}}