{"id":3220,"date":"2020-06-05T17:45:03","date_gmt":"2020-06-05T14:45:03","guid":{"rendered":"https:\/\/blogi.eoppimispalvelut.fi\/peppi-ohjeet\/?page_id=3220"},"modified":"2024-08-14T14:59:48","modified_gmt":"2024-08-14T11:59:48","slug":"vuosisuunnittelun-tyokalut","status":"publish","type":"page","link":"https:\/\/blogi.eoppimispalvelut.fi\/peppi-ohjeet\/koulutus-ja-opetussuunnittelu\/vuosisuunnittelu\/vuosisuunnittelun-tyokalut\/","title":{"rendered":"Vuosisuunnittelun ty\u00f6kalut"},"content":{"rendered":"<p>Katso <a href=\"https:\/\/youtu.be\/UhyousaZO_E\" target=\"_blank\" rel=\"noopener\">video<\/a> (tekstityksen saa p\u00e4\u00e4lle [cc]-painikkeesta).<\/p>\n<p>Vuosisuunnittelun tueksi on k\u00e4ytett\u00e4viss\u00e4 seuraavat ty\u00f6kalut:<\/p>\n<p>&nbsp;<\/p>\n<div id=\"attachment_3224\" style=\"width: 1202px\" class=\"wp-caption alignnone\"><a href=\"https:\/\/blogi.eoppimispalvelut.fi\/peppi-ohjeet\/koulutus-ja-opetussuunnittelu\/vuosisuunnittelu\/vuosisuunnittelun-tyokalut\/vuosisuunnittelun-tyokalut-2\/\" rel=\"attachment wp-att-3224\"><img loading=\"lazy\" decoding=\"async\" aria-describedby=\"caption-attachment-3224\" class=\"size-full wp-image-3224\" src=\"https:\/\/blogi.eoppimispalvelut.fi\/peppi-ohjeet\/files\/2020\/06\/Vuosisuunnittelun-ty\u00f6kalut.png\" alt=\"Vuosisuunnittelun ty\u00f6kalut\" width=\"1192\" height=\"251\" srcset=\"https:\/\/blogi.eoppimispalvelut.fi\/peppi-ohjeet\/files\/2020\/06\/Vuosisuunnittelun-ty\u00f6kalut.png 1192w, https:\/\/blogi.eoppimispalvelut.fi\/peppi-ohjeet\/files\/2020\/06\/Vuosisuunnittelun-ty\u00f6kalut-900x190.png 900w, https:\/\/blogi.eoppimispalvelut.fi\/peppi-ohjeet\/files\/2020\/06\/Vuosisuunnittelun-ty\u00f6kalut-768x162.png 768w, https:\/\/blogi.eoppimispalvelut.fi\/peppi-ohjeet\/files\/2020\/06\/Vuosisuunnittelun-ty\u00f6kalut-500x105.png 500w\" sizes=\"auto, (max-width: 1192px) 100vw, 1192px\" \/><\/a><p id=\"caption-attachment-3224\" class=\"wp-caption-text\">Klikkaa kuva suuremmaksi<\/p><\/div>\n<hr \/>\n<p><strong>Teht\u00e4v\u00e4t<\/strong><\/p>\n<p>Teht\u00e4v\u00e4t-ty\u00f6kalun kautta p\u00e4\u00e4set suoraan teht\u00e4vien massamuokkaukseen.<\/p>\n<hr \/>\n<p><strong>Opettajien kuormitus<\/strong><\/p>\n<p>Opettajien kuormitus -ty\u00f6kalun kautta muodostuu Excel-taulukko, jossa on koottuna kaikki valitun suunnitteluajanjakson mukaiset<\/p>\n<ul>\n<li>teht\u00e4v\u00e4t ja niiden resursointi henkil\u00f6itt\u00e4in\n<ul>\n<li>tunteina<\/li>\n<li>prosentteina<\/li>\n<\/ul>\n<\/li>\n<\/ul>\n<p>Valitse ensin ajanjakso ja sen j\u00e4lkeen Tulosta raportti.<\/p>\n<p>&nbsp;<\/p>\n<div id=\"attachment_3225\" style=\"width: 554px\" class=\"wp-caption alignnone\"><a href=\"https:\/\/blogi.eoppimispalvelut.fi\/peppi-ohjeet\/koulutus-ja-opetussuunnittelu\/vuosisuunnittelu\/vuosisuunnittelun-tyokalut\/opettajien-kuormitus-ajanjakson-valinta\/\" rel=\"attachment wp-att-3225\"><img loading=\"lazy\" decoding=\"async\" aria-describedby=\"caption-attachment-3225\" class=\"size-full wp-image-3225\" src=\"https:\/\/blogi.eoppimispalvelut.fi\/peppi-ohjeet\/files\/2020\/06\/Opettajien-kuormitus-ajanjakson-valinta.png\" alt=\"Opettajien kuormitus, ajanjakson valinta\" width=\"544\" height=\"234\" srcset=\"https:\/\/blogi.eoppimispalvelut.fi\/peppi-ohjeet\/files\/2020\/06\/Opettajien-kuormitus-ajanjakson-valinta.png 544w, https:\/\/blogi.eoppimispalvelut.fi\/peppi-ohjeet\/files\/2020\/06\/Opettajien-kuormitus-ajanjakson-valinta-500x215.png 500w\" sizes=\"auto, (max-width: 544px) 100vw, 544px\" \/><\/a><p id=\"caption-attachment-3225\" class=\"wp-caption-text\">Klikkaa kuva suuremmaksi<\/p><\/div>\n<p>&nbsp;<\/p>\n<p>Voit tallentaa Excelin my\u00f6hemp\u00e4\u00e4 k\u00e4ytt\u00f6\u00e4 varten tai muokata tietoja suodattamalla, laatimalla graafeja tai hy\u00f6dynt\u00e4m\u00e4ll\u00e4 esim. Pivot-taulukoita.<\/p>\n<hr \/>\n<p><strong>Budjetti-Excel<\/strong><\/p>\n<p>Voit laatia Vuosisuunnittelu-n\u00e4kym\u00e4ss\u00e4 m\u00e4\u00e4ritellyn lukuvuosien mukaisen koosteen toteutusten tiedoista sek\u00e4 kustannustiedot eriteltyin\u00e4 valitsemalla Budjetti-Excel.<\/p>\n<ul>\n<li>Opetuksen teht\u00e4vien<\/li>\n<li>Projektien<\/li>\n<li>Muiden t\u00f6iden osalta sek\u00e4<\/li>\n<li>Kustannukset yhteens\u00e4<\/li>\n<\/ul>\n<p>Voit tallentaa excelin my\u00f6hemp\u00e4\u00e4 k\u00e4ytt\u00f6\u00e4 varten tai muokata tietoja suodattamalla, laatimalla graafeja tai hy\u00f6dynt\u00e4m\u00e4ll\u00e4 esim. Pivot-taulukoita.<\/p>\n<hr \/>\n<p><strong>Opettajien tunnit<\/strong><\/p>\n<p>Kun yksikk\u00f6 v\u00e4lilehdell\u00e4 on m\u00e4\u00e4ritelty tarkasteltava aikav\u00e4li (lukukaudet) tulostuu opettajien tunnit automattisesti valittuna aikana toteutuvien periodien mukaisesti.<\/p>\n<p>&nbsp;<\/p>\n<div id=\"attachment_3226\" style=\"width: 554px\" class=\"wp-caption alignnone\"><a href=\"https:\/\/blogi.eoppimispalvelut.fi\/peppi-ohjeet\/koulutus-ja-opetussuunnittelu\/vuosisuunnittelu\/vuosisuunnittelun-tyokalut\/opettajien-tunnit\/\" rel=\"attachment wp-att-3226\"><img loading=\"lazy\" decoding=\"async\" aria-describedby=\"caption-attachment-3226\" class=\"size-full wp-image-3226\" src=\"https:\/\/blogi.eoppimispalvelut.fi\/peppi-ohjeet\/files\/2020\/06\/Opettajien-tunnit.png\" alt=\"Opettajien tunnit\" width=\"544\" height=\"184\" srcset=\"https:\/\/blogi.eoppimispalvelut.fi\/peppi-ohjeet\/files\/2020\/06\/Opettajien-tunnit.png 544w, https:\/\/blogi.eoppimispalvelut.fi\/peppi-ohjeet\/files\/2020\/06\/Opettajien-tunnit-500x169.png 500w\" sizes=\"auto, (max-width: 544px) 100vw, 544px\" \/><\/a><p id=\"caption-attachment-3226\" class=\"wp-caption-text\">Klikkaa kuva suuremmaksi<\/p><\/div>\n<p>&nbsp;<\/p>\n<p>Avautuvassa n\u00e4kym\u00e4ss\u00e4 voit my\u00f6s valita tarkasteluajankohdan m\u00e4\u00e4rittelem\u00e4ll\u00e4 aikav\u00e4lin, jonka osalta tietoja haluaa tarkastella.<\/p>\n<hr \/>\n<p><strong>\u20acAvaa budjettitiedot<\/strong><\/p>\n<p>Voit tarkastella suunnitelman mukaisia kokonaiskustannuksia kustannuspaikoittan budjettitietojen kautta. Valitse aikav\u00e4li, jolta budjettitietoja halutaan tarkastella yksikk\u00f6\u00f6n kiinnitettyjen kustannuspaikkojen mukaisia kokonaiskustannustietoja kustannuspaikoittain.<\/p>\n<p>&nbsp;<\/p>\n<div id=\"attachment_3227\" style=\"width: 642px\" class=\"wp-caption alignnone\"><a href=\"https:\/\/blogi.eoppimispalvelut.fi\/peppi-ohjeet\/koulutus-ja-opetussuunnittelu\/vuosisuunnittelu\/vuosisuunnittelun-tyokalut\/budjettitiedot\/\" rel=\"attachment wp-att-3227\"><img loading=\"lazy\" decoding=\"async\" aria-describedby=\"caption-attachment-3227\" class=\"size-full wp-image-3227\" src=\"https:\/\/blogi.eoppimispalvelut.fi\/peppi-ohjeet\/files\/2020\/06\/Budjettitiedot.png\" alt=\"Budjettitiedot\" width=\"632\" height=\"136\" srcset=\"https:\/\/blogi.eoppimispalvelut.fi\/peppi-ohjeet\/files\/2020\/06\/Budjettitiedot.png 632w, https:\/\/blogi.eoppimispalvelut.fi\/peppi-ohjeet\/files\/2020\/06\/Budjettitiedot-500x108.png 500w\" sizes=\"auto, (max-width: 632px) 100vw, 632px\" \/><\/a><p id=\"caption-attachment-3227\" class=\"wp-caption-text\">Klikkaa kuva suuremmaksi<\/p><\/div>\n<p>&nbsp;<\/p>\n<p>Sovellus edellytt\u00e4\u00e4 ett\u00e4 yksikk\u00f6tietoihin on tallennettu keskituntihinta ja ett\u00e4 kaikki yksikk\u00f6\u00f6n kiinnitetyt kustannuspaikat on m\u00e4\u00e4riteltyin\u00e4.<\/p>\n<hr \/>\n<p>Takaisin\u00a0<a href=\"https:\/\/blogi.eoppimispalvelut.fi\/peppi-ohjeet\/koulutus-ja-opetussuunnittelu\/\">Koulutus- ja opetussuunnittelu<\/a> -sivulle<\/p>\n<p>&nbsp;<\/p>\n","protected":false},"excerpt":{"rendered":"<p>Katso video (tekstityksen saa p\u00e4\u00e4lle [cc]-painikkeesta). Vuosisuunnittelun tueksi on k\u00e4ytett\u00e4viss\u00e4 seuraavat ty\u00f6kalut: &nbsp; Teht\u00e4v\u00e4t Teht\u00e4v\u00e4t-ty\u00f6kalun kautta p\u00e4\u00e4set suoraan teht\u00e4vien massamuokkaukseen. Opettajien kuormitus Opettajien kuormitus -ty\u00f6kalun kautta muodostuu Excel-taulukko, jossa on koottuna kaikki valitun suunnitteluajanjakson mukaiset teht\u00e4v\u00e4t ja niiden resursointi henkil\u00f6itt\u00e4in &hellip; <a href=\"https:\/\/blogi.eoppimispalvelut.fi\/peppi-ohjeet\/koulutus-ja-opetussuunnittelu\/vuosisuunnittelu\/vuosisuunnittelun-tyokalut\/\">Continue reading <span class=\"meta-nav\">&rarr;<\/span><\/a><\/p>\n","protected":false},"author":4339,"featured_media":0,"parent":2147,"menu_order":0,"comment_status":"closed","ping_status":"closed","template":"","meta":{"_monsterinsights_skip_tracking":false,"_monsterinsights_sitenote_active":false,"_monsterinsights_sitenote_note":"","_monsterinsights_sitenote_category":0,"footnotes":""},"class_list":["post-3220","page","type-page","status-publish","hentry"],"_links":{"self":[{"href":"https:\/\/blogi.eoppimispalvelut.fi\/peppi-ohjeet\/wp-json\/wp\/v2\/pages\/3220","targetHints":{"allow":["GET"]}}],"collection":[{"href":"https:\/\/blogi.eoppimispalvelut.fi\/peppi-ohjeet\/wp-json\/wp\/v2\/pages"}],"about":[{"href":"https:\/\/blogi.eoppimispalvelut.fi\/peppi-ohjeet\/wp-json\/wp\/v2\/types\/page"}],"author":[{"embeddable":true,"href":"https:\/\/blogi.eoppimispalvelut.fi\/peppi-ohjeet\/wp-json\/wp\/v2\/users\/4339"}],"replies":[{"embeddable":true,"href":"https:\/\/blogi.eoppimispalvelut.fi\/peppi-ohjeet\/wp-json\/wp\/v2\/comments?post=3220"}],"version-history":[{"count":13,"href":"https:\/\/blogi.eoppimispalvelut.fi\/peppi-ohjeet\/wp-json\/wp\/v2\/pages\/3220\/revisions"}],"predecessor-version":[{"id":7022,"href":"https:\/\/blogi.eoppimispalvelut.fi\/peppi-ohjeet\/wp-json\/wp\/v2\/pages\/3220\/revisions\/7022"}],"up":[{"embeddable":true,"href":"https:\/\/blogi.eoppimispalvelut.fi\/peppi-ohjeet\/wp-json\/wp\/v2\/pages\/2147"}],"wp:attachment":[{"href":"https:\/\/blogi.eoppimispalvelut.fi\/peppi-ohjeet\/wp-json\/wp\/v2\/media?parent=3220"}],"curies":[{"name":"wp","href":"https:\/\/api.w.org\/{rel}","templated":true}]}}