{"id":556,"date":"2020-02-12T13:36:14","date_gmt":"2020-02-12T11:36:14","guid":{"rendered":"https:\/\/blogi.eoppimispalvelut.fi\/peppi-ohjeet\/?page_id=556"},"modified":"2024-04-19T09:55:08","modified_gmt":"2024-04-19T06:55:08","slug":"sisallyttaminen","status":"publish","type":"page","link":"https:\/\/blogi.eoppimispalvelut.fi\/peppi-ohjeet\/opiskelijalle\/hyvaksiluku\/sisallyttaminen\/","title":{"rendered":"Sis\u00e4llytys, muualla suoritettu opinto"},"content":{"rendered":"<p>Katso <a href=\"https:\/\/youtu.be\/BgnfPJjG9P0\" target=\"_blank\" rel=\"noopener noreferrer\">video<\/a> (tekstityksen saa p\u00e4\u00e4lle [cc]-painikkeesta).<\/p>\n<p>T\u00e4yt\u00e4 hakemus huolellisesti ja kiinnit\u00e4 huomiota oikeinkirjoitukseen. Kaikki tiedot, jotka lis\u00e4\u00e4t hakemukselle, tulevat n\u00e4kyville suorituksiisi kirjoittamassasi muodossa.<\/p>\n<div id=\"attachment_1579\" style=\"width: 594px\" class=\"wp-caption alignnone\"><a href=\"https:\/\/blogi.eoppimispalvelut.fi\/peppi-ohjeet\/files\/2020\/03\/Opiskelija-korv-opinto-kuva-1.png\"><img loading=\"lazy\" decoding=\"async\" aria-describedby=\"caption-attachment-1579\" class=\"size-large wp-image-1579\" src=\"https:\/\/blogi.eoppimispalvelut.fi\/peppi-ohjeet\/files\/2020\/03\/Opiskelija-korv-opinto-kuva-1-1280x765.png\" alt=\"Hakemuksen aloittaminen\" width=\"584\" height=\"349\" srcset=\"https:\/\/blogi.eoppimispalvelut.fi\/peppi-ohjeet\/files\/2020\/03\/Opiskelija-korv-opinto-kuva-1-1280x765.png 1280w, https:\/\/blogi.eoppimispalvelut.fi\/peppi-ohjeet\/files\/2020\/03\/Opiskelija-korv-opinto-kuva-1-900x538.png 900w, https:\/\/blogi.eoppimispalvelut.fi\/peppi-ohjeet\/files\/2020\/03\/Opiskelija-korv-opinto-kuva-1-768x459.png 768w, https:\/\/blogi.eoppimispalvelut.fi\/peppi-ohjeet\/files\/2020\/03\/Opiskelija-korv-opinto-kuva-1-1536x918.png 1536w, https:\/\/blogi.eoppimispalvelut.fi\/peppi-ohjeet\/files\/2020\/03\/Opiskelija-korv-opinto-kuva-1-500x300.png 500w, https:\/\/blogi.eoppimispalvelut.fi\/peppi-ohjeet\/files\/2020\/03\/Opiskelija-korv-opinto-kuva-1.png 1615w\" sizes=\"auto, (max-width: 584px) 100vw, 584px\" \/><\/a><p id=\"caption-attachment-1579\" class=\"wp-caption-text\">Klikkaa kuvaa suuremmaksi<\/p><\/div>\n<p>Aloita uusi hakemus valitsemalla \u201dMinun opintoni\u201d \u2013valikon alta Hyv\u00e4ksiluku (AHOT).<\/p>\n<p>&nbsp;<\/p>\n<div id=\"attachment_1580\" style=\"width: 910px\" class=\"wp-caption alignnone\"><a href=\"https:\/\/blogi.eoppimispalvelut.fi\/peppi-ohjeet\/files\/2020\/03\/Opiskelija-korv-opinto-kuva-2-e1585648739941.png\"><img loading=\"lazy\" decoding=\"async\" aria-describedby=\"caption-attachment-1580\" class=\"size-medium wp-image-1580\" src=\"https:\/\/blogi.eoppimispalvelut.fi\/peppi-ohjeet\/files\/2020\/03\/Opiskelija-korv-opinto-kuva-2-900x641.png\" alt=\"Hakemuksen aloittaminen\" width=\"900\" height=\"641\" \/><\/a><p id=\"caption-attachment-1580\" class=\"wp-caption-text\">Klikkaa kuvaa suuremmaksi<\/p><\/div>\n<p>1. Hyv\u00e4ksilukuhakemukset -ikkunassa n\u00e4et kaikki tekem\u00e4si hakemukset, tekemiesi hakemuksien tilan ja hakemuksiin liitt\u00e4m\u00e4si liitteet.<\/p>\n<p>2. Aloita uusi hakemus valitsemalla &#8220;Uusi hakemus\u201d.<\/p>\n<p>&nbsp;<\/p>\n<div id=\"attachment_1584\" style=\"width: 594px\" class=\"wp-caption alignnone\"><a href=\"https:\/\/blogi.eoppimispalvelut.fi\/peppi-ohjeet\/files\/2020\/03\/Opiskelija-korv-opinto-kuva-3.png\"><img loading=\"lazy\" decoding=\"async\" aria-describedby=\"caption-attachment-1584\" class=\"size-large wp-image-1584\" src=\"https:\/\/blogi.eoppimispalvelut.fi\/peppi-ohjeet\/files\/2020\/03\/Opiskelija-korv-opinto-kuva-3-1280x618.png\" alt=\"Hakemuksen aloittaminen\" width=\"584\" height=\"282\" srcset=\"https:\/\/blogi.eoppimispalvelut.fi\/peppi-ohjeet\/files\/2020\/03\/Opiskelija-korv-opinto-kuva-3-1280x618.png 1280w, https:\/\/blogi.eoppimispalvelut.fi\/peppi-ohjeet\/files\/2020\/03\/Opiskelija-korv-opinto-kuva-3-900x435.png 900w, https:\/\/blogi.eoppimispalvelut.fi\/peppi-ohjeet\/files\/2020\/03\/Opiskelija-korv-opinto-kuva-3-768x371.png 768w, https:\/\/blogi.eoppimispalvelut.fi\/peppi-ohjeet\/files\/2020\/03\/Opiskelija-korv-opinto-kuva-3-500x241.png 500w, https:\/\/blogi.eoppimispalvelut.fi\/peppi-ohjeet\/files\/2020\/03\/Opiskelija-korv-opinto-kuva-3.png 1493w\" sizes=\"auto, (max-width: 584px) 100vw, 584px\" \/><\/a><p id=\"caption-attachment-1584\" class=\"wp-caption-text\">Klikkaa kuvaa suuremmaksi<\/p><\/div>\n<p>J\u00e4rjestelm\u00e4 hakee automaattisesti opiskeluoikeutesi perustiedot. Ennen hakemuksen tekemist\u00e4, voit keskustella hyv\u00e4ksiluvuista opinto-ohjaajan kanssa. Jos olet k\u00e4ynyt ohjauskeskustelun, merkitse hakemukseen keskustelun p\u00e4iv\u00e4m\u00e4\u00e4r\u00e4 ja henkil\u00f6, jonka kanssa olet ohjauskeskustelun k\u00e4ynyt. Mik\u00e4li et ole k\u00e4ynyt ohjauskeskustelua, j\u00e4t\u00e4 n\u00e4m\u00e4 tiedot avoimeksi. Klikkaa sitten &#8220;Tallenna&#8221;.<\/p>\n<p>&nbsp;<\/p>\n<div id=\"attachment_1585\" style=\"width: 594px\" class=\"wp-caption alignnone\"><a href=\"https:\/\/blogi.eoppimispalvelut.fi\/peppi-ohjeet\/files\/2020\/03\/Opiskelija-korv-opinto-kuva-4.png\"><img loading=\"lazy\" decoding=\"async\" aria-describedby=\"caption-attachment-1585\" class=\"size-large wp-image-1585\" src=\"https:\/\/blogi.eoppimispalvelut.fi\/peppi-ohjeet\/files\/2020\/03\/Opiskelija-korv-opinto-kuva-4-1280x634.png\" alt=\"Suorituspaikan lis\u00e4\u00e4minen\" width=\"584\" height=\"289\" srcset=\"https:\/\/blogi.eoppimispalvelut.fi\/peppi-ohjeet\/files\/2020\/03\/Opiskelija-korv-opinto-kuva-4-1280x634.png 1280w, https:\/\/blogi.eoppimispalvelut.fi\/peppi-ohjeet\/files\/2020\/03\/Opiskelija-korv-opinto-kuva-4-900x446.png 900w, https:\/\/blogi.eoppimispalvelut.fi\/peppi-ohjeet\/files\/2020\/03\/Opiskelija-korv-opinto-kuva-4-768x380.png 768w, https:\/\/blogi.eoppimispalvelut.fi\/peppi-ohjeet\/files\/2020\/03\/Opiskelija-korv-opinto-kuva-4-1536x761.png 1536w, https:\/\/blogi.eoppimispalvelut.fi\/peppi-ohjeet\/files\/2020\/03\/Opiskelija-korv-opinto-kuva-4-500x248.png 500w, https:\/\/blogi.eoppimispalvelut.fi\/peppi-ohjeet\/files\/2020\/03\/Opiskelija-korv-opinto-kuva-4.png 1888w\" sizes=\"auto, (max-width: 584px) 100vw, 584px\" \/><\/a><p id=\"caption-attachment-1585\" class=\"wp-caption-text\">Klikkaa kuvaa suuremmaksi<\/p><\/div>\n<p>1. Hakemus on luonnostilassa niin kauan, kunnes l\u00e4het\u00e4t sen opintosuunnittelijalle. Voit muokata hakemuksen ohjauskeskustelutietoja tai lis\u00e4tietoja kuvassa n\u00e4kyvien painikkeiden kautta.<\/p>\n<p>2. Aloita hakemuksen t\u00e4ydent\u00e4minen lis\u00e4\u00e4m\u00e4ll\u00e4 suorituspaikka. Voit halutessasi lis\u00e4t\u00e4 useita suorituspaikkoja, mutta lis\u00e4\u00e4 yksi suorituspaikka kerrallaan. T\u00e4ss\u00e4 vaiheessa lis\u00e4t\u00e4\u00e4n my\u00f6s tarvittavat liitteet, esim. opintosuoritusote tai tutkintotodistus. Vaikka hakisitkin useampia hyv\u00e4ksilukuja kerralla, riitt\u00e4\u00e4, ett\u00e4 lis\u00e4\u00e4t suorituspaikan kertaalleen.<\/p>\n<p>&nbsp;<\/p>\n<div id=\"attachment_3893\" style=\"width: 594px\" class=\"wp-caption alignnone\"><a href=\"https:\/\/blogi.eoppimispalvelut.fi\/peppi-ohjeet\/files\/2020\/08\/opiskelija-sis-opinto-kuva-8.png\"><img loading=\"lazy\" decoding=\"async\" aria-describedby=\"caption-attachment-3893\" class=\"size-large wp-image-3893\" src=\"https:\/\/blogi.eoppimispalvelut.fi\/peppi-ohjeet\/files\/2020\/08\/opiskelija-sis-opinto-kuva-8-1280x813.png\" alt=\"Suorituspaikka\" width=\"584\" height=\"371\" srcset=\"https:\/\/blogi.eoppimispalvelut.fi\/peppi-ohjeet\/files\/2020\/08\/opiskelija-sis-opinto-kuva-8-1280x813.png 1280w, https:\/\/blogi.eoppimispalvelut.fi\/peppi-ohjeet\/files\/2020\/08\/opiskelija-sis-opinto-kuva-8-900x571.png 900w, https:\/\/blogi.eoppimispalvelut.fi\/peppi-ohjeet\/files\/2020\/08\/opiskelija-sis-opinto-kuva-8-768x488.png 768w, https:\/\/blogi.eoppimispalvelut.fi\/peppi-ohjeet\/files\/2020\/08\/opiskelija-sis-opinto-kuva-8-1536x975.png 1536w, https:\/\/blogi.eoppimispalvelut.fi\/peppi-ohjeet\/files\/2020\/08\/opiskelija-sis-opinto-kuva-8-472x300.png 472w, https:\/\/blogi.eoppimispalvelut.fi\/peppi-ohjeet\/files\/2020\/08\/opiskelija-sis-opinto-kuva-8.png 1671w\" sizes=\"auto, (max-width: 584px) 100vw, 584px\" \/><\/a><p id=\"caption-attachment-3893\" class=\"wp-caption-text\">Klikkaa kuvaa suuremmaksi<\/p><\/div>\n<p>1. Valitse suorituspaikan tyyppi.<\/p>\n<ul>\n<li style=\"list-style-type: none;\">\n<ul>\n<li>Jos haet hyv\u00e4ksilukuja opistotutkinnolla, merkitse suorituspaikan tyypiksi \u201dmuu kotimainen oppilaitos\u201d<\/li>\n<\/ul>\n<\/li>\n<\/ul>\n<p>2.\u00a0Valitse suorituspaikka pudotusvalikosta tai lis\u00e4\u00e4 tiedot itse, mik\u00e4li suorituspaikkaa ei \u00a0 l\u00f6ydy listasta.<\/p>\n<p>3. Kuvaa opintojasi ja osaamistasi.<\/p>\n<p>4. Lis\u00e4\u00e4 tarvittavat liitteet ja paina Tallenna.<\/p>\n<p>&nbsp;<\/p>\n<div id=\"attachment_2017\" style=\"width: 594px\" class=\"wp-caption alignnone\"><a href=\"https:\/\/blogi.eoppimispalvelut.fi\/peppi-ohjeet\/files\/2020\/04\/Opiskelija-sis-opinto-kuva-6.png\"><img loading=\"lazy\" decoding=\"async\" aria-describedby=\"caption-attachment-2017\" class=\"size-large wp-image-2017\" src=\"https:\/\/blogi.eoppimispalvelut.fi\/peppi-ohjeet\/files\/2020\/04\/Opiskelija-sis-opinto-kuva-6-1280x704.png\" alt=\"Hakemuksen aloittaminen\" width=\"584\" height=\"321\" srcset=\"https:\/\/blogi.eoppimispalvelut.fi\/peppi-ohjeet\/files\/2020\/04\/Opiskelija-sis-opinto-kuva-6-1280x704.png 1280w, https:\/\/blogi.eoppimispalvelut.fi\/peppi-ohjeet\/files\/2020\/04\/Opiskelija-sis-opinto-kuva-6-900x495.png 900w, https:\/\/blogi.eoppimispalvelut.fi\/peppi-ohjeet\/files\/2020\/04\/Opiskelija-sis-opinto-kuva-6-768x422.png 768w, https:\/\/blogi.eoppimispalvelut.fi\/peppi-ohjeet\/files\/2020\/04\/Opiskelija-sis-opinto-kuva-6-500x275.png 500w, https:\/\/blogi.eoppimispalvelut.fi\/peppi-ohjeet\/files\/2020\/04\/Opiskelija-sis-opinto-kuva-6.png 1309w\" sizes=\"auto, (max-width: 584px) 100vw, 584px\" \/><\/a><p id=\"caption-attachment-2017\" class=\"wp-caption-text\">Klikkaa kuvaa suuremmaksi<\/p><\/div>\n<p>Valitse Muualla suoritettu opinto.<\/p>\n<p>&nbsp;<\/p>\n<div id=\"attachment_2019\" style=\"width: 594px\" class=\"wp-caption alignnone\"><a href=\"https:\/\/blogi.eoppimispalvelut.fi\/peppi-ohjeet\/files\/2020\/04\/Opiskelija-sis-opinto-kuva-7.png\"><img loading=\"lazy\" decoding=\"async\" aria-describedby=\"caption-attachment-2019\" class=\"size-large wp-image-2019\" src=\"https:\/\/blogi.eoppimispalvelut.fi\/peppi-ohjeet\/files\/2020\/04\/Opiskelija-sis-opinto-kuva-7-1280x543.png\" alt=\"Hakemuksen t\u00e4ytt\u00e4minen\" width=\"584\" height=\"248\" srcset=\"https:\/\/blogi.eoppimispalvelut.fi\/peppi-ohjeet\/files\/2020\/04\/Opiskelija-sis-opinto-kuva-7-1280x543.png 1280w, https:\/\/blogi.eoppimispalvelut.fi\/peppi-ohjeet\/files\/2020\/04\/Opiskelija-sis-opinto-kuva-7-900x382.png 900w, https:\/\/blogi.eoppimispalvelut.fi\/peppi-ohjeet\/files\/2020\/04\/Opiskelija-sis-opinto-kuva-7-768x326.png 768w, https:\/\/blogi.eoppimispalvelut.fi\/peppi-ohjeet\/files\/2020\/04\/Opiskelija-sis-opinto-kuva-7-1536x652.png 1536w, https:\/\/blogi.eoppimispalvelut.fi\/peppi-ohjeet\/files\/2020\/04\/Opiskelija-sis-opinto-kuva-7-500x212.png 500w, https:\/\/blogi.eoppimispalvelut.fi\/peppi-ohjeet\/files\/2020\/04\/Opiskelija-sis-opinto-kuva-7.png 1942w\" sizes=\"auto, (max-width: 584px) 100vw, 584px\" \/><\/a><p id=\"caption-attachment-2019\" class=\"wp-caption-text\">Klikkaa kuvaa suuremmaksi<\/p><\/div>\n<p>1. Lis\u00e4\u00e4 hakemukseen aiemmin suoritetun opinnon tiedot:<\/p>\n<ul>\n<li>Tunnus (ei pakollinen)<\/li>\n<li>Nimi (FI, ENG)<\/li>\n<li><strong>Huomaa englanninkielisen opinnon nimen kirjoitusasu,<\/strong>\u00a0<strong>k\u00e4\u00e4nn\u00f6ksess\u00e4 isot alkukirjaimet<\/strong>, kuten: Encountering and Instructing a Child with Special Needs<\/li>\n<li>Laajuus ja laajuuden tyyppi<\/li>\n<li>Opetuksen kieli<\/li>\n<li>Arviointi<\/li>\n<li>Suorituspaikka<\/li>\n<li>Suoritusp\u00e4iv\u00e4 ja<\/li>\n<li>Perustelut<\/li>\n<li><b>Valitse k\u00e4sittelij\u00e4ksi alasi opintosuunnittelija<\/b><\/li>\n<\/ul>\n<p>2. Valitse <b>Sis\u00e4llytet\u00e4\u00e4n \u2013v\u00e4lilehti<\/b>. Lis\u00e4\u00e4 uudelleen aikaisemman opinnon alkuper\u00e4inen <b>nimi <\/b><b>ja laajuus<\/b> ja klikkaa <b>Lis\u00e4\u00e4. <\/b><\/p>\n<p><b>HUOM! T\u00e4h\u00e4n ei kirjoiteta \u201dVapaasti valittavat opinnot\u201d, vaan sis\u00e4llytett\u00e4v\u00e4n opinnon alkuper\u00e4inen nimi uudelleen.<\/b><\/p>\n<p>Paina lopuksi Tallenna.<\/p>\n<p>&nbsp;<\/p>\n<div id=\"attachment_1694\" style=\"width: 594px\" class=\"wp-caption alignnone\"><a href=\"https:\/\/blogi.eoppimispalvelut.fi\/peppi-ohjeet\/files\/2020\/04\/Opiskelija-sis-opinto-kuva-2.png\"><img loading=\"lazy\" decoding=\"async\" aria-describedby=\"caption-attachment-1694\" class=\"size-large wp-image-1694\" src=\"https:\/\/blogi.eoppimispalvelut.fi\/peppi-ohjeet\/files\/2020\/04\/Opiskelija-sis-opinto-kuva-2-1280x627.png\" alt=\"Hakemuksen tekeminen\" width=\"584\" height=\"286\" srcset=\"https:\/\/blogi.eoppimispalvelut.fi\/peppi-ohjeet\/files\/2020\/04\/Opiskelija-sis-opinto-kuva-2-1280x627.png 1280w, https:\/\/blogi.eoppimispalvelut.fi\/peppi-ohjeet\/files\/2020\/04\/Opiskelija-sis-opinto-kuva-2-900x441.png 900w, https:\/\/blogi.eoppimispalvelut.fi\/peppi-ohjeet\/files\/2020\/04\/Opiskelija-sis-opinto-kuva-2-768x376.png 768w, https:\/\/blogi.eoppimispalvelut.fi\/peppi-ohjeet\/files\/2020\/04\/Opiskelija-sis-opinto-kuva-2-1536x752.png 1536w, https:\/\/blogi.eoppimispalvelut.fi\/peppi-ohjeet\/files\/2020\/04\/Opiskelija-sis-opinto-kuva-2-500x245.png 500w, https:\/\/blogi.eoppimispalvelut.fi\/peppi-ohjeet\/files\/2020\/04\/Opiskelija-sis-opinto-kuva-2.png 1738w\" sizes=\"auto, (max-width: 584px) 100vw, 584px\" \/><\/a><p id=\"caption-attachment-1694\" class=\"wp-caption-text\">Klikkaa kuvaa suuremmaksi<\/p><\/div>\n<p>Tallentamasi hakemus n\u00e4kyy koko hakemuksen koontin\u00e4kym\u00e4ss\u00e4. Mik\u00e4li haet useampaa sis\u00e4llytyst\u00e4, valitse uudelleen Muualla suoritettu opinto.<\/p>\n<p>&nbsp;<\/p>\n<div id=\"attachment_1695\" style=\"width: 594px\" class=\"wp-caption alignnone\"><a href=\"https:\/\/blogi.eoppimispalvelut.fi\/peppi-ohjeet\/files\/2020\/04\/Opiskelija-sis-opinto-kuva-3.png\"><img loading=\"lazy\" decoding=\"async\" aria-describedby=\"caption-attachment-1695\" class=\"size-large wp-image-1695\" src=\"https:\/\/blogi.eoppimispalvelut.fi\/peppi-ohjeet\/files\/2020\/04\/Opiskelija-sis-opinto-kuva-3-1280x645.png\" alt=\"Hakemuksen l\u00e4hett\u00e4minen\" width=\"584\" height=\"294\" srcset=\"https:\/\/blogi.eoppimispalvelut.fi\/peppi-ohjeet\/files\/2020\/04\/Opiskelija-sis-opinto-kuva-3-1280x645.png 1280w, https:\/\/blogi.eoppimispalvelut.fi\/peppi-ohjeet\/files\/2020\/04\/Opiskelija-sis-opinto-kuva-3-900x453.png 900w, https:\/\/blogi.eoppimispalvelut.fi\/peppi-ohjeet\/files\/2020\/04\/Opiskelija-sis-opinto-kuva-3-768x387.png 768w, https:\/\/blogi.eoppimispalvelut.fi\/peppi-ohjeet\/files\/2020\/04\/Opiskelija-sis-opinto-kuva-3-1536x773.png 1536w, https:\/\/blogi.eoppimispalvelut.fi\/peppi-ohjeet\/files\/2020\/04\/Opiskelija-sis-opinto-kuva-3-500x252.png 500w, https:\/\/blogi.eoppimispalvelut.fi\/peppi-ohjeet\/files\/2020\/04\/Opiskelija-sis-opinto-kuva-3.png 1823w\" sizes=\"auto, (max-width: 584px) 100vw, 584px\" \/><\/a><p id=\"caption-attachment-1695\" class=\"wp-caption-text\">Klikkaa kuvaa suuremmaksi<\/p><\/div>\n<p>Kun hakemus on valmis, klikkaa \u201dL\u00e4het\u00e4 hakemus\u201d.<\/p>\n<p>&nbsp;<\/p>\n<p><b>Esimerkkikuva sis\u00e4llytyshakemuksesta <\/b><b>\u2013 <\/b><b>Muualla suoritettu opinto<\/b><\/p>\n<div id=\"attachment_1706\" style=\"width: 1024px\" class=\"wp-caption alignnone\"><a href=\"https:\/\/blogi.eoppimispalvelut.fi\/peppi-ohjeet\/files\/2020\/04\/Opiskelija-sis-opinto-kuva-4-1.png\"><img loading=\"lazy\" decoding=\"async\" aria-describedby=\"caption-attachment-1706\" class=\"size-full wp-image-1706\" src=\"https:\/\/blogi.eoppimispalvelut.fi\/peppi-ohjeet\/files\/2020\/04\/Opiskelija-sis-opinto-kuva-4-1.png\" alt=\"\" width=\"1014\" height=\"575\" srcset=\"https:\/\/blogi.eoppimispalvelut.fi\/peppi-ohjeet\/files\/2020\/04\/Opiskelija-sis-opinto-kuva-4-1.png 1014w, https:\/\/blogi.eoppimispalvelut.fi\/peppi-ohjeet\/files\/2020\/04\/Opiskelija-sis-opinto-kuva-4-1-900x510.png 900w, https:\/\/blogi.eoppimispalvelut.fi\/peppi-ohjeet\/files\/2020\/04\/Opiskelija-sis-opinto-kuva-4-1-768x436.png 768w, https:\/\/blogi.eoppimispalvelut.fi\/peppi-ohjeet\/files\/2020\/04\/Opiskelija-sis-opinto-kuva-4-1-500x284.png 500w\" sizes=\"auto, (max-width: 1014px) 100vw, 1014px\" \/><\/a><p id=\"caption-attachment-1706\" class=\"wp-caption-text\">Klikkaa kuvaa suuremmaksi<\/p><\/div>\n<p><b>Esimerkkikuva sis\u00e4llytyshakemuksesta \u2013 Vaihto-opinnot<\/b><\/p>\n<div id=\"attachment_1704\" style=\"width: 995px\" class=\"wp-caption alignnone\"><a href=\"https:\/\/blogi.eoppimispalvelut.fi\/peppi-ohjeet\/files\/2020\/04\/Opiskelija-sis-opinto-kuva-5-2.png\"><img loading=\"lazy\" decoding=\"async\" aria-describedby=\"caption-attachment-1704\" class=\"size-full wp-image-1704\" src=\"https:\/\/blogi.eoppimispalvelut.fi\/peppi-ohjeet\/files\/2020\/04\/Opiskelija-sis-opinto-kuva-5-2.png\" alt=\"Esimerkki sis\u00e4llytyshakemuksesta\" width=\"985\" height=\"570\" srcset=\"https:\/\/blogi.eoppimispalvelut.fi\/peppi-ohjeet\/files\/2020\/04\/Opiskelija-sis-opinto-kuva-5-2.png 985w, https:\/\/blogi.eoppimispalvelut.fi\/peppi-ohjeet\/files\/2020\/04\/Opiskelija-sis-opinto-kuva-5-2-900x521.png 900w, https:\/\/blogi.eoppimispalvelut.fi\/peppi-ohjeet\/files\/2020\/04\/Opiskelija-sis-opinto-kuva-5-2-768x444.png 768w, https:\/\/blogi.eoppimispalvelut.fi\/peppi-ohjeet\/files\/2020\/04\/Opiskelija-sis-opinto-kuva-5-2-500x289.png 500w\" sizes=\"auto, (max-width: 985px) 100vw, 985px\" \/><\/a><p id=\"caption-attachment-1704\" class=\"wp-caption-text\">Klikkaa kuvaa suuremmaksi<\/p><\/div>\n<hr \/>\n<p>Takaisin\u00a0<a href=\"https:\/\/blogi.eoppimispalvelut.fi\/peppi-ohjeet\/opiskelijalle\/\">Opiskelijalle-sivulle<\/a><\/p>\n","protected":false},"excerpt":{"rendered":"<p>Katso video (tekstityksen saa p\u00e4\u00e4lle [cc]-painikkeesta). T\u00e4yt\u00e4 hakemus huolellisesti ja kiinnit\u00e4 huomiota oikeinkirjoitukseen. Kaikki tiedot, jotka lis\u00e4\u00e4t hakemukselle, tulevat n\u00e4kyville suorituksiisi kirjoittamassasi muodossa. Aloita uusi hakemus valitsemalla \u201dMinun opintoni\u201d \u2013valikon alta Hyv\u00e4ksiluku (AHOT). &nbsp; 1. Hyv\u00e4ksilukuhakemukset -ikkunassa n\u00e4et kaikki tekem\u00e4si &hellip; <a href=\"https:\/\/blogi.eoppimispalvelut.fi\/peppi-ohjeet\/opiskelijalle\/hyvaksiluku\/sisallyttaminen\/\">Continue reading <span class=\"meta-nav\">&rarr;<\/span><\/a><\/p>\n","protected":false},"author":6,"featured_media":0,"parent":536,"menu_order":0,"comment_status":"closed","ping_status":"closed","template":"","meta":{"_monsterinsights_skip_tracking":false,"_monsterinsights_sitenote_active":false,"_monsterinsights_sitenote_note":"","_monsterinsights_sitenote_category":0,"footnotes":""},"class_list":["post-556","page","type-page","status-publish","hentry"],"_links":{"self":[{"href":"https:\/\/blogi.eoppimispalvelut.fi\/peppi-ohjeet\/wp-json\/wp\/v2\/pages\/556","targetHints":{"allow":["GET"]}}],"collection":[{"href":"https:\/\/blogi.eoppimispalvelut.fi\/peppi-ohjeet\/wp-json\/wp\/v2\/pages"}],"about":[{"href":"https:\/\/blogi.eoppimispalvelut.fi\/peppi-ohjeet\/wp-json\/wp\/v2\/types\/page"}],"author":[{"embeddable":true,"href":"https:\/\/blogi.eoppimispalvelut.fi\/peppi-ohjeet\/wp-json\/wp\/v2\/users\/6"}],"replies":[{"embeddable":true,"href":"https:\/\/blogi.eoppimispalvelut.fi\/peppi-ohjeet\/wp-json\/wp\/v2\/comments?post=556"}],"version-history":[{"count":68,"href":"https:\/\/blogi.eoppimispalvelut.fi\/peppi-ohjeet\/wp-json\/wp\/v2\/pages\/556\/revisions"}],"predecessor-version":[{"id":6477,"href":"https:\/\/blogi.eoppimispalvelut.fi\/peppi-ohjeet\/wp-json\/wp\/v2\/pages\/556\/revisions\/6477"}],"up":[{"embeddable":true,"href":"https:\/\/blogi.eoppimispalvelut.fi\/peppi-ohjeet\/wp-json\/wp\/v2\/pages\/536"}],"wp:attachment":[{"href":"https:\/\/blogi.eoppimispalvelut.fi\/peppi-ohjeet\/wp-json\/wp\/v2\/media?parent=556"}],"curies":[{"name":"wp","href":"https:\/\/api.w.org\/{rel}","templated":true}]}}