{"id":53170,"date":"2024-02-27T00:30:59","date_gmt":"2024-02-26T22:30:59","guid":{"rendered":"https:\/\/blogi.eoppimispalvelut.fi\/polargate\/?page_id=53170"},"modified":"2024-03-24T20:54:41","modified_gmt":"2024-03-24T18:54:41","slug":"tuotteet-ja-palvelut","status":"publish","type":"page","link":"https:\/\/blogi.eoppimispalvelut.fi\/polargate\/tuotteet-ja-palvelut\/","title":{"rendered":"K\u00e4\u00e4nn\u00f6s Tuotteet ja Palvelut"},"content":{"rendered":"\n[et_pb_section fb_built=&#8221;1&#8243; _builder_version=&#8221;4.20.4&#8243; _module_preset=&#8221;default&#8221; width=&#8221;100%&#8221; max_width=&#8221;100%&#8221; module_alignment=&#8221;center&#8221; min_height=&#8221;166px&#8221; height=&#8221;100px&#8221; max_height=&#8221;100px&#8221; custom_margin=&#8221;-62px||||false|false&#8221; locked=&#8221;off&#8221; global_colors_info=&#8221;{}&#8221;][et_pb_row column_structure=&#8221;1_2,1_2&#8243; _builder_version=&#8221;4.20.4&#8243; _module_preset=&#8221;default&#8221; global_colors_info=&#8221;{}&#8221;][et_pb_column type=&#8221;1_2&#8243; _builder_version=&#8221;4.20.4&#8243; _module_preset=&#8221;default&#8221; global_colors_info=&#8221;{}&#8221;][\/et_pb_column][et_pb_column type=&#8221;1_2&#8243; _builder_version=&#8221;4.20.4&#8243; _module_preset=&#8221;default&#8221; global_colors_info=&#8221;{}&#8221;][et_pb_button button_url=&#8221;https:\/\/blogi.eoppimispalvelut.fi\/polargate\/services\/&#8221; button_text=&#8221;In English&#8221; button_alignment=&#8221;right&#8221; _builder_version=&#8221;4.20.4&#8243; _module_preset=&#8221;default&#8221; hover_enabled=&#8221;0&#8243; global_colors_info=&#8221;{}&#8221; custom_margin=&#8221;-13px||||false|false&#8221; sticky_enabled=&#8221;0&#8243;][\/et_pb_button][\/et_pb_column][\/et_pb_row][\/et_pb_section][et_pb_section fb_built=&#8221;1&#8243; _builder_version=&#8221;4.20.4&#8243; _module_preset=&#8221;default&#8221; global_colors_info=&#8221;{}&#8221;][et_pb_row column_structure=&#8221;1_2,1_2&#8243; _builder_version=&#8221;4.20.4&#8243; _module_preset=&#8221;default&#8221; global_colors_info=&#8221;{}&#8221;][et_pb_column type=&#8221;1_2&#8243; _builder_version=&#8221;4.20.4&#8243; _module_preset=&#8221;default&#8221; background_color=&#8221;#4f5d75&#8243; custom_padding=&#8221;15px|15px|15px|15px|true|true&#8221; custom_padding_tablet=&#8221;15px|15px|15px|15px|true|true&#8221; custom_padding_phone=&#8221;15px|15px|15px|15px|true|true&#8221; custom_padding_last_edited=&#8221;on|desktop&#8221; animation_style=&#8221;slide&#8221; border_radii=&#8221;on|27px|27px|27px|27px&#8221; border_width_all=&#8221;1px&#8221; global_colors_info=&#8221;{}&#8221;][et_pb_text _builder_version=&#8221;4.20.4&#8243; _module_preset=&#8221;default&#8221; text_font=&#8221;Inter||||||||&#8221; text_text_color=&#8221;#FFFFFF&#8221; header_text_color=&#8221;#FFFFFF&#8221; header_2_text_color=&#8221;#FFFFFF&#8221; global_colors_info=&#8221;{}&#8221;]<h1>Palvelumme<\/h1>\n<h2>Tervetuloa tutustumaan Polargaten paveluihin!<\/h2>\n<p>Tarjoamme et\u00e4k\u00e4\u00e4nn\u00f6spalveluita digitaalisen sis\u00e4ll\u00f6n k\u00e4\u00e4nt\u00e4miseen, reaaliajassa tapahtuvia tulkkauspalveluita, monimutkaisten asiakirjojen k\u00e4\u00e4nn\u00f6ksi\u00e4 sek\u00e4 kuukausitilaus paketteja tarvitessasi useita k\u00e4\u00e4nn\u00f6ksi\u00e4 kuukausittain.<\/p>\n<p>Otamme k\u00e4\u00e4nn\u00f6ksiss\u00e4mme huomioon my\u00f6s kulttuurikontekstin pit\u00e4\u00e4ksemme viestisi mahdollisimman osuvana kohde yleis\u00f6llesi.<\/p>\n<p>Meid\u00e4n avullamme voit erottua positiivisesti kilpailijoistasi ja valloittaa vaikka koko maailman!<\/p>\n<p>Valitse Polargate aitoon ja hyv\u00e4\u00e4n kommunikaatioon. Viestint\u00e4 ei ole vain sanoja, se on yhteyksien luomista eri kulttuurien v\u00e4lille.<\/p>[\/et_pb_text][et_pb_image src=&#8221;https:\/\/blogi.eoppimispalvelut.fi\/polargate\/files\/2024\/02\/3343.png&#8221; title_text=&#8221;3343&#8243; _builder_version=&#8221;4.20.4&#8243; _module_preset=&#8221;default&#8221; global_colors_info=&#8221;{}&#8221;][\/et_pb_image][et_pb_button button_url=&#8221;https:\/\/blogi.eoppimispalvelut.fi\/polargate\/suomeksi\/&#8221; button_text=&#8221;Palvelumme&#8221; button_alignment=&#8221;center&#8221; _builder_version=&#8221;4.20.4&#8243; _module_preset=&#8221;default&#8221; global_colors_info=&#8221;{}&#8221;][\/et_pb_button][\/et_pb_column][et_pb_column type=&#8221;1_2&#8243; _builder_version=&#8221;4.20.4&#8243; _module_preset=&#8221;default&#8221; background_color=&#8221;#FFFFFF&#8221; custom_padding=&#8221;15px|15px|15px|15px|true|true&#8221; animation_style=&#8221;slide&#8221; border_radii=&#8221;on|27px|27px|27px|27px&#8221; border_width_all=&#8221;1px&#8221; global_colors_info=&#8221;{}&#8221;][et_pb_text _builder_version=&#8221;4.20.4&#8243; _module_preset=&#8221;default&#8221; text_font=&#8221;Inter||||||||&#8221; text_text_color=&#8221;#000000&#8243; header_2_font=&#8221;Inter||||||||&#8221; header_2_text_color=&#8221;#000000&#8243; global_colors_info=&#8221;{}&#8221;]<h1>Tuotteemme<\/h1>\n<h2>Tule tutustumaan Polargaten tuotteisiin!<\/h2>\n<p>&nbsp;<\/p>\n<p>Olemme kasvattaneet valikoimaamme sen mukaan, mist\u00e4 koemme asiakkaidemme eniten hy\u00f6tyv\u00e4n. Tehd\u00e4\u00e4n uuden oppimisesta yhdess\u00e4 hauskaa!<\/p>\n<p>Valikoimastamme l\u00f6yd\u00e4 &#8216;Business for everyone&#8217;-liiketalous englannin oppikirjan, maailman matkasein\u00e4kalenterin vuodelle 2024 sek\u00e4 muistikortteja, joilla voit oppia mit\u00e4 vain miss\u00e4 vain.<\/p>\n<p>Tuotteemme ovat tuotettu laadukkaista materiaaleista ymp\u00e4rist\u00f6yst\u00e4v\u00e4llisesti. Tuotteisiimme sijoittaminen s\u00e4\u00e4st\u00e4\u00e4 pitk\u00e4ll\u00e4 aikav\u00e4lill\u00e4 rahaasi ja aikaasi.<\/p>[\/et_pb_text][et_pb_image src=&#8221;https:\/\/blogi.eoppimispalvelut.fi\/polargate\/files\/2024\/02\/2243.png&#8221; title_text=&#8221;2243&#8243; _builder_version=&#8221;4.20.4&#8243; _module_preset=&#8221;default&#8221; global_colors_info=&#8221;{}&#8221;][\/et_pb_image][et_pb_button button_url=&#8221;https:\/\/blogi.eoppimispalvelut.fi\/polargate\/tuotteet-suomeksi\/&#8221; button_text=&#8221;Tuotteemme&#8221; button_alignment=&#8221;center&#8221; _builder_version=&#8221;4.20.4&#8243; _module_preset=&#8221;default&#8221; global_colors_info=&#8221;{}&#8221;][\/et_pb_button][\/et_pb_column][\/et_pb_row][\/et_pb_section][et_pb_section fb_built=&#8221;1&#8243; _builder_version=&#8221;4.20.4&#8243; _module_preset=&#8221;default&#8221; width=&#8221;100%&#8221; module_alignment=&#8221;center&#8221; min_height=&#8221;100px&#8221; height=&#8221;189px&#8221; max_height=&#8221;100px&#8221; custom_margin=&#8221;0px||||false|false&#8221; custom_padding=&#8221;0px||||false|false&#8221; locked=&#8221;off&#8221; global_colors_info=&#8221;{}&#8221;][et_pb_row column_structure=&#8221;1_2,1_2&#8243; _builder_version=&#8221;4.20.4&#8243; _module_preset=&#8221;default&#8221; global_colors_info=&#8221;{}&#8221;][et_pb_column type=&#8221;1_2&#8243; _builder_version=&#8221;4.20.4&#8243; _module_preset=&#8221;default&#8221; global_colors_info=&#8221;{}&#8221;][et_pb_menu menu_id=&#8221;37&#8243; submenu_direction=&#8221;upwards&#8221; logo_width=&#8221;100%&#8221; logo_height=&#8221;200px&#8221; _builder_version=&#8221;4.20.4&#8243; _module_preset=&#8221;default&#8221; global_colors_info=&#8221;{}&#8221;][\/et_pb_menu][\/et_pb_column][et_pb_column type=&#8221;1_2&#8243; _builder_version=&#8221;4.20.4&#8243; _module_preset=&#8221;default&#8221; global_colors_info=&#8221;{}&#8221;][et_pb_button button_url=&#8221;https:\/\/blogi.eoppimispalvelut.fi\/polargate\/services\/&#8221; button_text=&#8221;In English&#8221; button_alignment=&#8221;right&#8221; _builder_version=&#8221;4.20.4&#8243; _module_preset=&#8221;default&#8221; global_colors_info=&#8221;{}&#8221;][\/et_pb_button][et_pb_button button_url=&#8221;https:\/\/blogi.eoppimispalvelut.fi\/polargate\/where-translation-begins\/&#8221; button_text=&#8221;In English&#8221; button_alignment=&#8221;right&#8221; _builder_version=&#8221;4.20.4&#8243; _module_preset=&#8221;default&#8221; global_colors_info=&#8221;{}&#8221;][\/et_pb_button][\/et_pb_column][\/et_pb_row][\/et_pb_section]\n","protected":false},"excerpt":{"rendered":"<p>Palvelumme Tervetuloa tutustumaan Polargaten paveluihin! Tarjoamme et\u00e4k\u00e4\u00e4nn\u00f6spalveluita digitaalisen sis\u00e4ll\u00f6n k\u00e4\u00e4nt\u00e4miseen, reaaliajassa tapahtuvia tulkkauspalveluita, monimutkaisten asiakirjojen k\u00e4\u00e4nn\u00f6ksi\u00e4 sek\u00e4 kuukausitilaus paketteja tarvitessasi useita k\u00e4\u00e4nn\u00f6ksi\u00e4 kuukausittain. Otamme k\u00e4\u00e4nn\u00f6ksiss\u00e4mme huomioon my\u00f6s kulttuurikontekstin pit\u00e4\u00e4ksemme viestisi mahdollisimman osuvana kohde yleis\u00f6llesi. Meid\u00e4n avullamme voit erottua positiivisesti kilpailijoistasi ja valloittaa vaikka koko maailman! Valitse Polargate aitoon ja hyv\u00e4\u00e4n kommunikaatioon. Viestint\u00e4 ei ole vain [&hellip;]<\/p>\n","protected":false},"author":43223,"featured_media":0,"parent":0,"menu_order":0,"comment_status":"closed","ping_status":"closed","template":"","meta":{"_acf_changed":false,"_et_pb_use_builder":"on","_et_pb_old_content":"","_et_gb_content_width":"","footnotes":""},"class_list":["post-53170","page","type-page","status-publish","hentry"],"acf":[],"_links":{"self":[{"href":"https:\/\/blogi.eoppimispalvelut.fi\/polargate\/wp-json\/wp\/v2\/pages\/53170","targetHints":{"allow":["GET"]}}],"collection":[{"href":"https:\/\/blogi.eoppimispalvelut.fi\/polargate\/wp-json\/wp\/v2\/pages"}],"about":[{"href":"https:\/\/blogi.eoppimispalvelut.fi\/polargate\/wp-json\/wp\/v2\/types\/page"}],"author":[{"embeddable":true,"href":"https:\/\/blogi.eoppimispalvelut.fi\/polargate\/wp-json\/wp\/v2\/users\/43223"}],"replies":[{"embeddable":true,"href":"https:\/\/blogi.eoppimispalvelut.fi\/polargate\/wp-json\/wp\/v2\/comments?post=53170"}],"version-history":[{"count":10,"href":"https:\/\/blogi.eoppimispalvelut.fi\/polargate\/wp-json\/wp\/v2\/pages\/53170\/revisions"}],"predecessor-version":[{"id":53493,"href":"https:\/\/blogi.eoppimispalvelut.fi\/polargate\/wp-json\/wp\/v2\/pages\/53170\/revisions\/53493"}],"wp:attachment":[{"href":"https:\/\/blogi.eoppimispalvelut.fi\/polargate\/wp-json\/wp\/v2\/media?parent=53170"}],"curies":[{"name":"wp","href":"https:\/\/api.w.org\/{rel}","templated":true}]}}