{"id":53191,"date":"2024-02-27T22:14:55","date_gmt":"2024-02-27T20:14:55","guid":{"rendered":"https:\/\/blogi.eoppimispalvelut.fi\/polargate\/?page_id=53191"},"modified":"2024-02-29T16:33:27","modified_gmt":"2024-02-29T14:33:27","slug":"tutustu-meihin","status":"publish","type":"page","link":"https:\/\/blogi.eoppimispalvelut.fi\/polargate\/tutustu-meihin\/","title":{"rendered":"Tutustu meihin"},"content":{"rendered":"[et_pb_section fb_built=&#8221;1&#8243; _builder_version=&#8221;4.20.4&#8243; _module_preset=&#8221;default&#8221; min_height=&#8221;100px&#8221; height=&#8221;100px&#8221; max_height=&#8221;139px&#8221; global_colors_info=&#8221;{}&#8221;][et_pb_row column_structure=&#8221;1_2,1_2&#8243; _builder_version=&#8221;4.20.4&#8243; _module_preset=&#8221;default&#8221; custom_margin=&#8221;-29px||||false|false&#8221; custom_padding=&#8221;0px||||false|false&#8221; hover_enabled=&#8221;0&#8243; global_colors_info=&#8221;{}&#8221; sticky_enabled=&#8221;0&#8243;][et_pb_column type=&#8221;1_2&#8243; _builder_version=&#8221;4.20.4&#8243; _module_preset=&#8221;default&#8221; global_colors_info=&#8221;{}&#8221;][\/et_pb_column][et_pb_column type=&#8221;1_2&#8243; _builder_version=&#8221;4.20.4&#8243; _module_preset=&#8221;default&#8221; global_colors_info=&#8221;{}&#8221;][et_pb_button button_url=&#8221;https:\/\/blogi.eoppimispalvelut.fi\/polargate\/about-us\/&#8221; button_text=&#8221;In English&#8221; button_alignment=&#8221;right&#8221; _builder_version=&#8221;4.20.4&#8243; _module_preset=&#8221;default&#8221; custom_margin=&#8221;-20px||||false|false&#8221; hover_enabled=&#8221;0&#8243; global_colors_info=&#8221;{}&#8221; sticky_enabled=&#8221;0&#8243;][\/et_pb_button][\/et_pb_column][\/et_pb_row][\/et_pb_section][et_pb_section fb_built=&#8221;1&#8243; admin_label=&#8221;section&#8221; _builder_version=&#8221;4.20.4&#8243; background_color=&#8221;#f2e9e4&#8243; global_colors_info=&#8221;{}&#8221;][et_pb_row column_structure=&#8221;1_2,1_2&#8243; admin_label=&#8221;row&#8221; _builder_version=&#8221;4.16&#8243; background_size=&#8221;initial&#8221; background_position=&#8221;top_left&#8221; background_repeat=&#8221;repeat&#8221; global_colors_info=&#8221;{}&#8221;][et_pb_column type=&#8221;1_2&#8243; _builder_version=&#8221;4.16&#8243; custom_padding=&#8221;|||&#8221; global_colors_info=&#8221;{}&#8221; custom_padding__hover=&#8221;|||&#8221;][et_pb_text admin_label=&#8221;Text&#8221; _builder_version=&#8221;4.20.4&#8243; text_font=&#8221;Poppins||||||||&#8221; text_text_color=&#8221;#000000&#8243; header_text_color=&#8221;#000000&#8243; header_4_font=&#8221;Poppins||||||||&#8221; header_4_text_color=&#8221;#FFFFFF&#8221; header_4_font_size=&#8221;30px&#8221; background_size=&#8221;initial&#8221; background_position=&#8221;top_left&#8221; background_repeat=&#8221;repeat&#8221; global_colors_info=&#8221;{}&#8221;]<h4><span style=\"color: #000000\">Keit\u00e4 me olemme?<\/span><\/h4>\n<p>&nbsp;<\/p>\n<p>Olemme pieni, mutta asian osaava, innostunut tiimi, joka ty\u00f6skentelee Arctic Valleyst\u00e4 k\u00e4sin.<\/p>\n<p>Monikulttuurisessa ymp\u00e4rist\u00f6ss\u00e4 toimiminen ja maailman n\u00e4keminen on meid\u00e4n intohimomme, toivomme voivamme antaa sinulle osan t\u00e4st\u00e4 innostuksestamme.<\/p>\n<p>Otamme ilolla vastaan kaikki mahdolliset kielelliset ja kulttuurilliset haasteet.<\/p>\n<p><\/p>\n<p>&nbsp;<\/p>\n<p><!-- \/wp:post-content --><\/p>[\/et_pb_text][et_pb_image src=&#8221;https:\/\/blogi.eoppimispalvelut.fi\/polargate\/files\/2024\/02\/4565.png&#8221; title_text=&#8221;4565&#8243; _builder_version=&#8221;4.20.4&#8243; _module_preset=&#8221;default&#8221; width=&#8221;100%&#8221; max_width=&#8221;100%&#8221; global_colors_info=&#8221;{}&#8221;][\/et_pb_image][\/et_pb_column][et_pb_column type=&#8221;1_2&#8243; _builder_version=&#8221;4.16&#8243; custom_padding=&#8221;|||&#8221; global_colors_info=&#8221;{}&#8221; custom_padding__hover=&#8221;|||&#8221;][et_pb_text admin_label=&#8221;Text&#8221; _builder_version=&#8221;4.20.4&#8243; text_font=&#8221;Poppins||||||||&#8221; text_text_color=&#8221;#000000&#8243; header_3_text_color=&#8221;#FFFFFF&#8221; header_3_font_size=&#8221;30px&#8221; background_size=&#8221;initial&#8221; background_position=&#8221;top_left&#8221; background_repeat=&#8221;repeat&#8221; global_colors_info=&#8221;{}&#8221;]<h3><span style=\"color: #000000\">Mit\u00e4 me teemme?<\/span><\/h3>\n<p>&nbsp;<\/p>\n<p>Autamme asiakkaitamme tavoittamaan kansainv\u00e4lisen yleis\u00f6n nopeasti ja vaivattomasti. Polargate on erikositunut tekem\u00e4\u00e4n kielellisesti ja kulttuurillisesti tarkkoja k\u00e4\u00e4nn\u00f6ksi\u00e4 ja tulkkauksia. .<\/p>\n<p>Asiantuntija tiimimme varmistaa, ett\u00e4 viestisi resonoi aidosti yleis\u00f6si kanssa. Tuomme sinulle kansainv\u00e4list\u00e4 n\u00e4kyvyytt\u00e4 ja olemme sinun kilpavalttisi.<\/p>\n<p>Asiakasl\u00e4ht\u00f6isyys on meid\u00e4n a ja o. Arvostamme saamaamme asiakaspalautetta. Sen avulla pyrimme varmistamaan sen, ett\u00e4 tuotteemme ja palvelumme vastaavat aidosti asiakkaidemme tarpeita ja toiveita.<\/p>\n<p>Haluamme taata sinulle hyv\u00e4ll\u00e4 laadulla ja hinnalla tuotettuja palveluita, jotka sopivat my\u00f6s pienille yrityksille, jotka toivovat l\u00f6yt\u00e4v\u00e4ns\u00e4 kansainv\u00e4lisi\u00e4 kumppaneita.<\/p>\n<p><!-- \/wp:paragraph --><\/p>[\/et_pb_text][et_pb_image src=&#8221;https:\/\/blogi.eoppimispalvelut.fi\/polargate\/files\/2024\/02\/4434.png&#8221; title_text=&#8221;4434&#8243; _builder_version=&#8221;4.20.4&#8243; _module_preset=&#8221;default&#8221; global_colors_info=&#8221;{}&#8221;][\/et_pb_image][\/et_pb_column][\/et_pb_row][\/et_pb_section][et_pb_section fb_built=&#8221;1&#8243; fullwidth=&#8221;on&#8221; _builder_version=&#8221;4.16&#8243; _module_preset=&#8221;default&#8221; use_background_color_gradient=&#8221;on&#8221; background_color_gradient_stops=&#8221;#c88bda 0%|#29c4a9 100%&#8221; background_color_gradient_start=&#8221;#c88bda&#8221; global_colors_info=&#8221;{}&#8221;][\/et_pb_section][et_pb_section fb_built=&#8221;1&#8243; _builder_version=&#8221;4.16&#8243; _module_preset=&#8221;default&#8221; global_colors_info=&#8221;{}&#8221;][et_pb_row column_structure=&#8221;1_2,1_2&#8243; _builder_version=&#8221;4.16&#8243; _module_preset=&#8221;default&#8221; global_colors_info=&#8221;{}&#8221;][et_pb_column type=&#8221;1_2&#8243; _builder_version=&#8221;4.16&#8243; _module_preset=&#8221;default&#8221; global_colors_info=&#8221;{}&#8221;][et_pb_text _builder_version=&#8221;4.20.4&#8243; _module_preset=&#8221;default&#8221; text_font=&#8221;Poppins||||||||&#8221; header_3_font=&#8221;Poppins||||||||&#8221; header_3_font_size=&#8221;30px&#8221; text_font_tablet=&#8221;&#8221; text_font_phone=&#8221;&#8221; text_font_last_edited=&#8221;on|desktop&#8221; global_colors_info=&#8221;{}&#8221;]<h3>Visiomme<\/h3>\n<p>Visiomme on olla asiakkaillemme portti uudenlaiseen kasvuun, joka ylitt\u00e4\u00e4 oman maamme rajat. Haluamme avata heille uusia ja j\u00e4nnitt\u00e4vi\u00e4 mahdollisuuksia.<\/p>[\/et_pb_text][et_pb_image src=&#8221;https:\/\/blogi.eoppimispalvelut.fi\/polargate\/files\/2024\/02\/4568.png&#8221; title_text=&#8221;4568&#8243; _builder_version=&#8221;4.20.4&#8243; _module_preset=&#8221;default&#8221; global_colors_info=&#8221;{}&#8221;][\/et_pb_image][\/et_pb_column][et_pb_column type=&#8221;1_2&#8243; _builder_version=&#8221;4.16&#8243; _module_preset=&#8221;default&#8221; global_colors_info=&#8221;{}&#8221;][et_pb_text _builder_version=&#8221;4.20.4&#8243; _module_preset=&#8221;default&#8221; text_font=&#8221;Poppins||||||||&#8221; header_3_font=&#8221;Poppins||||||||&#8221; header_3_font_size=&#8221;30px&#8221; global_colors_info=&#8221;{}&#8221;]<h3>Missiomme<\/h3>\n<p>Missiomme on n\u00e4ytt\u00e4\u00e4 koko Suomelle kansainv\u00e4lisyyden arvo ja voima. Voimme saavuttaa sen toimiten sillanrakentajina, yhdist\u00e4en ihmisi\u00e4 maailmanlaajuisesti. Tavoitteemme on tarjota ainutlaatuisia ratkaisuja ongelmiin, jotka syntyv\u00e4t kielellisist\u00e4 ja kulttuurillisista eroista.<\/p>[\/et_pb_text][et_pb_image src=&#8221;https:\/\/blogi.eoppimispalvelut.fi\/polargate\/files\/2024\/02\/4562.png&#8221; title_text=&#8221;4562&#8243; _builder_version=&#8221;4.20.4&#8243; _module_preset=&#8221;default&#8221; global_colors_info=&#8221;{}&#8221;][\/et_pb_image][\/et_pb_column][\/et_pb_row][\/et_pb_section][et_pb_section fb_built=&#8221;1&#8243; _builder_version=&#8221;4.20.4&#8243; _module_preset=&#8221;default&#8221; global_colors_info=&#8221;{}&#8221;][et_pb_row _builder_version=&#8221;4.16&#8243; _module_preset=&#8221;default&#8221; global_colors_info=&#8221;{}&#8221;][et_pb_column type=&#8221;4_4&#8243; _builder_version=&#8221;4.16&#8243; _module_preset=&#8221;default&#8221; global_colors_info=&#8221;{}&#8221;][et_pb_text _builder_version=&#8221;4.20.4&#8243; _module_preset=&#8221;default&#8221; text_font=&#8221;Poppins||||||||&#8221; header_3_font_size=&#8221;30px&#8221; global_colors_info=&#8221;{}&#8221;]<h3>Kest\u00e4v\u00e4kehitys<\/h3>\n<p>&nbsp;<\/p>\n<p>Mekin Polargatessa tied\u00e4mme ja n\u00e4emme, ett\u00e4 maailma tarvii lis\u00e4\u00e4 hyvi\u00e4 tekoja luonnon puoleta. Sill\u00e4 me sitoudummekin edist\u00e4m\u00e4\u00e4n kest\u00e4v\u00e4\u00e4 kehityst\u00e4 kaikilla liiketoimintamme osa-alueilla. Uskomme, ett\u00e4 ymp\u00e4rist\u00f6yst\u00e4v\u00e4llisten k\u00e4yt\u00e4nt\u00f6jen omaksumisella me voimme innostaa esimerkill\u00e4mme muitakin toimimaan samoin.<\/p>\n<p>Ymp\u00e4rist\u00f6yst\u00e4v\u00e4llisi\u00e4 tapoja, joita olemme omaksuneet ovat muun muassa: paperitarvikkeiden minimointi p\u00e4ivitt\u00e4isiss\u00e4 k\u00e4yt\u00e4nn\u00f6iss\u00e4mme. Kannustamme my\u00f6s ty\u00f6ntekij\u00f6it\u00e4mme ja asiakkaitamme et\u00e4ty\u00f6h\u00f6n p\u00e4\u00e4st\u00f6jen v\u00e4hent\u00e4miseksi ja k\u00e4yt\u00e4mme virtuaalisia v\u00e4lineit\u00e4 tiimimme ja asiakkaidemme saumattomaan yhteydenpitoon.<\/p>\n<p>Verkkol\u00e4sn\u00e4olomme osalta toivomme l\u00f6yt\u00e4v\u00e4mme mahdollisimman pian vihreit\u00e4 hosting-palveluita tarjoavia vaihtoehtoja, jotka k\u00e4ytt\u00e4isiv\u00e4t uusiutuvia energial\u00e4hteit\u00e4.<\/p>\n<p>Markkinointimateriaalimme pakataan ymp\u00e4rist\u00f6yst\u00e4v\u00e4llisiin materiaaleihin ja pyrimme l\u00f6yt\u00e4m\u00e4\u00e4n yhteisty\u00f6kumppaneita, jotka jakavat kanssamme saman sitoutumuksen ymp\u00e4rist\u00f6yst\u00e4v\u00e4llisiin k\u00e4yt\u00e4nt\u00f6ihin.<\/p>\n<p>Vihre\u00e4 siirtym\u00e4 on matka, jota me kaikki kuljemme yhdess\u00e4 p\u00e4iv\u00e4 kerrallaan. Pyrimme jatkuvasti l\u00f6yt\u00e4m\u00e4\u00e4n uusia tapoja, joilla voisimme olla entist\u00e4 luontoyst\u00e4v\u00e4llisempi\u00e4.<\/p>[\/et_pb_text][\/et_pb_column][\/et_pb_row][et_pb_row column_structure=&#8221;1_2,1_2&#8243; _builder_version=&#8221;4.20.4&#8243; _module_preset=&#8221;default&#8221; global_colors_info=&#8221;{}&#8221;][et_pb_column type=&#8221;1_2&#8243; _builder_version=&#8221;4.20.4&#8243; _module_preset=&#8221;default&#8221; global_colors_info=&#8221;{}&#8221;][et_pb_button button_url=&#8221;https:\/\/blogi.eoppimispalvelut.fi\/polargate\/ammattilaisemme\/&#8221; button_text=&#8221;Ammattilaisemme&#8221; _builder_version=&#8221;4.20.4&#8243; _module_preset=&#8221;default&#8221; global_colors_info=&#8221;{}&#8221;][\/et_pb_button][\/et_pb_column][et_pb_column type=&#8221;1_2&#8243; _builder_version=&#8221;4.20.4&#8243; _module_preset=&#8221;default&#8221; global_colors_info=&#8221;{}&#8221;][et_pb_button button_url=&#8221;https:\/\/blogi.eoppimispalvelut.fi\/polargate\/mista-kaantaminen-alkaa\/&#8221; button_text=&#8221;Mist\u00e4 k\u00e4\u00e4nt\u00e4minen alkaa&#8221; _builder_version=&#8221;4.20.4&#8243; _module_preset=&#8221;default&#8221; global_colors_info=&#8221;{}&#8221;][\/et_pb_button][\/et_pb_column][\/et_pb_row][\/et_pb_section][et_pb_section fb_built=&#8221;1&#8243; _builder_version=&#8221;4.20.4&#8243; _module_preset=&#8221;default&#8221; min_height=&#8221;100px&#8221; height=&#8221;802px&#8221; max_height=&#8221;139px&#8221; global_colors_info=&#8221;{}&#8221;][et_pb_row column_structure=&#8221;1_2,1_2&#8243; _builder_version=&#8221;4.20.4&#8243; _module_preset=&#8221;default&#8221; custom_margin=&#8221;0px||||false|false&#8221; custom_padding=&#8221;0px||||false|false&#8221; global_colors_info=&#8221;{}&#8221;][et_pb_column type=&#8221;1_2&#8243; _builder_version=&#8221;4.20.4&#8243; _module_preset=&#8221;default&#8221; global_colors_info=&#8221;{}&#8221;][et_pb_menu menu_id=&#8221;37&#8243; submenu_direction=&#8221;upwards&#8221; _builder_version=&#8221;4.20.4&#8243; _module_preset=&#8221;default&#8221; global_colors_info=&#8221;{}&#8221;][\/et_pb_menu][\/et_pb_column][et_pb_column type=&#8221;1_2&#8243; _builder_version=&#8221;4.20.4&#8243; _module_preset=&#8221;default&#8221; global_colors_info=&#8221;{}&#8221;][et_pb_button button_url=&#8221;https:\/\/blogi.eoppimispalvelut.fi\/polargate\/about-us\/&#8221; button_text=&#8221;In English&#8221; button_alignment=&#8221;right&#8221; _builder_version=&#8221;4.20.4&#8243; _module_preset=&#8221;default&#8221; global_colors_info=&#8221;{}&#8221;][\/et_pb_button][\/et_pb_column][\/et_pb_row][\/et_pb_section]<!-- \/wp:freeform -->","protected":false},"excerpt":{"rendered":"<p>Keit\u00e4 me olemme? &nbsp; Olemme pieni, mutta asian osaava, innostunut tiimi, joka ty\u00f6skentelee Arctic Valleyst\u00e4 k\u00e4sin. Monikulttuurisessa ymp\u00e4rist\u00f6ss\u00e4 toimiminen ja maailman n\u00e4keminen on meid\u00e4n intohimomme, toivomme voivamme antaa sinulle osan t\u00e4st\u00e4 innostuksestamme. Otamme ilolla vastaan kaikki mahdolliset kielelliset ja kulttuurilliset haasteet. &nbsp; Mit\u00e4 me teemme? &nbsp; Autamme asiakkaitamme tavoittamaan kansainv\u00e4lisen yleis\u00f6n nopeasti ja vaivattomasti. Polargate [&hellip;]<\/p>\n","protected":false},"author":43223,"featured_media":0,"parent":0,"menu_order":0,"comment_status":"closed","ping_status":"closed","template":"","meta":{"_acf_changed":false,"_et_pb_use_builder":"on","_et_pb_old_content":"","_et_gb_content_width":"","footnotes":""},"class_list":["post-53191","page","type-page","status-publish","hentry"],"acf":[],"_links":{"self":[{"href":"https:\/\/blogi.eoppimispalvelut.fi\/polargate\/wp-json\/wp\/v2\/pages\/53191","targetHints":{"allow":["GET"]}}],"collection":[{"href":"https:\/\/blogi.eoppimispalvelut.fi\/polargate\/wp-json\/wp\/v2\/pages"}],"about":[{"href":"https:\/\/blogi.eoppimispalvelut.fi\/polargate\/wp-json\/wp\/v2\/types\/page"}],"author":[{"embeddable":true,"href":"https:\/\/blogi.eoppimispalvelut.fi\/polargate\/wp-json\/wp\/v2\/users\/43223"}],"replies":[{"embeddable":true,"href":"https:\/\/blogi.eoppimispalvelut.fi\/polargate\/wp-json\/wp\/v2\/comments?post=53191"}],"version-history":[{"count":12,"href":"https:\/\/blogi.eoppimispalvelut.fi\/polargate\/wp-json\/wp\/v2\/pages\/53191\/revisions"}],"predecessor-version":[{"id":53372,"href":"https:\/\/blogi.eoppimispalvelut.fi\/polargate\/wp-json\/wp\/v2\/pages\/53191\/revisions\/53372"}],"wp:attachment":[{"href":"https:\/\/blogi.eoppimispalvelut.fi\/polargate\/wp-json\/wp\/v2\/media?parent=53191"}],"curies":[{"name":"wp","href":"https:\/\/api.w.org\/{rel}","templated":true}]}}