{"id":2,"date":"2015-08-27T10:59:29","date_gmt":"2015-08-27T07:59:29","guid":{"rendered":"https:\/\/blogi.eoppimispalvelut.fi\/reittimerkinnat\/?page_id=2"},"modified":"2018-09-05T13:08:43","modified_gmt":"2018-09-05T10:08:43","slug":"esimerkkisivu","status":"publish","type":"page","link":"https:\/\/blogi.eoppimispalvelut.fi\/reittimerkinnat\/","title":{"rendered":"REILA reittimerkint\u00f6jen turvallisuus, pilottialueena Lappi 2015 &#8211; 2018"},"content":{"rendered":"<h3>Hankkeen sivustoa ei en\u00e4\u00e4 p\u00e4ivitet\u00e4. Uusi sivusto <a href=\"http:\/\/www.reittimerkinnat.fi\" target=\"_blank\" rel=\"noopener\">www.reittimerkinnat.fi<\/a><\/h3>\n<hr \/>\n<p>REILA -hankkeen tavoitteena on vahvistaa maasto- ja ulkoilureittien luotettavuutta.<\/p>\n<p>Tuloksia ovat<\/p>\n<ul>\n<li>yhten\u00e4iset pelastus- ja paikannusmerkinn\u00e4t, jotka hyv\u00e4ksyt\u00e4\u00e4n sek\u00e4 alueelliseksi ett\u00e4 kansalliseksi k\u00e4yt\u00e4nn\u00f6ksi<\/li>\n<li>ohjeistus turvallisiksi ja asiakasl\u00e4ht\u00f6isiksi maastomerkinn\u00f6iksi<\/li>\n<li>riskiperusteisen reittisuunnittelun malli<\/li>\n<li>reittikartoitukset ja riskiperusteiset reittimerkint\u00e4suunnitelmat kunnissa<\/li>\n<li>tietopankki, johon on koottu tietoa reittien turvallisuuteen, merkint\u00f6ihin ja toimijaverkostoon liittyen<\/li>\n<\/ul>\n<p>REILA-hanketta vied\u00e4\u00e4n eteenp\u00e4in Lapin Pelastuslaitoksen, Mets\u00e4hallituksen ja Lapin AMK\/MTIn vet\u00e4m\u00e4n\u00e4. Yhteyshenkil\u00f6t ovat:<\/p>\n<ul>\n<li><strong>Lapin AMK\/Matkailualan tutkimus- ja koulutusinstituutti (MTI), <\/strong>p\u00e4\u00e4toteuttaja, s\u00e4hk\u00f6postit etunimi.sukunimi@lapinamk.fi\n<ul>\n<li>Sini Kestil\u00e4, projektip\u00e4\u00e4llikk\u00f6, 040\u00a0703 0678<\/li>\n<li>Eija Raasakka, asiantuntija, 040\u00a0709 8160<\/li>\n<\/ul>\n<\/li>\n<li><strong>Lapin Pelastuslaitos<\/strong>, s\u00e4hk\u00f6posti etunimi.sukunimi@lapinpelastuslaitos.fi\n<ul>\n<li>Pekka V\u00e4liheikki, toimialuep\u00e4\u00e4llikk\u00f6, 040 594 8076<\/li>\n<\/ul>\n<\/li>\n<li><strong>Mets\u00e4hallitus Luontopalvelut<\/strong>, s\u00e4hk\u00f6posti etunimi.sukunimi@metsa.fi\n<ul>\n<li>Erkki Ollila, asiantuntija, 040 527 0069<\/li>\n<\/ul>\n<\/li>\n<\/ul>\n<p><a href=\"https:\/\/blogi.eoppimispalvelut.fi\/reittimerkinnat\/hanke\/\">Lis\u00e4\u00e4 hankkeesta &gt;<\/a><\/p>\n<hr \/>\n<p>&nbsp;<\/p>\n","protected":false},"excerpt":{"rendered":"<p>Hankkeen sivustoa ei en\u00e4\u00e4 p\u00e4ivitet\u00e4. Uusi sivusto www.reittimerkinnat.fi REILA -hankkeen tavoitteena on vahvistaa maasto- ja ulkoilureittien luotettavuutta. Tuloksia ovat yhten\u00e4iset pelastus- ja paikannusmerkinn\u00e4t, jotka hyv\u00e4ksyt\u00e4\u00e4n sek\u00e4 alueelliseksi ett\u00e4 kansalliseksi k\u00e4yt\u00e4nn\u00f6ksi ohjeistus turvallisiksi ja asiakasl\u00e4ht\u00f6isiksi maastomerkinn\u00f6iksi riskiperusteisen reittisuunnittelun malli reittikartoitukset ja riskiperusteiset reittimerkint\u00e4suunnitelmat kunnissa tietopankki, johon on koottu tietoa reittien turvallisuuteen, merkint\u00f6ihin ja toimijaverkostoon liittyen REILA-hanketta [&hellip;]<\/p>\n","protected":false},"author":31,"featured_media":0,"parent":0,"menu_order":0,"comment_status":"closed","ping_status":"closed","template":"","meta":{"footnotes":""},"class_list":["post-2","page","type-page","status-publish","hentry"],"_links":{"self":[{"href":"https:\/\/blogi.eoppimispalvelut.fi\/reittimerkinnat\/wp-json\/wp\/v2\/pages\/2","targetHints":{"allow":["GET"]}}],"collection":[{"href":"https:\/\/blogi.eoppimispalvelut.fi\/reittimerkinnat\/wp-json\/wp\/v2\/pages"}],"about":[{"href":"https:\/\/blogi.eoppimispalvelut.fi\/reittimerkinnat\/wp-json\/wp\/v2\/types\/page"}],"author":[{"embeddable":true,"href":"https:\/\/blogi.eoppimispalvelut.fi\/reittimerkinnat\/wp-json\/wp\/v2\/users\/31"}],"replies":[{"embeddable":true,"href":"https:\/\/blogi.eoppimispalvelut.fi\/reittimerkinnat\/wp-json\/wp\/v2\/comments?post=2"}],"version-history":[{"count":29,"href":"https:\/\/blogi.eoppimispalvelut.fi\/reittimerkinnat\/wp-json\/wp\/v2\/pages\/2\/revisions"}],"predecessor-version":[{"id":1670,"href":"https:\/\/blogi.eoppimispalvelut.fi\/reittimerkinnat\/wp-json\/wp\/v2\/pages\/2\/revisions\/1670"}],"wp:attachment":[{"href":"https:\/\/blogi.eoppimispalvelut.fi\/reittimerkinnat\/wp-json\/wp\/v2\/media?parent=2"}],"curies":[{"name":"wp","href":"https:\/\/api.w.org\/{rel}","templated":true}]}}