{"id":256,"date":"2019-10-04T15:46:04","date_gmt":"2019-10-04T12:46:04","guid":{"rendered":"https:\/\/blogi.eoppimispalvelut.fi\/restartup\/?page_id=256"},"modified":"2019-11-14T12:36:15","modified_gmt":"2019-11-14T10:36:15","slug":"tornio","status":"publish","type":"page","link":"https:\/\/blogi.eoppimispalvelut.fi\/restartup\/alueidentoimijat\/tornio\/","title":{"rendered":"Tornio"},"content":{"rendered":"<p>Tornion Team Botnia Oy:ss\u00e4 omistajanvaihdokset on jaettu kahdelle ihmiselle. Myyjien palveluista vastaa Tiina Pelimanni ja ostajien palveluista Kimmo Nurmos. Yritt\u00e4jyyden alkumetreilla tarjottava tuki eli starttiraha k\u00e4sitell\u00e4\u00e4n Business Oulun toimesta.<\/p>\n<p>Team Botnian kautta kulkee noin 3 yrityskauppaa vuodessa.\u00a0 Ostajalle tarjottavia palveluita ovat liiketoimintasuunitelmissa avustaminen, erilaiset laskelmat ja sparraus muissa yritysasioissa.<\/p>\n<p>Tornion alueella perustetaan noin 100 uutta yrityst\u00e4 vuodessa. N\u00e4ist\u00e4 vain 3-5% on omistajanvaihdoksia.<\/p>\n<p>Kimmo Nurmos kuvaa ongelmaa: &#8221; Suurin osa myynniss\u00e4 olevista yrityksist\u00e4 on mikroyrityksi\u00e4, joiden liiketoiminta on p\u00e4\u00e4setty hiipumaan.&#8221;<\/p>\n<p>Team Botnialla on jotain palveluita myyjille, mutta toimivat yritykset ohjataan yleens\u00e4 maksullisten palveluiden piiriin.<\/p>\n<p>&#8220;N\u00e4iss\u00e4 palveluissa onnistuminen ei ole helppo laji. Yritt\u00e4jien valmius luopumiseen heittelee todella paljon. Nopeasti muuttuvassa yrityskent\u00e4ss\u00e4 yritt\u00e4j\u00e4nkin pit\u00e4\u00e4 olla hereill\u00e4 siin\u00e4, mit\u00e4 palveluita tarvitsee ja mit\u00e4 tietoja pit\u00e4\u00e4 olla valmiina, kun yrityst\u00e4 alkaa kaupitella&#8221;, kertaa Nurmos.<\/p>\n<p>&#8220;Jos yritys on myyntikunnossa ja omaisuus ja muut myyntier\u00e4t ovat asiantuntijan arvoimia, on ehdottomasti paras alku yritt\u00e4j\u00e4uralle yrityksen osto t\u00e4ysin uuden aloittamisen vaihtoehtona&#8221;, pohtii Kimmo Nurmos yrityskauppoja.<\/p>\n<p><a href=\"https:\/\/fi-fi.facebook.com\/bothnianbusinesshouse\/\">Bothnian Business House Facebook<\/a><\/p>\n<p><a href=\"https:\/\/www.bothnianbusiness.fi\/tietoa-meista\/team-botnia-oy-tornio\/\">Team Botnia Oy, Tornio<\/a><\/p>\n<h1><\/h1>\n<p>&nbsp;<\/p>\n","protected":false},"excerpt":{"rendered":"<p>Tornion Team Botnia Oy:ss\u00e4 omistajanvaihdokset on jaettu kahdelle ihmiselle. Myyjien palveluista vastaa Tiina Pelimanni ja ostajien palveluista Kimmo Nurmos. Yritt\u00e4jyyden alkumetreilla tarjottava tuki eli starttiraha k\u00e4sitell\u00e4\u00e4n Business Oulun toimesta. Team Botnian kautta kulkee noin 3 yrityskauppaa vuodessa.\u00a0 Ostajalle tarjottavia palveluita ovat liiketoimintasuunitelmissa avustaminen, erilaiset laskelmat ja sparraus muissa yritysasioissa. Tornion alueella perustetaan noin 100 uutta &hellip; <\/p>\n<p><a class=\"more-link btn\" href=\"https:\/\/blogi.eoppimispalvelut.fi\/restartup\/alueidentoimijat\/tornio\/\">Jatka lukemista<\/a><\/p>\n","protected":false},"author":3775,"featured_media":0,"parent":40,"menu_order":0,"comment_status":"closed","ping_status":"closed","template":"","meta":{"footnotes":""},"class_list":["post-256","page","type-page","status-publish","hentry","nodate","item-wrap"],"_links":{"self":[{"href":"https:\/\/blogi.eoppimispalvelut.fi\/restartup\/wp-json\/wp\/v2\/pages\/256","targetHints":{"allow":["GET"]}}],"collection":[{"href":"https:\/\/blogi.eoppimispalvelut.fi\/restartup\/wp-json\/wp\/v2\/pages"}],"about":[{"href":"https:\/\/blogi.eoppimispalvelut.fi\/restartup\/wp-json\/wp\/v2\/types\/page"}],"author":[{"embeddable":true,"href":"https:\/\/blogi.eoppimispalvelut.fi\/restartup\/wp-json\/wp\/v2\/users\/3775"}],"replies":[{"embeddable":true,"href":"https:\/\/blogi.eoppimispalvelut.fi\/restartup\/wp-json\/wp\/v2\/comments?post=256"}],"version-history":[{"count":4,"href":"https:\/\/blogi.eoppimispalvelut.fi\/restartup\/wp-json\/wp\/v2\/pages\/256\/revisions"}],"predecessor-version":[{"id":368,"href":"https:\/\/blogi.eoppimispalvelut.fi\/restartup\/wp-json\/wp\/v2\/pages\/256\/revisions\/368"}],"up":[{"embeddable":true,"href":"https:\/\/blogi.eoppimispalvelut.fi\/restartup\/wp-json\/wp\/v2\/pages\/40"}],"wp:attachment":[{"href":"https:\/\/blogi.eoppimispalvelut.fi\/restartup\/wp-json\/wp\/v2\/media?parent=256"}],"curies":[{"name":"wp","href":"https:\/\/api.w.org\/{rel}","templated":true}]}}