{"id":38,"date":"2019-05-13T13:20:03","date_gmt":"2019-05-13T10:20:03","guid":{"rendered":"https:\/\/blogi.eoppimispalvelut.fi\/restartup\/?page_id=38"},"modified":"2020-12-15T11:24:20","modified_gmt":"2020-12-15T09:24:20","slug":"yrityksen-myynti","status":"publish","type":"page","link":"https:\/\/blogi.eoppimispalvelut.fi\/restartup\/yrityksen-myynti\/","title":{"rendered":"Yrityksen myynti"},"content":{"rendered":"<div id=\"attachment_288\" style=\"width: 217px\" class=\"wp-caption alignright\"><a href=\"https:\/\/blogi.eoppimispalvelut.fi\/restartup\/yrityksen-myynti\/myynti\/\"><img loading=\"lazy\" decoding=\"async\" aria-describedby=\"caption-attachment-288\" class=\"wp-image-288\" src=\"https:\/\/blogi.eoppimispalvelut.fi\/restartup\/files\/2019\/10\/myynnintyokalu-300x285.png\" alt=\"linkki lomakkeeseen\" width=\"217\" height=\"206\" srcset=\"https:\/\/blogi.eoppimispalvelut.fi\/restartup\/files\/2019\/10\/myynnintyokalu-300x285.png 300w, https:\/\/blogi.eoppimispalvelut.fi\/restartup\/files\/2019\/10\/myynnintyokalu.png 385w\" sizes=\"auto, (max-width: 217px) 100vw, 217px\" \/><\/a><p id=\"caption-attachment-288\" class=\"wp-caption-text\">Ennen myynti\u00e4 yritt\u00e4j\u00e4 joutuu miettim\u00e4\u00e4n monia asioita. T\u00e4st\u00e4 linkist\u00e4 p\u00e4\u00e4see ty\u00f6lomakkeeseen, jossa ker\u00e4t\u00e4\u00e4n tarvittavia tietoja.<\/p><\/div>\n<p><img loading=\"lazy\" decoding=\"async\" class=\"alignleft size-medium wp-image-158\" src=\"https:\/\/blogi.eoppimispalvelut.fi\/restartup\/files\/2019\/09\/RestartUp_polku_kuva_myyja_web_72_RGB-213x300.png\" alt=\"\" width=\"213\" height=\"300\" srcset=\"https:\/\/blogi.eoppimispalvelut.fi\/restartup\/files\/2019\/09\/RestartUp_polku_kuva_myyja_web_72_RGB-213x300.png 213w, https:\/\/blogi.eoppimispalvelut.fi\/restartup\/files\/2019\/09\/RestartUp_polku_kuva_myyja_web_72_RGB.png 597w\" sizes=\"auto, (max-width: 213px) 100vw, 213px\" \/><\/p>\n","protected":false},"excerpt":{"rendered":"","protected":false},"author":542,"featured_media":0,"parent":0,"menu_order":3,"comment_status":"closed","ping_status":"closed","template":"","meta":{"footnotes":""},"class_list":["post-38","page","type-page","status-publish","hentry","nodate","item-wrap"],"_links":{"self":[{"href":"https:\/\/blogi.eoppimispalvelut.fi\/restartup\/wp-json\/wp\/v2\/pages\/38","targetHints":{"allow":["GET"]}}],"collection":[{"href":"https:\/\/blogi.eoppimispalvelut.fi\/restartup\/wp-json\/wp\/v2\/pages"}],"about":[{"href":"https:\/\/blogi.eoppimispalvelut.fi\/restartup\/wp-json\/wp\/v2\/types\/page"}],"author":[{"embeddable":true,"href":"https:\/\/blogi.eoppimispalvelut.fi\/restartup\/wp-json\/wp\/v2\/users\/542"}],"replies":[{"embeddable":true,"href":"https:\/\/blogi.eoppimispalvelut.fi\/restartup\/wp-json\/wp\/v2\/comments?post=38"}],"version-history":[{"count":36,"href":"https:\/\/blogi.eoppimispalvelut.fi\/restartup\/wp-json\/wp\/v2\/pages\/38\/revisions"}],"predecessor-version":[{"id":388,"href":"https:\/\/blogi.eoppimispalvelut.fi\/restartup\/wp-json\/wp\/v2\/pages\/38\/revisions\/388"}],"wp:attachment":[{"href":"https:\/\/blogi.eoppimispalvelut.fi\/restartup\/wp-json\/wp\/v2\/media?parent=38"}],"curies":[{"name":"wp","href":"https:\/\/api.w.org\/{rel}","templated":true}]}}