{"id":42,"date":"2019-05-13T13:20:03","date_gmt":"2019-05-13T10:20:03","guid":{"rendered":"https:\/\/blogi.eoppimispalvelut.fi\/restartup\/?page_id=42"},"modified":"2020-12-15T11:25:05","modified_gmt":"2020-12-15T09:25:05","slug":"info","status":"publish","type":"page","link":"https:\/\/blogi.eoppimispalvelut.fi\/restartup\/info\/","title":{"rendered":"Infoa hankkeesta"},"content":{"rendered":"<p>Omistajanvaihdos on monella tasolla vaativa ja aikaa viev\u00e4 prosessi, jonka k\u00e4ynnistyminen vaatii monenlaista kypsyttely\u00e4 ja pohdintaa.\u00a0 ReStartUp-hanke auttaa yrityksest\u00e4 luopumista harkitsevia ja potentiaalisia jatkajia l\u00f6yt\u00e4m\u00e4\u00e4n toisensa, ja tuottaa omistajanvaihdosprosessia tukevaa sis\u00e4lt\u00f6\u00e4 yhdess\u00e4 verkostonsa kanssa.<\/p>\n<p>\u2022 UUTTA TIETOA JA OSAAMISTA<br \/>\nomistajanvaihdokseen liittyen<\/p>\n<p>\u2022 MATCHMAKING -TILAISUUKSIA<br \/>\ntoisten yritt\u00e4jien ja potentiaalisten jatkajien kanssa<\/p>\n<p>\u2022 TY\u00d6PAJOJA<br \/>\nsek\u00e4 yritt\u00e4jille, potentiaalisille jatkajille ett\u00e4<br \/>\nomistajanvaihdosprosessista kiinnostuneille opiskelijoille<\/p>\n<p>\u2022 YHTEYS ORGANISAATIOIHIN,<br \/>\njotka toimivat omistajanvaihdoksen parissa<\/p>\n<p><em>Hanke saa rahoitusta Euroopan Unionilta ja toteutetaan yhteisty\u00f6ss\u00e4 <a href=\"https:\/\/www.ulapland.fi\/FI\">Lapin yliopiston<\/a>, <a href=\"https:\/\/www.redu.fi\/fi\/Etusivu\">REDU:n<\/a>, <a href=\"https:\/\/www.lapinamk.fi\/fi\">Lapin AMK:n<\/a> ja aluetoimijoiden kanssa. Euroopan Unioni. Euroopan aluekehitysrahasto. Kest\u00e4v\u00e4\u00e4 kasvua ja ty\u00f6t\u00e4 2014-2020. Suomen rakennerahasto-ohjelma. Lapin liitto. Vipuvoimaa EU:lta 2014-2020. EU-tuen osuus 254 352 euroa. Kokonaisrahoitus 363360 euroa.<\/em><\/p>\n<p>Lis\u00e4tietoa:<br \/>\nIlkka Haavikko<br \/>\nProjektip\u00e4\u00e4llikk\u00f6<br \/>\nReStartUp \u2013 Uusi startti yritykselle<br \/>\nLapin yliopisto | Yhteiskuntatieteiden tiedekunta<br \/>\nilkka.haavikko@ulapland.fi | +358 (0)40\u00a0484 4054<br \/>\nYliopistonkatu 8 | PL 122<br \/>\nFI-96101 ROVANIEMI<\/p>\n","protected":false},"excerpt":{"rendered":"<p>Omistajanvaihdos on monella tasolla vaativa ja aikaa viev\u00e4 prosessi, jonka k\u00e4ynnistyminen vaatii monenlaista kypsyttely\u00e4 ja pohdintaa.\u00a0 ReStartUp-hanke auttaa yrityksest\u00e4 luopumista harkitsevia ja potentiaalisia jatkajia l\u00f6yt\u00e4m\u00e4\u00e4n toisensa, ja tuottaa omistajanvaihdosprosessia tukevaa sis\u00e4lt\u00f6\u00e4 yhdess\u00e4 verkostonsa kanssa. \u2022 UUTTA TIETOA JA OSAAMISTA omistajanvaihdokseen liittyen \u2022 MATCHMAKING -TILAISUUKSIA toisten yritt\u00e4jien ja potentiaalisten jatkajien kanssa \u2022 TY\u00d6PAJOJA sek\u00e4 yritt\u00e4jille, potentiaalisille &hellip; <\/p>\n<p><a class=\"more-link btn\" href=\"https:\/\/blogi.eoppimispalvelut.fi\/restartup\/info\/\">Jatka lukemista<\/a><\/p>\n","protected":false},"author":542,"featured_media":0,"parent":0,"menu_order":7,"comment_status":"closed","ping_status":"closed","template":"","meta":{"footnotes":""},"class_list":["post-42","page","type-page","status-publish","hentry","nodate","item-wrap"],"_links":{"self":[{"href":"https:\/\/blogi.eoppimispalvelut.fi\/restartup\/wp-json\/wp\/v2\/pages\/42","targetHints":{"allow":["GET"]}}],"collection":[{"href":"https:\/\/blogi.eoppimispalvelut.fi\/restartup\/wp-json\/wp\/v2\/pages"}],"about":[{"href":"https:\/\/blogi.eoppimispalvelut.fi\/restartup\/wp-json\/wp\/v2\/types\/page"}],"author":[{"embeddable":true,"href":"https:\/\/blogi.eoppimispalvelut.fi\/restartup\/wp-json\/wp\/v2\/users\/542"}],"replies":[{"embeddable":true,"href":"https:\/\/blogi.eoppimispalvelut.fi\/restartup\/wp-json\/wp\/v2\/comments?post=42"}],"version-history":[{"count":10,"href":"https:\/\/blogi.eoppimispalvelut.fi\/restartup\/wp-json\/wp\/v2\/pages\/42\/revisions"}],"predecessor-version":[{"id":610,"href":"https:\/\/blogi.eoppimispalvelut.fi\/restartup\/wp-json\/wp\/v2\/pages\/42\/revisions\/610"}],"wp:attachment":[{"href":"https:\/\/blogi.eoppimispalvelut.fi\/restartup\/wp-json\/wp\/v2\/media?parent=42"}],"curies":[{"name":"wp","href":"https:\/\/api.w.org\/{rel}","templated":true}]}}