{"id":654,"date":"2020-12-21T09:18:51","date_gmt":"2020-12-21T07:18:51","guid":{"rendered":"https:\/\/blogi.eoppimispalvelut.fi\/restartup\/?page_id=654"},"modified":"2020-12-21T10:26:14","modified_gmt":"2020-12-21T08:26:14","slug":"julkaisu","status":"publish","type":"page","link":"https:\/\/blogi.eoppimispalvelut.fi\/restartup\/omistajanvaihdos\/julkaisu\/","title":{"rendered":"Julkaisu: Yrityksen omistajanvaihdos myyj\u00e4n ja ostajan n\u00e4k\u00f6kulmasta"},"content":{"rendered":"<p>ReStartUp-hankkeen loppujulkaisu (2020):<br \/>\nReStartUp \u2013 Uusi startti yritykselle \u2022 Yrityksen omistajanvaihdos myyj\u00e4n ja ostajan n\u00e4k\u00f6kulmasta \u2022<\/p>\n<div class=\"embed-container\">\n<div data-url=\"https:\/\/issuu.com\/lapinamk\/docs\/b_16_2020_merivirta_restartup\" style=\"width: 1020px; height: 725px;\" class=\"issuuembed\"><\/div>\n<p><script type=\"text\/javascript\" src=\"\/\/e.issuu.com\/embed.js\" async=\"true\"><\/script><\/div>\n","protected":false},"excerpt":{"rendered":"<p>ReStartUp-hankkeen loppujulkaisu (2020): ReStartUp \u2013 Uusi startti yritykselle \u2022 Yrityksen omistajanvaihdos myyj\u00e4n ja ostajan n\u00e4k\u00f6kulmasta \u2022<\/p>\n","protected":false},"author":594,"featured_media":0,"parent":577,"menu_order":1,"comment_status":"closed","ping_status":"closed","template":"","meta":{"footnotes":""},"class_list":["post-654","page","type-page","status-publish","hentry","nodate","item-wrap"],"_links":{"self":[{"href":"https:\/\/blogi.eoppimispalvelut.fi\/restartup\/wp-json\/wp\/v2\/pages\/654","targetHints":{"allow":["GET"]}}],"collection":[{"href":"https:\/\/blogi.eoppimispalvelut.fi\/restartup\/wp-json\/wp\/v2\/pages"}],"about":[{"href":"https:\/\/blogi.eoppimispalvelut.fi\/restartup\/wp-json\/wp\/v2\/types\/page"}],"author":[{"embeddable":true,"href":"https:\/\/blogi.eoppimispalvelut.fi\/restartup\/wp-json\/wp\/v2\/users\/594"}],"replies":[{"embeddable":true,"href":"https:\/\/blogi.eoppimispalvelut.fi\/restartup\/wp-json\/wp\/v2\/comments?post=654"}],"version-history":[{"count":1,"href":"https:\/\/blogi.eoppimispalvelut.fi\/restartup\/wp-json\/wp\/v2\/pages\/654\/revisions"}],"predecessor-version":[{"id":655,"href":"https:\/\/blogi.eoppimispalvelut.fi\/restartup\/wp-json\/wp\/v2\/pages\/654\/revisions\/655"}],"up":[{"embeddable":true,"href":"https:\/\/blogi.eoppimispalvelut.fi\/restartup\/wp-json\/wp\/v2\/pages\/577"}],"wp:attachment":[{"href":"https:\/\/blogi.eoppimispalvelut.fi\/restartup\/wp-json\/wp\/v2\/media?parent=654"}],"curies":[{"name":"wp","href":"https:\/\/api.w.org\/{rel}","templated":true}]}}