{"id":16,"date":"2020-02-16T13:50:53","date_gmt":"2020-02-16T11:50:53","guid":{"rendered":"https:\/\/blogi.eoppimispalvelut.fi\/riskitriemuksi\/?page_id=16"},"modified":"2020-03-05T16:39:00","modified_gmt":"2020-03-05T14:39:00","slug":"tietoja-minusta","status":"publish","type":"page","link":"https:\/\/blogi.eoppimispalvelut.fi\/riskitriemuksi\/tietoja-minusta\/","title":{"rendered":"Tietoja minusta"},"content":{"rendered":"<p>Hei, olen toista vuotta <a href=\"https:\/\/www.lapinamk.fi\/fi\" target=\"_blank\" rel=\"noopener noreferrer\">Lapin amk:ssa<\/a> t\u00f6iden ohessa liiketaloutta opiskeleva aktiivinen nainen, jonka lapset ovat jo lent\u00e4neet pes\u00e4st\u00e4. Mieskin asuu t\u00e4ll\u00e4 hetkell\u00e4 t\u00f6iden vuoksi toisella paikkakunnalla, joten jaan arkeni meid\u00e4n 6-vuotiaan Niilo <a href=\"http:\/\/www.tiibetinspanielit.fi\/\" target=\"_blank\" rel=\"noopener noreferrer\">tiibetinspanielin<\/a> kanssa.<\/p>\n<p>P\u00e4\u00e4ty\u00f6ni teen virka-aikana talouspalveluiden parissa ja sivuty\u00f6n\u00e4 touhuan 2-3 p\u00e4iv\u00e4n\u00e4 viikossa <a href=\"https:\/\/tornionnv.sporttisaitti.com\/\" target=\"_blank\" rel=\"noopener noreferrer\">Tornion naisvoimistelijoiden<\/a> sek\u00e4 <a href=\"https:\/\/www.opistopalvelut.fi\/tornio\/course.php?l=fi&amp;t=1458\" target=\"_blank\" rel=\"noopener noreferrer\">Tornion kansalaisopiston <\/a>terveysliikuntaryhmien parissa. Opiskelujen lis\u00e4ksi vapaa-aikani kuluu lastenlasten, hevosurheilun, paritanssin ja matkustelun parissa.<\/p>\n<p>Riskit riemuksi blogi on el\u00e4m\u00e4ni ensimm\u00e4inen haparoiva askel kohti bloggauksen saloja. P\u00e4iv\u00e4kirjan pitokin on teinivuosina rajoittunut uteliaan pikkusiskon takia vain koulukirjojen sivujen laitaan, joten t\u00e4ysin mukavuusalueen ulkopuolella menn\u00e4\u00e4n.<\/p>\n<p>Tervetuloa mukaan t\u00e4lle matkalle kanssani, toivottavasti viihdyt seurassani \ud83d\ude0a<\/p>\n<p><img loading=\"lazy\" decoding=\"async\" class=\"alignleft wp-image-76 size-thumbnail\" style=\"color: #333333;float: left;quot;quot;quot;quot;,helvetica,arial,sans-serif;font-size: 16px;font-style: normal;font-variant: normal;font-weight: 400;height: auto;letter-spacing: normal;max-width: 100%;text-align: left;text-decoration: none;text-indent: 0px;text-transform: none;margin: 0.5em 1em 0.5em 0px\" src=\"https:\/\/blogi.eoppimispalvelut.fi\/riskitriemuksi\/files\/2020\/03\/IMG_3168-120x120.jpg\" alt=\"\" width=\"120\" height=\"120\" srcset=\"https:\/\/blogi.eoppimispalvelut.fi\/riskitriemuksi\/files\/2020\/03\/IMG_3168-120x120.jpg 120w, https:\/\/blogi.eoppimispalvelut.fi\/riskitriemuksi\/files\/2020\/03\/IMG_3168-100x100.jpg 100w\" sizes=\"auto, (max-width: 120px) 100vw, 120px\" \/><\/p>\n<p>Terkuin Tiia<\/p>\n","protected":false},"excerpt":{"rendered":"<p>Hei, olen toista vuotta Lapin amk:ssa t\u00f6iden ohessa liiketaloutta opiskeleva aktiivinen nainen, jonka lapset ovat jo lent\u00e4neet pes\u00e4st\u00e4. Mieskin asuu t\u00e4ll\u00e4 hetkell\u00e4 t\u00f6iden vuoksi toisella paikkakunnalla, joten jaan arkeni meid\u00e4n 6-vuotiaan Niilo tiibetinspanielin kanssa. P\u00e4\u00e4ty\u00f6ni teen virka-aikana talouspalveluiden parissa ja sivuty\u00f6n\u00e4 touhuan 2-3 p\u00e4iv\u00e4n\u00e4 viikossa Tornion naisvoimistelijoiden sek\u00e4 Tornion kansalaisopiston terveysliikuntaryhmien parissa. Opiskelujen lis\u00e4ksi vapaa-aikani &hellip; <\/p>\n<p class=\"link-more\"><a href=\"https:\/\/blogi.eoppimispalvelut.fi\/riskitriemuksi\/tietoja-minusta\/\" class=\"more-link\">Jatka lukemista<span class=\"screen-reader-text\"> &#8220;Tietoja minusta&#8221;<\/span><\/a><\/p>\n","protected":false},"author":4246,"featured_media":0,"parent":0,"menu_order":0,"comment_status":"closed","ping_status":"closed","template":"","meta":{"footnotes":""},"class_list":["post-16","page","type-page","status-publish","hentry"],"_links":{"self":[{"href":"https:\/\/blogi.eoppimispalvelut.fi\/riskitriemuksi\/wp-json\/wp\/v2\/pages\/16","targetHints":{"allow":["GET"]}}],"collection":[{"href":"https:\/\/blogi.eoppimispalvelut.fi\/riskitriemuksi\/wp-json\/wp\/v2\/pages"}],"about":[{"href":"https:\/\/blogi.eoppimispalvelut.fi\/riskitriemuksi\/wp-json\/wp\/v2\/types\/page"}],"author":[{"embeddable":true,"href":"https:\/\/blogi.eoppimispalvelut.fi\/riskitriemuksi\/wp-json\/wp\/v2\/users\/4246"}],"replies":[{"embeddable":true,"href":"https:\/\/blogi.eoppimispalvelut.fi\/riskitriemuksi\/wp-json\/wp\/v2\/comments?post=16"}],"version-history":[{"count":5,"href":"https:\/\/blogi.eoppimispalvelut.fi\/riskitriemuksi\/wp-json\/wp\/v2\/pages\/16\/revisions"}],"predecessor-version":[{"id":61,"href":"https:\/\/blogi.eoppimispalvelut.fi\/riskitriemuksi\/wp-json\/wp\/v2\/pages\/16\/revisions\/61"}],"wp:attachment":[{"href":"https:\/\/blogi.eoppimispalvelut.fi\/riskitriemuksi\/wp-json\/wp\/v2\/media?parent=16"}],"curies":[{"name":"wp","href":"https:\/\/api.w.org\/{rel}","templated":true}]}}