{"id":26,"date":"2023-03-31T07:09:55","date_gmt":"2023-03-31T07:09:55","guid":{"rendered":"https:\/\/blogi.eoppimispalvelut.fi\/saamsote\/?page_id=26"},"modified":"2025-09-17T12:11:03","modified_gmt":"2025-09-17T12:11:03","slug":"etusivu","status":"publish","type":"page","link":"https:\/\/blogi.eoppimispalvelut.fi\/saamsote\/","title":{"rendered":"Etusivu"},"content":{"rendered":"<p>[et_pb_section fb_built=&#8221;1&#8243; inner_shadow=&#8221;on&#8221; _builder_version=&#8221;4.27.4&#8243; _module_preset=&#8221;default&#8221; background_color=&#8221;#88C4DD&#8221; background_image=&#8221;https:\/\/blogi.eoppimispalvelut.fi\/saamsote\/files\/2025\/09\/Moodle-ylapalkki2.jpg&#8221; transform_scale=&#8221;105%|105%&#8221; width=&#8221;66%&#8221; max_width=&#8221;100%&#8221; module_alignment=&#8221;center&#8221; min_height=&#8221;282px&#8221; custom_margin=&#8221;|817px||||&#8221; custom_padding=&#8221;||0px|||&#8221; module_alignment_tablet=&#8221;center&#8221; module_alignment_phone=&#8221;center&#8221; module_alignment_last_edited=&#8221;on|desktop&#8221; border_radii=&#8221;on|8px|8px|8px|8px&#8221; box_shadow_style=&#8221;preset6&#8243; box_shadow_blur=&#8221;2px&#8221; global_colors_info=&#8221;{}&#8221;][et_pb_row _builder_version=&#8221;4.20.0&#8243; _module_preset=&#8221;default&#8221; global_colors_info=&#8221;{}&#8221;][et_pb_column type=&#8221;4_4&#8243; _builder_version=&#8221;4.20.0&#8243; _module_preset=&#8221;default&#8221; global_colors_info=&#8221;{}&#8221;][\/et_pb_column][\/et_pb_row][\/et_pb_section][et_pb_section fb_built=&#8221;1&#8243; _builder_version=&#8221;4.20.0&#8243; _module_preset=&#8221;default&#8221; custom_padding=&#8221;|0px|38px|||&#8221; global_colors_info=&#8221;{}&#8221;][et_pb_row _builder_version=&#8221;4.20.0&#8243; _module_preset=&#8221;default&#8221; global_colors_info=&#8221;{}&#8221;][et_pb_column type=&#8221;4_4&#8243; _builder_version=&#8221;4.20.0&#8243; _module_preset=&#8221;default&#8221; global_colors_info=&#8221;{}&#8221;][et_pb_text _builder_version=&#8221;4.20.4&#8243; _module_preset=&#8221;default&#8221; inline_fonts=&#8221;ABeeZee&#8221; global_colors_info=&#8221;{}&#8221;]<\/p>\n<h1><span data-contrast=\"auto\" xml:lang=\"FI-FI\" lang=\"FI-FI\" class=\"TextRun SCXW78555233 BCX0\" style=\"font-family: ABeeZee\"><span class=\"NormalTextRun SCXW78555233 BCX0\"><span data-contrast=\"none\" xml:lang=\"FI-FI\" lang=\"FI-FI\" class=\"TextRun SCXW72757066 BCX8\"><span class=\"NormalTextRun SpellingErrorV2Themed SCXW72757066 BCX8\">Ti\u00f5rv<\/span><span class=\"NormalTextRun SCXW72757066 BCX8\"> <\/span><span class=\"NormalTextRun SpellingErrorV2Themed SCXW72757066 BCX8\">pue\u02b9ttem<\/span><span class=\"NormalTextRun SCXW72757066 BCX8\">! | <\/span><span class=\"NormalTextRun SpellingErrorV2Themed SCXW72757066 BCX8\">Pyereest<\/span><span class=\"NormalTextRun SCXW72757066 BCX8\"> <\/span><span class=\"NormalTextRun SpellingErrorV2Themed SCXW72757066 BCX8\">pu\u00e1ttim<\/span><span class=\"NormalTextRun SCXW72757066 BCX8\">! | <\/span><span class=\"NormalTextRun SpellingErrorV2Themed SCXW72757066 BCX8\">Bures<\/span><span class=\"NormalTextRun SCXW72757066 BCX8\"> <\/span><span class=\"NormalTextRun SpellingErrorV2Themed SCXW72757066 BCX8\">boahtin<\/span><span class=\"NormalTextRun SCXW72757066 BCX8\">! | <\/span><span class=\"NormalTextRun SCXW72757066 BCX8\">Tervetuloa<\/span><span class=\"NormalTextRun SCXW72757066 BCX8\">!<\/span><\/span><span class=\"EOP SCXW72757066 BCX8\" data-ccp-props=\"{&quot;201341983&quot;:0,&quot;335559739&quot;:160,&quot;335559740&quot;:259}\">\u00a0<\/span>\u00a0<\/span><\/span><\/h1>\n<p>&nbsp;<\/p>\n<p>[\/et_pb_text][et_pb_text _builder_version=&#8221;4.27.4&#8243; _module_preset=&#8221;default&#8221; hover_enabled=&#8221;0&#8243; inline_fonts=&#8221;ABeeZee&#8221; global_colors_info=&#8221;{}&#8221; sticky_enabled=&#8221;0&#8243;]<\/p>\n<p><span style=\"font-family: ABeeZee;font-weight: normal;color: #666666;font-size: medium\"><strong>SaamSote &#8211; Kulttuurisensitiivisen koulutuksen<\/strong> <strong>yhteiskehitt\u00e4minen\u00a0saamelaisten\u00a0sosiaali-\u00a0ja\u00a0terveyspalveluille<\/strong><\/span><\/p>\n<p><span style=\"font-family: ABeeZee;font-weight: normal;color: #666666;font-size: medium\"><strong><\/strong><\/span><\/p>\n<p><span style=\"font-family: ABeeZee;font-weight: normal\">SaamSote-hankkeessa (OKM 2023-2025) suunnitellaan, pilotoidaan ja tuotetaan saamelaiskulttuurin l\u00e4ht\u00f6kohtia integroivia lis\u00e4koulutuksia sosiaali- ja terveysalalle. <span style=\"font-size: 14px\">Hankkeen kohderyhm\u00e4 on sosiaali- ja terveysalan henkil\u00f6st\u00f6, jotka kohtaavat tai voivat kohdata saamelaisia asiakkaita ty\u00f6ss\u00e4\u00e4n, sek\u00e4 alan opiskelijat<\/span><span style=\"font-size: 14px\">.<\/span><\/span><\/p>\n<p><span style=\"font-family: ABeeZee\">Koulutusten pilotoinnit alkoivat syksyll\u00e4 2024, jonka j\u00e4lkeen niit\u00e4 t\u00e4ydennet\u00e4\u00e4n palautteiden pohjalta. Vuoden 2025 aikana koulutukset tulevat auki osaksi avoimen ammattikorkeakoulun tarjontaa. T\u00e4st\u00e4 tiedotetaan lis\u00e4\u00e4 l\u00e4hemp\u00e4n\u00e4.<\/span><\/p>\n<p><span style=\"font-family: ABeeZee\">Lis\u00e4tietoja koulutuksista l\u00f6yd\u00e4t Koulutukset-v\u00e4lilehdelt\u00e4, voit my\u00f6s olla yhteydess\u00e4 hankkeen projektip\u00e4\u00e4llikk\u00f6\u00f6n tai ammattikorkeakoulujen koordinaattoreihin.<\/span><\/p>\n<p><span style=\"font-family: inherit\"><\/span><\/p>\n<p><span style=\"font-family: inherit\"><\/span><\/p>\n<p><span style=\"font-family: ABeeZee\"><strong>Lapin ammattikorkeakoulu<\/strong><\/span><\/p>\n<p><span style=\"font-family: ABeeZee\">Projektip\u00e4\u00e4llikk\u00f6 Mirka Kelahaara,\u00a0<span style=\"text-decoration: underline\"><span style=\"color: #333399\"><a href=\"mailto:mirka.kelahaara@lapinamk.fi,\" style=\"color: #333399;text-decoration: underline\">mirka.kelahaara@lapinamk.fi<\/a><\/span>\u00a0<\/span>040 619 7212<\/span><\/p>\n<p><span style=\"font-size: 14px;font-family: ABeeZee\"><\/span><\/p>\n<p><span style=\"font-size: 14px;font-family: ABeeZee\"><\/span><\/p>\n<p><span style=\"font-family: ABeeZee\"><strong>Oulun ammattikorkeakoulu<\/strong><\/span><\/p>\n<p><span style=\"font-family: ABeeZee\">Koordinaattori Tarja Tapio,\u00a0<span style=\"text-decoration: underline;color: #333399\"><a href=\"mailto:tarja.tapio@oamk.fi\" style=\"color: #333399;text-decoration: underline\">tarja.tapio@oamk.fi\u00a0<\/a><\/span>050 411 5668<\/span><\/p>\n<p><span style=\"font-family: ABeeZee\"><\/span><\/p>\n<p><span style=\"font-family: ABeeZee\"><\/span><\/p>\n<p><span style=\"font-family: ABeeZee\"><strong>DIAK, Diakonia ammattikorkeakoulu<\/strong><\/span><\/p>\n<p><span style=\"font-family: ABeeZee\">Koordinaattori Niina Patronen,\u00a0<span style=\"text-decoration: underline;color: #333399\"><a href=\"mailto:niina.patronen@diak.fi\" style=\"color: #333399;text-decoration: underline\">niina.patronen@diak.fi\u00a0<\/a><\/span>050 478 6797<\/span><\/p>\n<p>&nbsp;<\/p>\n<p>&nbsp;<\/p>\n<p><span data-contrast=\"auto\" xml:lang=\"FI-FI\" lang=\"FI-FI\" class=\"TextRun SCXW78555233 BCX0\"><span class=\"NormalTextRun SCXW78555233 BCX0\"><span data-contrast=\"none\" xml:lang=\"FI\" lang=\"FI\" class=\"TextRun SCXW44688825 BCX0\"><span class=\"NormalTextRun SCXW44688825 BCX0\">\u00a0<\/span><\/span><\/span><\/span><\/p>\n<p><span data-contrast=\"auto\" xml:lang=\"FI-FI\" lang=\"FI-FI\" class=\"TextRun SCXW78555233 BCX0\"><span class=\"NormalTextRun SCXW78555233 BCX0\"><span data-contrast=\"none\" xml:lang=\"FI\" lang=\"FI\" class=\"TextRun SCXW44688825 BCX0\"><span class=\"NormalTextRun SCXW44688825 BCX0\"><\/span><\/span><\/span><\/span><\/p>\n<p><span data-contrast=\"auto\" xml:lang=\"FI-FI\" lang=\"FI-FI\" class=\"TextRun SCXW78555233 BCX0\"><span class=\"NormalTextRun SCXW78555233 BCX0\"><span data-contrast=\"none\" xml:lang=\"FI\" lang=\"FI\" class=\"TextRun SCXW44688825 BCX0\"><span class=\"NormalTextRun SCXW44688825 BCX0\"><\/span><\/span><\/span><\/span><\/p>\n<p><span data-contrast=\"auto\" xml:lang=\"FI-FI\" lang=\"FI-FI\" class=\"TextRun SCXW78555233 BCX0\"><span class=\"NormalTextRun SCXW78555233 BCX0\"><span data-contrast=\"none\" xml:lang=\"FI\" lang=\"FI\" class=\"TextRun SCXW44688825 BCX0\"><span class=\"NormalTextRun SCXW44688825 BCX0\"><\/span><\/span><\/span><\/span><\/p>\n<p>[\/et_pb_text][et_pb_text _builder_version=&#8221;4.27.4&#8243; _module_preset=&#8221;default&#8221; global_colors_info=&#8221;{}&#8221;]<\/p>\n<p><em>Sivujen kuvitus: Ellen Maarit Juuso<\/em><\/p>\n<p>[\/et_pb_text][\/et_pb_column][\/et_pb_row][\/et_pb_section][et_pb_section fb_built=&#8221;1&#8243; _builder_version=&#8221;4.20.4&#8243; _module_preset=&#8221;default&#8221; background_color=&#8221;#88C4DD&#8221; global_colors_info=&#8221;{}&#8221;][et_pb_row _builder_version=&#8221;4.20.4&#8243; _module_preset=&#8221;default&#8221; global_colors_info=&#8221;{}&#8221;][et_pb_column type=&#8221;4_4&#8243; _builder_version=&#8221;4.20.4&#8243; _module_preset=&#8221;default&#8221; global_colors_info=&#8221;{}&#8221;][et_pb_text _builder_version=&#8221;4.20.4&#8243; _module_preset=&#8221;default&#8221; global_colors_info=&#8221;{}&#8221;]<\/p>\n<h1>Ajankohtaista<\/h1>\n<p>[\/et_pb_text][\/et_pb_column][\/et_pb_row][et_pb_row _builder_version=&#8221;4.20.4&#8243; _module_preset=&#8221;default&#8221; global_colors_info=&#8221;{}&#8221;][et_pb_column type=&#8221;4_4&#8243; _builder_version=&#8221;4.20.4&#8243; _module_preset=&#8221;default&#8221; global_colors_info=&#8221;{}&#8221;][et_pb_post_slider more_text=&#8221;Lue lis\u00e4\u00e4&#8221; _builder_version=&#8221;4.20.4&#8243; _module_preset=&#8221;default&#8221; global_colors_info=&#8221;{}&#8221;][\/et_pb_post_slider][\/et_pb_column][\/et_pb_row][\/et_pb_section]<\/p>\n","protected":false},"excerpt":{"rendered":"<p>Ti\u00f5rv pue\u02b9ttem! | Pyereest pu\u00e1ttim! | Bures boahtin! | Tervetuloa!\u00a0\u00a0 &nbsp;SaamSote &#8211; Kulttuurisensitiivisen koulutuksen yhteiskehitt\u00e4minen\u00a0saamelaisten\u00a0sosiaali-\u00a0ja\u00a0terveyspalveluille SaamSote-hankkeessa (OKM 2023-2025) suunnitellaan, pilotoidaan ja tuotetaan saamelaiskulttuurin l\u00e4ht\u00f6kohtia integroivia lis\u00e4koulutuksia sosiaali- ja terveysalalle. Hankkeen kohderyhm\u00e4 on sosiaali- ja terveysalan henkil\u00f6st\u00f6, jotka kohtaavat tai voivat kohdata saamelaisia asiakkaita ty\u00f6ss\u00e4\u00e4n, sek\u00e4 alan opiskelijat. Koulutusten pilotoinnit alkoivat syksyll\u00e4 2024, jonka j\u00e4lkeen niit\u00e4 [&hellip;]<\/p>\n","protected":false},"author":40575,"featured_media":0,"parent":0,"menu_order":0,"comment_status":"closed","ping_status":"closed","template":"","meta":{"_et_pb_use_builder":"on","_et_pb_old_content":"","_et_gb_content_width":"","footnotes":""},"class_list":["post-26","page","type-page","status-publish","hentry"],"_links":{"self":[{"href":"https:\/\/blogi.eoppimispalvelut.fi\/saamsote\/wp-json\/wp\/v2\/pages\/26","targetHints":{"allow":["GET"]}}],"collection":[{"href":"https:\/\/blogi.eoppimispalvelut.fi\/saamsote\/wp-json\/wp\/v2\/pages"}],"about":[{"href":"https:\/\/blogi.eoppimispalvelut.fi\/saamsote\/wp-json\/wp\/v2\/types\/page"}],"author":[{"embeddable":true,"href":"https:\/\/blogi.eoppimispalvelut.fi\/saamsote\/wp-json\/wp\/v2\/users\/40575"}],"replies":[{"embeddable":true,"href":"https:\/\/blogi.eoppimispalvelut.fi\/saamsote\/wp-json\/wp\/v2\/comments?post=26"}],"version-history":[{"count":45,"href":"https:\/\/blogi.eoppimispalvelut.fi\/saamsote\/wp-json\/wp\/v2\/pages\/26\/revisions"}],"predecessor-version":[{"id":634,"href":"https:\/\/blogi.eoppimispalvelut.fi\/saamsote\/wp-json\/wp\/v2\/pages\/26\/revisions\/634"}],"wp:attachment":[{"href":"https:\/\/blogi.eoppimispalvelut.fi\/saamsote\/wp-json\/wp\/v2\/media?parent=26"}],"curies":[{"name":"wp","href":"https:\/\/api.w.org\/{rel}","templated":true}]}}