{"id":376,"date":"2025-02-07T10:13:28","date_gmt":"2025-02-07T10:13:28","guid":{"rendered":"https:\/\/blogi.eoppimispalvelut.fi\/saamsote\/?page_id=376"},"modified":"2025-09-17T12:17:41","modified_gmt":"2025-09-17T12:17:41","slug":"saamelaiskulttuuri","status":"publish","type":"page","link":"https:\/\/blogi.eoppimispalvelut.fi\/saamsote\/saamelaiskulttuuri\/","title":{"rendered":"Saamelaiskulttuuri sosiaali- ja terveyspalveluissa"},"content":{"rendered":"<p>[et_pb_section fb_built=&#8221;1&#8243; _builder_version=&#8221;4.27.4&#8243; _module_preset=&#8221;default&#8221; global_colors_info=&#8221;{}&#8221;][et_pb_row _builder_version=&#8221;4.27.4&#8243; _module_preset=&#8221;default&#8221; global_colors_info=&#8221;{}&#8221;][et_pb_column type=&#8221;4_4&#8243; _builder_version=&#8221;4.27.4&#8243; _module_preset=&#8221;default&#8221; global_colors_info=&#8221;{}&#8221;][et_pb_text _builder_version=&#8221;4.27.4&#8243; _module_preset=&#8221;default&#8221; hover_enabled=&#8221;0&#8243; global_colors_info=&#8221;{}&#8221; sticky_enabled=&#8221;0&#8243;]<\/p>\n<h1><strong>Saamelaiskulttuuri, kielet ja asiakas sosiaali- ja terveyspalveluissa 5 op<\/strong><\/h1>\n<h2><\/h2>\n<h2><\/h2>\n<h2><\/h2>\n<h2>Tietoja koulutuksesta<\/h2>\n<p>Haluatko ymm\u00e4rt\u00e4\u00e4 paremmin saamelaiskulttuuria ja kieli\u00e4 ja n\u00e4iden merkityst\u00e4 sosiaali- ja terveysalalla? T\u00e4m\u00e4 itsen\u00e4isesti toteutettava verkkokurssi tarjoaa tietoa saamelaisuudesta, lains\u00e4\u00e4d\u00e4nn\u00f6st\u00e4 sek\u00e4 saamelaisen asiakkaan oikeuksista ja osallisuudesta sosiaali- ja terveyspalveluissa!<\/p>\n<div id=\"coursecard-realizations\">\n<div class=\"coursecard-realization active\">\n<div class=\"realization-content\">\n<div class=\"realization-subtitle\"><strong>Osaamistavoitteet<\/strong><\/div>\n<p>\u2022 Tied\u00e4t saamelaisen asiakkaan kanssa toimimista ohjaavan lains\u00e4\u00e4d\u00e4nn\u00f6n ja palveluj\u00e4rjestelm\u00e4n.<br \/>\u2022 Osaat tunnistaa saamelaisen asiakkaan tarpeet, vaikutusmahdollisuudet ja keinot osallisuutensa edist\u00e4miseen sosiaali- ja terveysalan palveluissa.<br \/>\u2022 Tied\u00e4t, ja osaat kuvata saamelaiskulttuurin ja -kielten piirteit\u00e4.<br \/>\u2022 Osaat tunnistaa ja tied\u00e4t saamelaiskulttuurin ja -kielten merkityksen asiakasty\u00f6ss\u00e4 sosiaali- ja terveyspalveluissa.<br \/>\u2022 Osaat hy\u00f6dynt\u00e4\u00e4 tulkkauspalveluita ja kulttuurisia tukihenkil\u00f6it\u00e4 saamelaisen asiakkaan kohtaamisessa sosiaali- ja terveyspalveluissa.<\/p>\n<div class=\"realization-subtitle\"><strong>Sis\u00e4lt\u00f6<\/strong><\/div>\n<p>Saamelaisuutta koskeva lains\u00e4\u00e4d\u00e4nt\u00f6, ja sosiaali- ja terveydenhuollon palveluj\u00e4rjestelm\u00e4 (1 op)<br \/>\u2022 lains\u00e4\u00e4d\u00e4nt\u00f6<br \/>\u2022 sosiaali- ja terveydenhuollon palveluj\u00e4rjestelm\u00e4<\/p>\n<p>Saamelaiskulttuurin piirteet (2 op)<br \/>\u2022 alkuper\u00e4iskansan m\u00e4\u00e4ritelm\u00e4<br \/>\u2022 saamelaiskulttuurin piirteit\u00e4<br \/>\u2022 kulttuurinen tukihenkil\u00f6<br \/>\u2022 kahdeksan vuodenaikaa<br \/>\u2022 saamelaisuus kaupungeissa<\/p>\n<p>Saamen kielet (2 op)<br \/>\u2022 Pohjoissaame, Inarinsaame ja Koltansaame<br \/>\u2022 kielen merkitys<br \/>\u2022 tulkin kanssa ty\u00f6skentely<br \/>\u2022 kielipes\u00e4-toiminta<\/p>\n<p>&nbsp;<\/p>\n<h2 id=\"coursecard-buttons\"><span style=\"text-decoration: underline;color: #333399\"><strong><a href=\"https:\/\/hakeutuminen-amk.peppi4.lapit.csc.fi\/web\/hakijan-tyopoyta\/opiskeluhaku#4986\" class=\"signup\" style=\"color: #333399;text-decoration: underline\">Ilmoittaudu<\/a><\/strong><\/span><\/h2>\n<\/div>\n<\/div>\n<\/div>\n<h2><\/h2>\n<h2><\/h2>\n<h2><\/h2>\n<h2>Lis\u00e4tiedot<\/h2>\n<p><span>Projektip\u00e4\u00e4llikk\u00f6 Mirka Kelahaara,\u00a0<\/span><span style=\"text-decoration: underline\"><span style=\"color: #333399\"><a href=\"mailto:mirka.kelahaara@lapinamk.fi,\" style=\"color: #333399;text-decoration: underline\">mirka.kelahaara@lapinamk.fi<\/a><\/span><\/span><span>\u00a0040 619 7212<\/span><\/p>\n<div id=\"ask-more\">\n<h1><\/h1>\n<h1><\/h1>\n<p>&nbsp;<\/p>\n<\/div>\n<p>[\/et_pb_text][\/et_pb_column][\/et_pb_row][\/et_pb_section]<\/p>\n","protected":false},"excerpt":{"rendered":"<p>Saamelaiskulttuuri, kielet ja asiakas sosiaali- ja terveyspalveluissa 5 op Tietoja koulutuksesta Haluatko ymm\u00e4rt\u00e4\u00e4 paremmin saamelaiskulttuuria ja kieli\u00e4 ja n\u00e4iden merkityst\u00e4 sosiaali- ja terveysalalla? T\u00e4m\u00e4 itsen\u00e4isesti toteutettava verkkokurssi tarjoaa tietoa saamelaisuudesta, lains\u00e4\u00e4d\u00e4nn\u00f6st\u00e4 sek\u00e4 saamelaisen asiakkaan oikeuksista ja osallisuudesta sosiaali- ja terveyspalveluissa! Osaamistavoitteet \u2022 Tied\u00e4t saamelaisen asiakkaan kanssa toimimista ohjaavan lains\u00e4\u00e4d\u00e4nn\u00f6n ja palveluj\u00e4rjestelm\u00e4n.\u2022 Osaat tunnistaa saamelaisen asiakkaan [&hellip;]<\/p>\n","protected":false},"author":40575,"featured_media":0,"parent":0,"menu_order":0,"comment_status":"closed","ping_status":"closed","template":"","meta":{"_et_pb_use_builder":"on","_et_pb_old_content":"","_et_gb_content_width":"","footnotes":""},"class_list":["post-376","page","type-page","status-publish","hentry"],"_links":{"self":[{"href":"https:\/\/blogi.eoppimispalvelut.fi\/saamsote\/wp-json\/wp\/v2\/pages\/376","targetHints":{"allow":["GET"]}}],"collection":[{"href":"https:\/\/blogi.eoppimispalvelut.fi\/saamsote\/wp-json\/wp\/v2\/pages"}],"about":[{"href":"https:\/\/blogi.eoppimispalvelut.fi\/saamsote\/wp-json\/wp\/v2\/types\/page"}],"author":[{"embeddable":true,"href":"https:\/\/blogi.eoppimispalvelut.fi\/saamsote\/wp-json\/wp\/v2\/users\/40575"}],"replies":[{"embeddable":true,"href":"https:\/\/blogi.eoppimispalvelut.fi\/saamsote\/wp-json\/wp\/v2\/comments?post=376"}],"version-history":[{"count":11,"href":"https:\/\/blogi.eoppimispalvelut.fi\/saamsote\/wp-json\/wp\/v2\/pages\/376\/revisions"}],"predecessor-version":[{"id":638,"href":"https:\/\/blogi.eoppimispalvelut.fi\/saamsote\/wp-json\/wp\/v2\/pages\/376\/revisions\/638"}],"wp:attachment":[{"href":"https:\/\/blogi.eoppimispalvelut.fi\/saamsote\/wp-json\/wp\/v2\/media?parent=376"}],"curies":[{"name":"wp","href":"https:\/\/api.w.org\/{rel}","templated":true}]}}