{"id":52,"date":"2023-05-04T06:17:32","date_gmt":"2023-05-04T06:17:32","guid":{"rendered":"https:\/\/blogi.eoppimispalvelut.fi\/saamsote\/?page_id=52"},"modified":"2025-09-17T12:13:47","modified_gmt":"2025-09-17T12:13:47","slug":"koulutukset","status":"publish","type":"page","link":"https:\/\/blogi.eoppimispalvelut.fi\/saamsote\/koulutukset\/","title":{"rendered":"Koulutukset"},"content":{"rendered":"<p>[et_pb_section fb_built=&#8221;1&#8243; _builder_version=&#8221;4.20.4&#8243; _module_preset=&#8221;default&#8221; global_colors_info=&#8221;{}&#8221;][et_pb_row _builder_version=&#8221;4.20.4&#8243; _module_preset=&#8221;default&#8221; global_colors_info=&#8221;{}&#8221;][et_pb_column type=&#8221;4_4&#8243; _builder_version=&#8221;4.20.4&#8243; _module_preset=&#8221;default&#8221; global_colors_info=&#8221;{}&#8221;][et_pb_text _builder_version=&#8221;4.20.4&#8243; _module_preset=&#8221;default&#8221; custom_padding=&#8221;||9px|||&#8221; inline_fonts=&#8221;ABeeZee&#8221; global_colors_info=&#8221;{}&#8221;]<\/p>\n<h1><span style=\"font-family: ABeeZee;font-weight: normal\">Koulutukset<\/span><\/h1>\n<p>[\/et_pb_text][et_pb_text _builder_version=&#8221;4.20.4&#8243; _module_preset=&#8221;default&#8221; inline_fonts=&#8221;ABeeZee&#8221; global_colors_info=&#8221;{}&#8221;]<\/p>\n<p><span style=\"font-family: ABeeZee\">Hankkeen aikana tuotetaan yhteens\u00e4 90 opintopisteen verran verkossa toteutettavia, aikaan ja paikkaan sitomattomia opintojaksoja. Jokainen ammattikorkeakoulu tuottaa 30 opintopisteen verran, 5-10 op laajuisia, ammattikorkeakoulutasoisia (EQF6-taso) koulutuksia. Hankkeen koulutuksista muodostuu n.30 op laajuisia temaattisia kokonaisuuksia. Ne on tarkoitettu pitk\u00e4kestoisiksi, jatkokehitett\u00e4viksi osiksi avoimen ammattikorkeakoulun opetustarjontaan.<\/span><\/p>\n<p><span style=\"font-family: ABeeZee\">Koulutusten pilotoinnit alkoivat syksyll\u00e4 2024, jonka j\u00e4lkeen niit\u00e4 t\u00e4ydennet\u00e4\u00e4n palautteiden pohjalta. Kes\u00e4st\u00e4 2025 alkaen koulutukset tulevat auki osaksi avoimen ammattikorkeakoulun tarjontaa, opin.fi koulutusalustalle. T\u00e4st\u00e4 tiedotetaan lis\u00e4\u00e4 l\u00e4hemp\u00e4n\u00e4.\u00a0<\/span><\/p>\n<p><span style=\"font-family: ABeeZee\">Hankkeen tulokset perustuvat saamelaisasiantuntemusta integroivan t\u00e4ydennyskoulutusten kehitt\u00e4misty\u00f6n kokemuksiin, sek\u00e4 niiden sis\u00e4ll\u00f6ist\u00e4 yhteiskehitt\u00e4misen mallin mukaisesti. Hanke luo my\u00f6s pohjaa tulevaisuuden koulutuksen kehitt\u00e4misen yhteisty\u00f6lle sen eri saamelaisten sidosryhmien sek\u00e4 rinnakkaishanketta toteuttavien, pohjoisen alueen yliopistojen kanssa.<\/span><\/p>\n<p><span style=\"font-family: ABeeZee\"><\/span><\/p>\n<p><span style=\"font-family: ABeeZee\">Lis\u00e4tietoja koulutuksista voi kysy\u00e4 hankkeen projektip\u00e4\u00e4llik\u00f6lt\u00e4 tai ammattikorkeakoulujen koordinaattoreilta.<\/span><\/p>\n<p>[\/et_pb_text][et_pb_text _builder_version=&#8221;4.27.4&#8243; _module_preset=&#8221;default&#8221; custom_padding=&#8221;11px|||||&#8221; hover_enabled=&#8221;0&#8243; inline_fonts=&#8221;ABeeZee&#8221; global_colors_info=&#8221;{}&#8221; sticky_enabled=&#8221;0&#8243;]<\/p>\n<p><span style=\"font-family: ABeeZee\"><strong>Lapin ammattikorkeakoulu<\/strong><\/span><\/p>\n<p><span style=\"font-family: ABeeZee\">Projektip\u00e4\u00e4llikk\u00f6 Mirka Kelahaara, <span style=\"text-decoration: underline;color: #333399\"><a href=\"mailto:mirka.kelahaara@lapinamk.fi,\" style=\"color: #333399;text-decoration: underline\">mirka.kelahaara@lapinamk.fi<\/a><\/span> 040 619 7212<\/span><\/p>\n<p><span style=\"font-family: ABeeZee\">Opintojaksot:<\/span><\/p>\n<ul>\n<li><a href=\"https:\/\/blogi.eoppimispalvelut.fi\/saamsote\/saamelaiskulttuuri\/\"><span style=\"font-family: ABeeZee;font-weight: normal\"><span style=\"text-decoration: underline;color: #333399\">Saamelaiskulttuuri, kielet ja asiakas sosiaali- ja terveyspalveluissa<\/span><\/span><\/a><\/li>\n<li><span style=\"text-decoration: underline;color: #333399\"><a href=\"https:\/\/blogi.eoppimispalvelut.fi\/saamsote\/kulttuurisensitiivisyys\/\" style=\"color: #333399;text-decoration: underline\"><span style=\"font-family: ABeeZee;font-weight: normal\">Kulttuurisensitiivisyys saamelaisten sosiaali- ja terveyspalveluissa<\/span><\/a><\/span><\/li>\n<li><span style=\"text-decoration: underline;color: #333399\"><a href=\"https:\/\/blogi.eoppimispalvelut.fi\/saamsote\/kotihoito\/\" style=\"color: #333399;text-decoration: underline\"><span style=\"font-family: ABeeZee;font-weight: normal\">Saamelaisen ik\u00e4\u00e4ntynen kotihoito ja muistisairauden huomioiminen<\/span><\/a><\/span><\/li>\n<li><span style=\"text-decoration: underline;color: #333399\"><a href=\"https:\/\/blogi.eoppimispalvelut.fi\/saamsote\/lapsiperhetyo\/\" style=\"color: #333399;text-decoration: underline\"><span style=\"font-family: ABeeZee;font-weight: normal\">Saamelainen lapsi- ja perhety\u00f6 sosiaali- ja terveyspalveluissa<\/span><\/a><\/span><\/li>\n<li><span style=\"text-decoration: underline;color: #333399\"><a href=\"https:\/\/blogi.eoppimispalvelut.fi\/saamsote\/seksuaaliterveys-2\/\" style=\"color: #333399;text-decoration: underline\"><span style=\"font-family: ABeeZee;font-weight: normal\">Seksuaalisuuden tukeminen saamelaisyhteis\u00f6iss\u00e4<\/span><\/a><\/span><\/li>\n<\/ul>\n<p><span style=\"font-family: ABeeZee;font-weight: normal\">\u00a0<\/span><\/p>\n<p><span style=\"font-family: ABeeZee;font-weight: normal\"><strong>Oulun ammattikorkeakoulu<\/strong><\/span><\/p>\n<p><span style=\"font-family: ABeeZee;font-weight: normal\">Koordinaattori Tarja Tapio, <span style=\"color: #333399\"><a href=\"mailto:tarja.tapio@oamk.fi\" style=\"color: #333399\"><span style=\"text-decoration: underline\">tarja.tapio@oamk.fi<\/span> <\/a><\/span>050 411 5668<\/span><\/p>\n<p><span style=\"font-family: ABeeZee;font-weight: normal\">Opintojaksot:<\/span><\/p>\n<ul>\n<li><a href=\"https:\/\/blogi.eoppimispalvelut.fi\/saamsote\/koulutukset\/mielenterveys-ja-paihdetyo\/\"><span style=\"font-family: ABeeZee;font-weight: normal\"><span style=\"text-decoration: underline\"><span style=\"color: #333399;text-decoration: underline\">Mielenterveys- ja p\u00e4ihdety\u00f6<\/span><\/span><\/span><\/a><\/li>\n<li><span style=\"text-decoration: underline\"><span style=\"color: #333399;text-decoration: underline\"><a href=\"https:\/\/blogi.eoppimispalvelut.fi\/saamsote\/koulutukset\/toimintaterapeuttinen-lapsiperheiden-ohjaus\/\" style=\"color: #333399;text-decoration: underline\"><span style=\"font-family: ABeeZee;font-weight: normal\">Toimintaterapeuttinen lapsiperheiden ohjaus<\/span><\/a><\/span><\/span><\/li>\n<li><span style=\"text-decoration: underline\"><span style=\"color: #333399;text-decoration: underline\"><a href=\"https:\/\/blogi.eoppimispalvelut.fi\/saamsote\/sosiaalialan-tyo-ikaantyvien-saamelaisten-kanssa-kulttuurigerontologinen-lahestymistapa\/\" style=\"color: #333399;text-decoration: underline\"><span style=\"font-family: ABeeZee;font-weight: normal\">Sosiaalialan ty\u00f6 ik\u00e4\u00e4ntyvien saamelaisten kanssa, kulttuurigerontologinen l\u00e4hestymistapa<\/span><\/a><\/span><\/span><\/li>\n<\/ul>\n<p><span style=\"font-family: ABeeZee;font-weight: normal\">\u00a0<\/span><\/p>\n<p><span style=\"font-family: ABeeZee;font-weight: normal\"><strong>DIAK, Diakonia ammattikorkeakoulu<\/strong><\/span><\/p>\n<p><span style=\"font-family: ABeeZee;font-weight: normal\">Koordinaattori Niina Patronen, <span style=\"text-decoration: underline\"><a href=\"mailto:niina.patronen@diak.fi\"><span style=\"color: #333399;text-decoration: underline\">niina.patronen@diak.fi<\/span> <\/a><\/span><u><\/u><a href=\"mailto:niina.patronen@diak.fi\"><\/a>050 478 6797<\/span><\/p>\n<p><span style=\"font-family: ABeeZee;font-weight: normal\">Opintojaksot:<\/span><\/p>\n<p><span style=\"font-family: ABeeZee;font-weight: normal\"><\/span><\/p>\n<ul>\n<li><a href=\"https:\/\/blogi.eoppimispalvelut.fi\/saamsote\/palliatiivinen-hoitotyo\/\"><span style=\"font-family: ABeeZee;font-weight: normal\"><span style=\"text-decoration: underline\"><span style=\"color: #333399;text-decoration: underline\">Palliatiivinen hoitoty\u00f6<\/span><\/span><\/span><\/a><\/li>\n<li><span style=\"text-decoration: underline\"><span style=\"color: #333399;text-decoration: underline\"><a href=\"https:\/\/blogi.eoppimispalvelut.fi\/saamsote\/yhteisorakentaminen\/\" style=\"color: #333399;text-decoration: underline\"><span style=\"font-family: ABeeZee;font-weight: normal\">Yhteis\u00f6rakentaminen<\/span><\/a><\/span><\/span><span style=\"font-family: ABeeZee;font-weight: normal\"><\/span><\/li>\n<\/ul>\n<p>[\/et_pb_text][\/et_pb_column][\/et_pb_row][\/et_pb_section]<\/p>\n","protected":false},"excerpt":{"rendered":"<p>KoulutuksetHankkeen aikana tuotetaan yhteens\u00e4 90 opintopisteen verran verkossa toteutettavia, aikaan ja paikkaan sitomattomia opintojaksoja. Jokainen ammattikorkeakoulu tuottaa 30 opintopisteen verran, 5-10 op laajuisia, ammattikorkeakoulutasoisia (EQF6-taso) koulutuksia. Hankkeen koulutuksista muodostuu n.30 op laajuisia temaattisia kokonaisuuksia. Ne on tarkoitettu pitk\u00e4kestoisiksi, jatkokehitett\u00e4viksi osiksi avoimen ammattikorkeakoulun opetustarjontaan. Koulutusten pilotoinnit alkoivat syksyll\u00e4 2024, jonka j\u00e4lkeen niit\u00e4 t\u00e4ydennet\u00e4\u00e4n palautteiden pohjalta. Kes\u00e4st\u00e4 [&hellip;]<\/p>\n","protected":false},"author":31,"featured_media":0,"parent":0,"menu_order":0,"comment_status":"closed","ping_status":"closed","template":"","meta":{"_et_pb_use_builder":"on","_et_pb_old_content":"","_et_gb_content_width":"","footnotes":""},"class_list":["post-52","page","type-page","status-publish","hentry"],"_links":{"self":[{"href":"https:\/\/blogi.eoppimispalvelut.fi\/saamsote\/wp-json\/wp\/v2\/pages\/52","targetHints":{"allow":["GET"]}}],"collection":[{"href":"https:\/\/blogi.eoppimispalvelut.fi\/saamsote\/wp-json\/wp\/v2\/pages"}],"about":[{"href":"https:\/\/blogi.eoppimispalvelut.fi\/saamsote\/wp-json\/wp\/v2\/types\/page"}],"author":[{"embeddable":true,"href":"https:\/\/blogi.eoppimispalvelut.fi\/saamsote\/wp-json\/wp\/v2\/users\/31"}],"replies":[{"embeddable":true,"href":"https:\/\/blogi.eoppimispalvelut.fi\/saamsote\/wp-json\/wp\/v2\/comments?post=52"}],"version-history":[{"count":19,"href":"https:\/\/blogi.eoppimispalvelut.fi\/saamsote\/wp-json\/wp\/v2\/pages\/52\/revisions"}],"predecessor-version":[{"id":636,"href":"https:\/\/blogi.eoppimispalvelut.fi\/saamsote\/wp-json\/wp\/v2\/pages\/52\/revisions\/636"}],"wp:attachment":[{"href":"https:\/\/blogi.eoppimispalvelut.fi\/saamsote\/wp-json\/wp\/v2\/media?parent=52"}],"curies":[{"name":"wp","href":"https:\/\/api.w.org\/{rel}","templated":true}]}}

<p>[et_pb_section fb_built=&#8221;1&#8243; _builder_version=&#8221;4.20.4&#8243; _module_preset=&#8221;default&#8221; global_colors_info=&#8221;{}&#8221;][et_pb_row _builder_version=&#8221;4.20.4&#8243; _module_preset=&#8221;default&#8221; global_colors_info=&#8221;{}&#8221;][et_pb_column type=&#8221;4_4&#8243; _builder_version=&#8221;4.20.4&#8243; _module_preset=&#8221;default&#8221; global_colors_info=&#8221;{}&#8221;][et_pb_text _builder_version=&#8221;4.20.4&#8243; _module_preset=&#8221;default&#8221; custom_padding=&#8221;||9px|||&#8221; inline_fonts=&#8221;ABeeZee&#8221; global_colors_info=&#8221;{}&#8221;]</p>
<h1><span style="font-family: ABeeZee;font-weight: normal">Koulutukset</span></h1>
<p>[/et_pb_text][et_pb_text _builder_version=&#8221;4.20.4&#8243; _module_preset=&#8221;default&#8221; inline_fonts=&#8221;ABeeZee&#8221; global_colors_info=&#8221;{}&#8221;]</p>
<p><span style="font-family: ABeeZee">Hankkeen aikana tuotetaan yhteensä 90 opintopisteen verran verkossa toteutettavia, aikaan ja paikkaan sitomattomia opintojaksoja. Jokainen ammattikorkeakoulu tuottaa 30 opintopisteen verran, 5-10 op laajuisia, ammattikorkeakoulutasoisia (EQF6-taso) koulutuksia. Hankkeen koulutuksista muodostuu n.30 op laajuisia temaattisia kokonaisuuksia. Ne on tarkoitettu pitkäkestoisiksi, jatkokehitettäviksi osiksi avoimen ammattikorkeakoulun opetustarjontaan.</span></p>
<p><span style="font-family: ABeeZee">Koulutusten pilotoinnit alkoivat syksyllä 2024, jonka jälkeen niitä täydennetään palautteiden pohjalta. Kesästä 2025 alkaen koulutukset tulevat auki osaksi avoimen ammattikorkeakoulun tarjontaa, opin.fi koulutusalustalle. Tästä tiedotetaan lisää lähempänä. </span></p>
<p><span style="font-family: ABeeZee">Hankkeen tulokset perustuvat saamelaisasiantuntemusta integroivan täydennyskoulutusten kehittämistyön kokemuksiin, sekä niiden sisällöistä yhteiskehittämisen mallin mukaisesti. Hanke luo myös pohjaa tulevaisuuden koulutuksen kehittämisen yhteistyölle sen eri saamelaisten sidosryhmien sekä rinnakkaishanketta toteuttavien, pohjoisen alueen yliopistojen kanssa.</span></p>
<p><span style="font-family: ABeeZee"></span></p>
<p><span style="font-family: ABeeZee">Lisätietoja koulutuksista voi kysyä hankkeen projektipäälliköltä tai ammattikorkeakoulujen koordinaattoreilta.</span></p>
<p>[/et_pb_text][et_pb_text _builder_version=&#8221;4.27.4&#8243; _module_preset=&#8221;default&#8221; custom_padding=&#8221;11px|||||&#8221; hover_enabled=&#8221;0&#8243; inline_fonts=&#8221;ABeeZee&#8221; global_colors_info=&#8221;{}&#8221; sticky_enabled=&#8221;0&#8243;]</p>
<p><span style="font-family: ABeeZee"><strong>Lapin ammattikorkeakoulu</strong></span></p>
<p><span style="font-family: ABeeZee">Projektipäällikkö Mirka Kelahaara, <span style="text-decoration: underline;color: #333399"><a href="mailto:mirka.kelahaara@lapinamk.fi," style="color: #333399;text-decoration: underline">mirka.kelahaara@lapinamk.fi</a></span> 040 619 7212</span></p>
<p><span style="font-family: ABeeZee">Opintojaksot:</span></p>
<ul>
<li><a href="https://blogi.eoppimispalvelut.fi/saamsote/saamelaiskulttuuri/"><span style="font-family: ABeeZee;font-weight: normal"><span style="text-decoration: underline;color: #333399">Saamelaiskulttuuri, kielet ja asiakas sosiaali- ja terveyspalveluissa</span></span></a></li>
<li><span style="text-decoration: underline;color: #333399"><a href="https://blogi.eoppimispalvelut.fi/saamsote/kulttuurisensitiivisyys/" style="color: #333399;text-decoration: underline"><span style="font-family: ABeeZee;font-weight: normal">Kulttuurisensitiivisyys saamelaisten sosiaali- ja terveyspalveluissa</span></a></span></li>
<li><span style="text-decoration: underline;color: #333399"><a href="https://blogi.eoppimispalvelut.fi/saamsote/kotihoito/" style="color: #333399;text-decoration: underline"><span style="font-family: ABeeZee;font-weight: normal">Saamelaisen ikääntynen kotihoito ja muistisairauden huomioiminen</span></a></span></li>
<li><span style="text-decoration: underline;color: #333399"><a href="https://blogi.eoppimispalvelut.fi/saamsote/lapsiperhetyo/" style="color: #333399;text-decoration: underline"><span style="font-family: ABeeZee;font-weight: normal">Saamelainen lapsi- ja perhetyö sosiaali- ja terveyspalveluissa</span></a></span></li>
<li><span style="text-decoration: underline;color: #333399"><a href="https://blogi.eoppimispalvelut.fi/saamsote/seksuaaliterveys-2/" style="color: #333399;text-decoration: underline"><span style="font-family: ABeeZee;font-weight: normal">Seksuaalisuuden tukeminen saamelaisyhteisöissä</span></a></span></li>
</ul>
<p><span style="font-family: ABeeZee;font-weight: normal"> </span></p>
<p><span style="font-family: ABeeZee;font-weight: normal"><strong>Oulun ammattikorkeakoulu</strong></span></p>
<p><span style="font-family: ABeeZee;font-weight: normal">Koordinaattori Tarja Tapio, <span style="color: #333399"><a href="mailto:tarja.tapio@oamk.fi" style="color: #333399"><span style="text-decoration: underline">tarja.tapio@oamk.fi</span> </a></span>050 411 5668</span></p>
<p><span style="font-family: ABeeZee;font-weight: normal">Opintojaksot:</span></p>
<ul>
<li><a href="https://blogi.eoppimispalvelut.fi/saamsote/koulutukset/mielenterveys-ja-paihdetyo/"><span style="font-family: ABeeZee;font-weight: normal"><span style="text-decoration: underline"><span style="color: #333399;text-decoration: underline">Mielenterveys- ja päihdetyö</span></span></span></a></li>
<li><span style="text-decoration: underline"><span style="color: #333399;text-decoration: underline"><a href="https://blogi.eoppimispalvelut.fi/saamsote/koulutukset/toimintaterapeuttinen-lapsiperheiden-ohjaus/" style="color: #333399;text-decoration: underline"><span style="font-family: ABeeZee;font-weight: normal">Toimintaterapeuttinen lapsiperheiden ohjaus</span></a></span></span></li>
<li><span style="text-decoration: underline"><span style="color: #333399;text-decoration: underline"><a href="https://blogi.eoppimispalvelut.fi/saamsote/sosiaalialan-tyo-ikaantyvien-saamelaisten-kanssa-kulttuurigerontologinen-lahestymistapa/" style="color: #333399;text-decoration: underline"><span style="font-family: ABeeZee;font-weight: normal">Sosiaalialan työ ikääntyvien saamelaisten kanssa, kulttuurigerontologinen lähestymistapa</span></a></span></span></li>
</ul>
<p><span style="font-family: ABeeZee;font-weight: normal"> </span></p>
<p><span style="font-family: ABeeZee;font-weight: normal"><strong>DIAK, Diakonia ammattikorkeakoulu</strong></span></p>
<p><span style="font-family: ABeeZee;font-weight: normal">Koordinaattori Niina Patronen, <span style="text-decoration: underline"><a href="mailto:niina.patronen@diak.fi"><span style="color: #333399;text-decoration: underline">niina.patronen@diak.fi</span> </a></span><u></u><a href="mailto:niina.patronen@diak.fi"></a>050 478 6797</span></p>
<p><span style="font-family: ABeeZee;font-weight: normal">Opintojaksot:</span></p>
<p><span style="font-family: ABeeZee;font-weight: normal"></span></p>
<ul>
<li><a href="https://blogi.eoppimispalvelut.fi/saamsote/palliatiivinen-hoitotyo/"><span style="font-family: ABeeZee;font-weight: normal"><span style="text-decoration: underline"><span style="color: #333399;text-decoration: underline">Palliatiivinen hoitotyö</span></span></span></a></li>
<li><span style="text-decoration: underline"><span style="color: #333399;text-decoration: underline"><a href="https://blogi.eoppimispalvelut.fi/saamsote/yhteisorakentaminen/" style="color: #333399;text-decoration: underline"><span style="font-family: ABeeZee;font-weight: normal">Yhteisörakentaminen</span></a></span></span><span style="font-family: ABeeZee;font-weight: normal"></span></li>
</ul>
<p>[/et_pb_text][/et_pb_column][/et_pb_row][/et_pb_section]</p>

<p>KoulutuksetHankkeen aikana tuotetaan yhteensä 90 opintopisteen verran verkossa toteutettavia, aikaan ja paikkaan sitomattomia opintojaksoja. Jokainen ammattikorkeakoulu tuottaa 30 opintopisteen verran, 5-10 op laajuisia, ammattikorkeakoulutasoisia (EQF6-taso) koulutuksia. Hankkeen koulutuksista muodostuu n.30 op laajuisia temaattisia kokonaisuuksia. Ne on tarkoitettu pitkäkestoisiksi, jatkokehitettäviksi osiksi avoimen ammattikorkeakoulun opetustarjontaan. Koulutusten pilotoinnit alkoivat syksyllä 2024, jonka jälkeen niitä täydennetään palautteiden pohjalta. Kesästä [&hellip;]</p>
